BEGIN TRANSACTION;
DROP TABLE IF EXISTS `source`;
CREATE TABLE IF NOT EXISTS `source` (
	`id`	INTEGER,
	`title`	TEXT,
	`type`	TEXT
);
INSERT INTO `source` VALUES (1,'International Conference on Automotive User Interfaces and Interactive Vehicular Applications','Conference');
INSERT INTO `source` VALUES (2,'Mensch und Computer - Workshop Automotive HMI','Workshop');
INSERT INTO `source` VALUES (3,'Conference on Human Factors in Computing Systems','Conference');
INSERT INTO `source` VALUES (4,'IEEE Transactions on Intelligent Transportation Systems','Journal');
INSERT INTO `source` VALUES (5,'IEEE Transactions on Human-Machine Systems','Journal');
INSERT INTO `source` VALUES (6,'International Journal of Human-Computer Studies','Journal');
INSERT INTO `source` VALUES (7,'International Journal of Human-Computer Interaction','Journal');
INSERT INTO `source` VALUES (8,'Applied Ergonomics','Journal');
INSERT INTO `source` VALUES (9,'IET Intelligent Transport Systems','Journal');
INSERT INTO `source` VALUES (10,'ACM Transactions on Computer-Human Interaction','Journal');
INSERT INTO `source` VALUES (11,'Interaction Studies','Journal');
INSERT INTO `source` VALUES (12,'Advances in Human-Computer Interaction','Journal');
INSERT INTO `source` VALUES (13,'Human-Computer Interaction','Journal');
INSERT INTO `source` VALUES (14,'Journal of Usability Studies','Journal');
INSERT INTO `source` VALUES (15,'Usability Evaluation for In-Vehicle Systems','Monography');
INSERT INTO `source` VALUES (16,'Handbook of Driver Assistance Systems','Monography');
INSERT INTO `source` VALUES (17,'Automotive User Interfaces','Monography');
DROP TABLE IF EXISTS `paper_source`;
CREATE TABLE IF NOT EXISTS `paper_source` (
	`paper_id`	INTEGER,
	`source_id`	INTEGER,
	`year`	INTEGER
);
INSERT INTO `paper_source` VALUES (1,1,2017);
INSERT INTO `paper_source` VALUES (2,1,2017);
INSERT INTO `paper_source` VALUES (3,1,2017);
INSERT INTO `paper_source` VALUES (4,1,2017);
INSERT INTO `paper_source` VALUES (5,1,2017);
INSERT INTO `paper_source` VALUES (6,1,2017);
INSERT INTO `paper_source` VALUES (7,1,2017);
INSERT INTO `paper_source` VALUES (8,1,2017);
INSERT INTO `paper_source` VALUES (9,1,2017);
INSERT INTO `paper_source` VALUES (10,1,2017);
INSERT INTO `paper_source` VALUES (11,1,2017);
INSERT INTO `paper_source` VALUES (12,1,2017);
INSERT INTO `paper_source` VALUES (13,1,2017);
INSERT INTO `paper_source` VALUES (14,1,2017);
INSERT INTO `paper_source` VALUES (15,1,2017);
INSERT INTO `paper_source` VALUES (16,1,2017);
INSERT INTO `paper_source` VALUES (17,1,2017);
INSERT INTO `paper_source` VALUES (18,1,2017);
INSERT INTO `paper_source` VALUES (19,1,2017);
INSERT INTO `paper_source` VALUES (20,1,2017);
INSERT INTO `paper_source` VALUES (21,1,2017);
INSERT INTO `paper_source` VALUES (22,1,2017);
INSERT INTO `paper_source` VALUES (23,1,2017);
INSERT INTO `paper_source` VALUES (24,1,2017);
INSERT INTO `paper_source` VALUES (25,1,2016);
INSERT INTO `paper_source` VALUES (26,1,2016);
INSERT INTO `paper_source` VALUES (27,1,2016);
INSERT INTO `paper_source` VALUES (28,1,2016);
INSERT INTO `paper_source` VALUES (29,1,2016);
INSERT INTO `paper_source` VALUES (30,1,2016);
INSERT INTO `paper_source` VALUES (31,1,2016);
INSERT INTO `paper_source` VALUES (32,1,2016);
INSERT INTO `paper_source` VALUES (33,1,2016);
INSERT INTO `paper_source` VALUES (34,1,2016);
INSERT INTO `paper_source` VALUES (35,1,2016);
INSERT INTO `paper_source` VALUES (36,1,2016);
INSERT INTO `paper_source` VALUES (37,1,2016);
INSERT INTO `paper_source` VALUES (38,1,2016);
INSERT INTO `paper_source` VALUES (39,1,2016);
INSERT INTO `paper_source` VALUES (40,1,2016);
INSERT INTO `paper_source` VALUES (41,1,2016);
INSERT INTO `paper_source` VALUES (42,1,2016);
INSERT INTO `paper_source` VALUES (43,1,2016);
INSERT INTO `paper_source` VALUES (44,1,2016);
INSERT INTO `paper_source` VALUES (45,1,2016);
INSERT INTO `paper_source` VALUES (46,1,2016);
INSERT INTO `paper_source` VALUES (47,1,2016);
INSERT INTO `paper_source` VALUES (48,1,2016);
INSERT INTO `paper_source` VALUES (49,1,2016);
INSERT INTO `paper_source` VALUES (50,1,2016);
INSERT INTO `paper_source` VALUES (51,1,2016);
INSERT INTO `paper_source` VALUES (52,1,2016);
INSERT INTO `paper_source` VALUES (53,1,2016);
INSERT INTO `paper_source` VALUES (54,1,2016);
INSERT INTO `paper_source` VALUES (55,1,2016);
INSERT INTO `paper_source` VALUES (56,1,2016);
INSERT INTO `paper_source` VALUES (57,1,2015);
INSERT INTO `paper_source` VALUES (58,1,2015);
INSERT INTO `paper_source` VALUES (59,1,2015);
INSERT INTO `paper_source` VALUES (60,1,2015);
INSERT INTO `paper_source` VALUES (61,1,2015);
INSERT INTO `paper_source` VALUES (62,1,2015);
INSERT INTO `paper_source` VALUES (63,1,2015);
INSERT INTO `paper_source` VALUES (64,1,2015);
INSERT INTO `paper_source` VALUES (65,1,2015);
INSERT INTO `paper_source` VALUES (66,1,2015);
INSERT INTO `paper_source` VALUES (67,1,2015);
INSERT INTO `paper_source` VALUES (68,1,2015);
INSERT INTO `paper_source` VALUES (69,1,2015);
INSERT INTO `paper_source` VALUES (70,1,2015);
INSERT INTO `paper_source` VALUES (71,1,2015);
INSERT INTO `paper_source` VALUES (72,1,2015);
INSERT INTO `paper_source` VALUES (73,1,2015);
INSERT INTO `paper_source` VALUES (74,1,2015);
INSERT INTO `paper_source` VALUES (75,1,2015);
INSERT INTO `paper_source` VALUES (76,1,2015);
INSERT INTO `paper_source` VALUES (77,1,2015);
INSERT INTO `paper_source` VALUES (78,1,2015);
INSERT INTO `paper_source` VALUES (79,1,2015);
INSERT INTO `paper_source` VALUES (80,1,2015);
INSERT INTO `paper_source` VALUES (81,1,2015);
INSERT INTO `paper_source` VALUES (82,1,2015);
INSERT INTO `paper_source` VALUES (83,1,2015);
INSERT INTO `paper_source` VALUES (84,1,2015);
INSERT INTO `paper_source` VALUES (85,1,2015);
INSERT INTO `paper_source` VALUES (86,1,2015);
INSERT INTO `paper_source` VALUES (87,1,2015);
INSERT INTO `paper_source` VALUES (88,1,2015);
INSERT INTO `paper_source` VALUES (89,1,2015);
INSERT INTO `paper_source` VALUES (90,1,2015);
INSERT INTO `paper_source` VALUES (91,1,2015);
INSERT INTO `paper_source` VALUES (92,1,2015);
INSERT INTO `paper_source` VALUES (93,1,2015);
INSERT INTO `paper_source` VALUES (94,2,2017);
INSERT INTO `paper_source` VALUES (95,2,2017);
INSERT INTO `paper_source` VALUES (96,2,2016);
INSERT INTO `paper_source` VALUES (97,2,2016);
INSERT INTO `paper_source` VALUES (98,2,2016);
INSERT INTO `paper_source` VALUES (99,2,2016);
INSERT INTO `paper_source` VALUES (100,2,2016);
INSERT INTO `paper_source` VALUES (101,2,2016);
INSERT INTO `paper_source` VALUES (102,2,2016);
INSERT INTO `paper_source` VALUES (103,2,2015);
INSERT INTO `paper_source` VALUES (104,2,2015);
INSERT INTO `paper_source` VALUES (105,2,2015);
INSERT INTO `paper_source` VALUES (106,3,2017);
INSERT INTO `paper_source` VALUES (107,3,2017);
INSERT INTO `paper_source` VALUES (108,3,2017);
INSERT INTO `paper_source` VALUES (109,3,2017);
INSERT INTO `paper_source` VALUES (110,3,2017);
INSERT INTO `paper_source` VALUES (111,3,2017);
INSERT INTO `paper_source` VALUES (112,3,2017);
INSERT INTO `paper_source` VALUES (113,3,2017);
INSERT INTO `paper_source` VALUES (114,3,2016);
INSERT INTO `paper_source` VALUES (115,3,2016);
INSERT INTO `paper_source` VALUES (116,3,2015);
INSERT INTO `paper_source` VALUES (117,3,2015);
INSERT INTO `paper_source` VALUES (118,3,2015);
INSERT INTO `paper_source` VALUES (119,4,2017);
INSERT INTO `paper_source` VALUES (120,4,2017);
INSERT INTO `paper_source` VALUES (121,4,2017);
INSERT INTO `paper_source` VALUES (122,4,2017);
INSERT INTO `paper_source` VALUES (123,4,2017);
INSERT INTO `paper_source` VALUES (124,4,2017);
INSERT INTO `paper_source` VALUES (125,4,2017);
INSERT INTO `paper_source` VALUES (126,4,2017);
INSERT INTO `paper_source` VALUES (127,4,2016);
INSERT INTO `paper_source` VALUES (128,4,2016);
INSERT INTO `paper_source` VALUES (129,6,2016);
INSERT INTO `paper_source` VALUES (130,6,2015);
INSERT INTO `paper_source` VALUES (131,7,2016);
INSERT INTO `paper_source` VALUES (132,7,2016);
INSERT INTO `paper_source` VALUES (133,7,2016);
INSERT INTO `paper_source` VALUES (134,7,2016);
INSERT INTO `paper_source` VALUES (135,7,2015);
INSERT INTO `paper_source` VALUES (136,7,2015);
INSERT INTO `paper_source` VALUES (137,7,2015);
INSERT INTO `paper_source` VALUES (138,7,2015);
INSERT INTO `paper_source` VALUES (139,7,2015);
INSERT INTO `paper_source` VALUES (140,7,2015);
INSERT INTO `paper_source` VALUES (141,7,2015);
INSERT INTO `paper_source` VALUES (142,7,2015);
INSERT INTO `paper_source` VALUES (143,14,2016);
INSERT INTO `paper_source` VALUES (144,5,2016);
INSERT INTO `paper_source` VALUES (145,5,2016);
INSERT INTO `paper_source` VALUES (146,5,2017);
INSERT INTO `paper_source` VALUES (147,5,2017);
INSERT INTO `paper_source` VALUES (148,5,2017);
INSERT INTO `paper_source` VALUES (149,5,2017);
INSERT INTO `paper_source` VALUES (150,5,2017);
INSERT INTO `paper_source` VALUES (151,8,2015);
INSERT INTO `paper_source` VALUES (152,8,2015);
INSERT INTO `paper_source` VALUES (153,8,2015);
INSERT INTO `paper_source` VALUES (154,8,2015);
INSERT INTO `paper_source` VALUES (155,8,2015);
INSERT INTO `paper_source` VALUES (156,8,2015);
INSERT INTO `paper_source` VALUES (157,8,2015);
INSERT INTO `paper_source` VALUES (158,8,2015);
INSERT INTO `paper_source` VALUES (159,8,2015);
INSERT INTO `paper_source` VALUES (160,8,2016);
INSERT INTO `paper_source` VALUES (161,8,2016);
INSERT INTO `paper_source` VALUES (162,8,2016);
INSERT INTO `paper_source` VALUES (163,8,2016);
INSERT INTO `paper_source` VALUES (164,8,2016);
INSERT INTO `paper_source` VALUES (165,8,2016);
INSERT INTO `paper_source` VALUES (166,8,2017);
INSERT INTO `paper_source` VALUES (167,8,2017);
INSERT INTO `paper_source` VALUES (168,8,2017);
INSERT INTO `paper_source` VALUES (169,8,2017);
INSERT INTO `paper_source` VALUES (170,8,2017);
INSERT INTO `paper_source` VALUES (171,8,2017);
INSERT INTO `paper_source` VALUES (172,8,2017);
INSERT INTO `paper_source` VALUES (173,8,2017);
INSERT INTO `paper_source` VALUES (174,8,2017);
INSERT INTO `paper_source` VALUES (175,8,2017);
INSERT INTO `paper_source` VALUES (176,8,2017);
INSERT INTO `paper_source` VALUES (177,8,2017);
INSERT INTO `paper_source` VALUES (178,8,2017);
INSERT INTO `paper_source` VALUES (179,8,2017);
INSERT INTO `paper_source` VALUES (180,8,2017);
INSERT INTO `paper_source` VALUES (181,8,2017);
INSERT INTO `paper_source` VALUES (182,8,2017);
INSERT INTO `paper_source` VALUES (183,8,2017);
INSERT INTO `paper_source` VALUES (184,8,2017);
INSERT INTO `paper_source` VALUES (185,8,2017);
INSERT INTO `paper_source` VALUES (186,8,2017);
INSERT INTO `paper_source` VALUES (187,8,2017);
INSERT INTO `paper_source` VALUES (188,8,2017);
INSERT INTO `paper_source` VALUES (189,8,2017);
INSERT INTO `paper_source` VALUES (190,9,2015);
INSERT INTO `paper_source` VALUES (191,9,2015);
INSERT INTO `paper_source` VALUES (192,9,2015);
INSERT INTO `paper_source` VALUES (193,9,2015);
INSERT INTO `paper_source` VALUES (194,9,2015);
INSERT INTO `paper_source` VALUES (195,9,2015);
INSERT INTO `paper_source` VALUES (196,9,2015);
INSERT INTO `paper_source` VALUES (197,9,2015);
INSERT INTO `paper_source` VALUES (198,9,2015);
INSERT INTO `paper_source` VALUES (199,9,2015);
INSERT INTO `paper_source` VALUES (200,9,2015);
INSERT INTO `paper_source` VALUES (201,9,2015);
INSERT INTO `paper_source` VALUES (202,9,2015);
INSERT INTO `paper_source` VALUES (203,9,2015);
INSERT INTO `paper_source` VALUES (204,9,2015);
INSERT INTO `paper_source` VALUES (205,9,2015);
INSERT INTO `paper_source` VALUES (206,9,2015);
INSERT INTO `paper_source` VALUES (207,9,2015);
INSERT INTO `paper_source` VALUES (208,9,2016);
INSERT INTO `paper_source` VALUES (209,9,2017);
INSERT INTO `paper_source` VALUES (210,9,2017);
INSERT INTO `paper_source` VALUES (211,9,2017);
INSERT INTO `paper_source` VALUES (212,15,2013);
INSERT INTO `paper_source` VALUES (213,15,2013);
INSERT INTO `paper_source` VALUES (214,15,2013);
INSERT INTO `paper_source` VALUES (215,15,2013);
INSERT INTO `paper_source` VALUES (216,16,2016);
INSERT INTO `paper_source` VALUES (217,16,2016);
INSERT INTO `paper_source` VALUES (218,16,2016);
INSERT INTO `paper_source` VALUES (219,16,2016);
INSERT INTO `paper_source` VALUES (220,17,2017);
INSERT INTO `paper_source` VALUES (221,17,2017);
INSERT INTO `paper_source` VALUES (222,17,2017);
INSERT INTO `paper_source` VALUES (223,17,2017);
DROP TABLE IF EXISTS `paper_method`;
CREATE TABLE IF NOT EXISTS `paper_method` (
	`paper_id`	INTEGER,
	`method_id`	INTEGER
);
INSERT INTO `paper_method` VALUES (1,2);
INSERT INTO `paper_method` VALUES (1,4);
INSERT INTO `paper_method` VALUES (2,2);
INSERT INTO `paper_method` VALUES (3,2);
INSERT INTO `paper_method` VALUES (3,4);
INSERT INTO `paper_method` VALUES (4,2);
INSERT INTO `paper_method` VALUES (4,4);
INSERT INTO `paper_method` VALUES (5,1);
INSERT INTO `paper_method` VALUES (5,2);
INSERT INTO `paper_method` VALUES (6,4);
INSERT INTO `paper_method` VALUES (7,1);
INSERT INTO `paper_method` VALUES (7,2);
INSERT INTO `paper_method` VALUES (7,4);
INSERT INTO `paper_method` VALUES (8,2);
INSERT INTO `paper_method` VALUES (8,4);
INSERT INTO `paper_method` VALUES (9,1);
INSERT INTO `paper_method` VALUES (9,2);
INSERT INTO `paper_method` VALUES (10,1);
INSERT INTO `paper_method` VALUES (10,2);
INSERT INTO `paper_method` VALUES (11,1);
INSERT INTO `paper_method` VALUES (12,1);
INSERT INTO `paper_method` VALUES (13,4);
INSERT INTO `paper_method` VALUES (14,2);
INSERT INTO `paper_method` VALUES (15,5);
INSERT INTO `paper_method` VALUES (15,8);
INSERT INTO `paper_method` VALUES (16,4);
INSERT INTO `paper_method` VALUES (17,4);
INSERT INTO `paper_method` VALUES (18,2);
INSERT INTO `paper_method` VALUES (18,4);
INSERT INTO `paper_method` VALUES (19,5);
INSERT INTO `paper_method` VALUES (20,1);
INSERT INTO `paper_method` VALUES (20,2);
INSERT INTO `paper_method` VALUES (20,4);
INSERT INTO `paper_method` VALUES (21,1);
INSERT INTO `paper_method` VALUES (21,2);
INSERT INTO `paper_method` VALUES (22,1);
INSERT INTO `paper_method` VALUES (22,2);
INSERT INTO `paper_method` VALUES (23,1);
INSERT INTO `paper_method` VALUES (23,5);
INSERT INTO `paper_method` VALUES (24,1);
INSERT INTO `paper_method` VALUES (24,4);
INSERT INTO `paper_method` VALUES (25,4);
INSERT INTO `paper_method` VALUES (26,1);
INSERT INTO `paper_method` VALUES (26,4);
INSERT INTO `paper_method` VALUES (27,10);
INSERT INTO `paper_method` VALUES (28,1);
INSERT INTO `paper_method` VALUES (28,2);
INSERT INTO `paper_method` VALUES (29,2);
INSERT INTO `paper_method` VALUES (30,1);
INSERT INTO `paper_method` VALUES (30,5);
INSERT INTO `paper_method` VALUES (31,4);
INSERT INTO `paper_method` VALUES (32,2);
INSERT INTO `paper_method` VALUES (32,4);
INSERT INTO `paper_method` VALUES (33,7);
INSERT INTO `paper_method` VALUES (34,1);
INSERT INTO `paper_method` VALUES (34,2);
INSERT INTO `paper_method` VALUES (34,4);
INSERT INTO `paper_method` VALUES (35,2);
INSERT INTO `paper_method` VALUES (36,1);
INSERT INTO `paper_method` VALUES (37,2);
INSERT INTO `paper_method` VALUES (37,4);
INSERT INTO `paper_method` VALUES (38,2);
INSERT INTO `paper_method` VALUES (39,2);
INSERT INTO `paper_method` VALUES (40,1);
INSERT INTO `paper_method` VALUES (40,4);
INSERT INTO `paper_method` VALUES (41,2);
INSERT INTO `paper_method` VALUES (42,2);
INSERT INTO `paper_method` VALUES (43,1);
INSERT INTO `paper_method` VALUES (43,2);
INSERT INTO `paper_method` VALUES (43,4);
INSERT INTO `paper_method` VALUES (44,1);
INSERT INTO `paper_method` VALUES (44,4);
INSERT INTO `paper_method` VALUES (45,1);
INSERT INTO `paper_method` VALUES (45,2);
INSERT INTO `paper_method` VALUES (45,4);
INSERT INTO `paper_method` VALUES (46,1);
INSERT INTO `paper_method` VALUES (46,2);
INSERT INTO `paper_method` VALUES (46,4);
INSERT INTO `paper_method` VALUES (47,1);
INSERT INTO `paper_method` VALUES (47,5);
INSERT INTO `paper_method` VALUES (48,1);
INSERT INTO `paper_method` VALUES (49,4);
INSERT INTO `paper_method` VALUES (50,2);
INSERT INTO `paper_method` VALUES (51,2);
INSERT INTO `paper_method` VALUES (51,4);
INSERT INTO `paper_method` VALUES (51,5);
INSERT INTO `paper_method` VALUES (52,4);
INSERT INTO `paper_method` VALUES (52,5);
INSERT INTO `paper_method` VALUES (53,11);
INSERT INTO `paper_method` VALUES (54,1);
INSERT INTO `paper_method` VALUES (55,4);
INSERT INTO `paper_method` VALUES (55,5);
INSERT INTO `paper_method` VALUES (55,6);
INSERT INTO `paper_method` VALUES (56,1);
INSERT INTO `paper_method` VALUES (56,2);
INSERT INTO `paper_method` VALUES (56,4);
INSERT INTO `paper_method` VALUES (57,2);
INSERT INTO `paper_method` VALUES (57,4);
INSERT INTO `paper_method` VALUES (58,2);
INSERT INTO `paper_method` VALUES (58,4);
INSERT INTO `paper_method` VALUES (59,4);
INSERT INTO `paper_method` VALUES (60,1);
INSERT INTO `paper_method` VALUES (60,2);
INSERT INTO `paper_method` VALUES (60,4);
INSERT INTO `paper_method` VALUES (61,5);
INSERT INTO `paper_method` VALUES (62,1);
INSERT INTO `paper_method` VALUES (62,2);
INSERT INTO `paper_method` VALUES (63,2);
INSERT INTO `paper_method` VALUES (64,1);
INSERT INTO `paper_method` VALUES (64,2);
INSERT INTO `paper_method` VALUES (65,1);
INSERT INTO `paper_method` VALUES (65,2);
INSERT INTO `paper_method` VALUES (66,2);
INSERT INTO `paper_method` VALUES (67,1);
INSERT INTO `paper_method` VALUES (67,2);
INSERT INTO `paper_method` VALUES (67,4);
INSERT INTO `paper_method` VALUES (68,2);
INSERT INTO `paper_method` VALUES (68,4);
INSERT INTO `paper_method` VALUES (69,1);
INSERT INTO `paper_method` VALUES (70,2);
INSERT INTO `paper_method` VALUES (71,2);
INSERT INTO `paper_method` VALUES (72,2);
INSERT INTO `paper_method` VALUES (72,4);
INSERT INTO `paper_method` VALUES (73,5);
INSERT INTO `paper_method` VALUES (74,2);
INSERT INTO `paper_method` VALUES (75,1);
INSERT INTO `paper_method` VALUES (75,2);
INSERT INTO `paper_method` VALUES (76,1);
INSERT INTO `paper_method` VALUES (76,2);
INSERT INTO `paper_method` VALUES (76,4);
INSERT INTO `paper_method` VALUES (77,1);
INSERT INTO `paper_method` VALUES (77,2);
INSERT INTO `paper_method` VALUES (77,4);
INSERT INTO `paper_method` VALUES (78,1);
INSERT INTO `paper_method` VALUES (78,4);
INSERT INTO `paper_method` VALUES (79,2);
INSERT INTO `paper_method` VALUES (79,4);
INSERT INTO `paper_method` VALUES (79,5);
INSERT INTO `paper_method` VALUES (80,2);
INSERT INTO `paper_method` VALUES (80,4);
INSERT INTO `paper_method` VALUES (80,5);
INSERT INTO `paper_method` VALUES (81,2);
INSERT INTO `paper_method` VALUES (82,2);
INSERT INTO `paper_method` VALUES (83,1);
INSERT INTO `paper_method` VALUES (83,5);
INSERT INTO `paper_method` VALUES (84,1);
INSERT INTO `paper_method` VALUES (84,4);
INSERT INTO `paper_method` VALUES (85,4);
INSERT INTO `paper_method` VALUES (86,4);
INSERT INTO `paper_method` VALUES (87,1);
INSERT INTO `paper_method` VALUES (87,5);
INSERT INTO `paper_method` VALUES (87,8);
INSERT INTO `paper_method` VALUES (88,1);
INSERT INTO `paper_method` VALUES (88,2);
INSERT INTO `paper_method` VALUES (89,1);
INSERT INTO `paper_method` VALUES (89,4);
INSERT INTO `paper_method` VALUES (90,1);
INSERT INTO `paper_method` VALUES (90,5);
INSERT INTO `paper_method` VALUES (91,1);
INSERT INTO `paper_method` VALUES (92,2);
INSERT INTO `paper_method` VALUES (92,5);
INSERT INTO `paper_method` VALUES (93,2);
INSERT INTO `paper_method` VALUES (94,1);
INSERT INTO `paper_method` VALUES (94,11);
INSERT INTO `paper_method` VALUES (95,1);
INSERT INTO `paper_method` VALUES (96,2);
INSERT INTO `paper_method` VALUES (96,4);
INSERT INTO `paper_method` VALUES (96,6);
INSERT INTO `paper_method` VALUES (97,1);
INSERT INTO `paper_method` VALUES (97,6);
INSERT INTO `paper_method` VALUES (98,5);
INSERT INTO `paper_method` VALUES (98,6);
INSERT INTO `paper_method` VALUES (99,2);
INSERT INTO `paper_method` VALUES (99,4);
INSERT INTO `paper_method` VALUES (100,1);
INSERT INTO `paper_method` VALUES (100,4);
INSERT INTO `paper_method` VALUES (100,5);
INSERT INTO `paper_method` VALUES (101,1);
INSERT INTO `paper_method` VALUES (102,1);
INSERT INTO `paper_method` VALUES (102,5);
INSERT INTO `paper_method` VALUES (103,4);
INSERT INTO `paper_method` VALUES (104,5);
INSERT INTO `paper_method` VALUES (105,1);
INSERT INTO `paper_method` VALUES (105,2);
INSERT INTO `paper_method` VALUES (106,1);
INSERT INTO `paper_method` VALUES (107,1);
INSERT INTO `paper_method` VALUES (108,5);
INSERT INTO `paper_method` VALUES (109,1);
INSERT INTO `paper_method` VALUES (110,1);
INSERT INTO `paper_method` VALUES (110,2);
INSERT INTO `paper_method` VALUES (111,5);
INSERT INTO `paper_method` VALUES (111,6);
INSERT INTO `paper_method` VALUES (112,2);
INSERT INTO `paper_method` VALUES (113,1);
INSERT INTO `paper_method` VALUES (113,2);
INSERT INTO `paper_method` VALUES (114,5);
INSERT INTO `paper_method` VALUES (115,1);
INSERT INTO `paper_method` VALUES (115,2);
INSERT INTO `paper_method` VALUES (116,1);
INSERT INTO `paper_method` VALUES (117,2);
INSERT INTO `paper_method` VALUES (117,5);
INSERT INTO `paper_method` VALUES (118,2);
INSERT INTO `paper_method` VALUES (119,1);
INSERT INTO `paper_method` VALUES (120,1);
INSERT INTO `paper_method` VALUES (121,1);
INSERT INTO `paper_method` VALUES (122,1);
INSERT INTO `paper_method` VALUES (123,1);
INSERT INTO `paper_method` VALUES (123,2);
INSERT INTO `paper_method` VALUES (124,1);
INSERT INTO `paper_method` VALUES (124,2);
INSERT INTO `paper_method` VALUES (125,1);
INSERT INTO `paper_method` VALUES (126,1);
INSERT INTO `paper_method` VALUES (127,1);
INSERT INTO `paper_method` VALUES (127,2);
INSERT INTO `paper_method` VALUES (128,1);
INSERT INTO `paper_method` VALUES (128,2);
INSERT INTO `paper_method` VALUES (129,1);
INSERT INTO `paper_method` VALUES (129,4);
INSERT INTO `paper_method` VALUES (130,2);
INSERT INTO `paper_method` VALUES (130,4);
INSERT INTO `paper_method` VALUES (131,1);
INSERT INTO `paper_method` VALUES (131,2);
INSERT INTO `paper_method` VALUES (131,4);
INSERT INTO `paper_method` VALUES (132,2);
INSERT INTO `paper_method` VALUES (132,4);
INSERT INTO `paper_method` VALUES (133,1);
INSERT INTO `paper_method` VALUES (133,2);
INSERT INTO `paper_method` VALUES (134,1);
INSERT INTO `paper_method` VALUES (134,4);
INSERT INTO `paper_method` VALUES (135,2);
INSERT INTO `paper_method` VALUES (135,4);
INSERT INTO `paper_method` VALUES (136,2);
INSERT INTO `paper_method` VALUES (136,4);
INSERT INTO `paper_method` VALUES (136,5);
INSERT INTO `paper_method` VALUES (137,1);
INSERT INTO `paper_method` VALUES (137,2);
INSERT INTO `paper_method` VALUES (138,1);
INSERT INTO `paper_method` VALUES (138,2);
INSERT INTO `paper_method` VALUES (139,4);
INSERT INTO `paper_method` VALUES (140,1);
INSERT INTO `paper_method` VALUES (141,1);
INSERT INTO `paper_method` VALUES (141,2);
INSERT INTO `paper_method` VALUES (142,2);
INSERT INTO `paper_method` VALUES (142,4);
INSERT INTO `paper_method` VALUES (143,1);
INSERT INTO `paper_method` VALUES (143,4);
INSERT INTO `paper_method` VALUES (144,1);
INSERT INTO `paper_method` VALUES (144,2);
INSERT INTO `paper_method` VALUES (144,4);
INSERT INTO `paper_method` VALUES (145,2);
INSERT INTO `paper_method` VALUES (146,2);
INSERT INTO `paper_method` VALUES (146,4);
INSERT INTO `paper_method` VALUES (147,2);
INSERT INTO `paper_method` VALUES (148,2);
INSERT INTO `paper_method` VALUES (148,4);
INSERT INTO `paper_method` VALUES (149,2);
INSERT INTO `paper_method` VALUES (150,1);
INSERT INTO `paper_method` VALUES (150,2);
INSERT INTO `paper_method` VALUES (150,4);
INSERT INTO `paper_method` VALUES (151,2);
INSERT INTO `paper_method` VALUES (151,4);
INSERT INTO `paper_method` VALUES (152,2);
INSERT INTO `paper_method` VALUES (152,4);
INSERT INTO `paper_method` VALUES (152,5);
INSERT INTO `paper_method` VALUES (153,1);
INSERT INTO `paper_method` VALUES (153,2);
INSERT INTO `paper_method` VALUES (154,2);
INSERT INTO `paper_method` VALUES (154,4);
INSERT INTO `paper_method` VALUES (155,1);
INSERT INTO `paper_method` VALUES (155,2);
INSERT INTO `paper_method` VALUES (156,1);
INSERT INTO `paper_method` VALUES (157,2);
INSERT INTO `paper_method` VALUES (157,4);
INSERT INTO `paper_method` VALUES (158,1);
INSERT INTO `paper_method` VALUES (159,1);
INSERT INTO `paper_method` VALUES (159,2);
INSERT INTO `paper_method` VALUES (159,4);
INSERT INTO `paper_method` VALUES (160,1);
INSERT INTO `paper_method` VALUES (160,2);
INSERT INTO `paper_method` VALUES (161,4);
INSERT INTO `paper_method` VALUES (162,4);
INSERT INTO `paper_method` VALUES (162,5);
INSERT INTO `paper_method` VALUES (163,1);
INSERT INTO `paper_method` VALUES (163,4);
INSERT INTO `paper_method` VALUES (163,5);
INSERT INTO `paper_method` VALUES (164,1);
INSERT INTO `paper_method` VALUES (164,2);
INSERT INTO `paper_method` VALUES (164,4);
INSERT INTO `paper_method` VALUES (165,4);
INSERT INTO `paper_method` VALUES (165,5);
INSERT INTO `paper_method` VALUES (166,1);
INSERT INTO `paper_method` VALUES (166,2);
INSERT INTO `paper_method` VALUES (166,4);
INSERT INTO `paper_method` VALUES (167,2);
INSERT INTO `paper_method` VALUES (167,4);
INSERT INTO `paper_method` VALUES (168,1);
INSERT INTO `paper_method` VALUES (168,2);
INSERT INTO `paper_method` VALUES (169,1);
INSERT INTO `paper_method` VALUES (170,1);
INSERT INTO `paper_method` VALUES (170,11);
INSERT INTO `paper_method` VALUES (171,1);
INSERT INTO `paper_method` VALUES (171,2);
INSERT INTO `paper_method` VALUES (172,1);
INSERT INTO `paper_method` VALUES (172,4);
INSERT INTO `paper_method` VALUES (173,1);
INSERT INTO `paper_method` VALUES (173,2);
INSERT INTO `paper_method` VALUES (173,4);
INSERT INTO `paper_method` VALUES (174,1);
INSERT INTO `paper_method` VALUES (174,2);
INSERT INTO `paper_method` VALUES (174,4);
INSERT INTO `paper_method` VALUES (175,1);
INSERT INTO `paper_method` VALUES (176,2);
INSERT INTO `paper_method` VALUES (176,5);
INSERT INTO `paper_method` VALUES (177,2);
INSERT INTO `paper_method` VALUES (177,4);
INSERT INTO `paper_method` VALUES (178,1);
INSERT INTO `paper_method` VALUES (178,2);
INSERT INTO `paper_method` VALUES (178,4);
INSERT INTO `paper_method` VALUES (179,1);
INSERT INTO `paper_method` VALUES (179,4);
INSERT INTO `paper_method` VALUES (180,1);
INSERT INTO `paper_method` VALUES (180,4);
INSERT INTO `paper_method` VALUES (181,2);
INSERT INTO `paper_method` VALUES (182,1);
INSERT INTO `paper_method` VALUES (183,4);
INSERT INTO `paper_method` VALUES (184,1);
INSERT INTO `paper_method` VALUES (184,4);
INSERT INTO `paper_method` VALUES (185,1);
INSERT INTO `paper_method` VALUES (185,2);
INSERT INTO `paper_method` VALUES (186,4);
INSERT INTO `paper_method` VALUES (187,2);
INSERT INTO `paper_method` VALUES (188,5);
INSERT INTO `paper_method` VALUES (188,6);
INSERT INTO `paper_method` VALUES (189,1);
INSERT INTO `paper_method` VALUES (189,2);
INSERT INTO `paper_method` VALUES (189,4);
INSERT INTO `paper_method` VALUES (190,1);
INSERT INTO `paper_method` VALUES (190,2);
INSERT INTO `paper_method` VALUES (191,4);
INSERT INTO `paper_method` VALUES (192,2);
INSERT INTO `paper_method` VALUES (193,1);
INSERT INTO `paper_method` VALUES (193,2);
INSERT INTO `paper_method` VALUES (194,4);
INSERT INTO `paper_method` VALUES (195,1);
INSERT INTO `paper_method` VALUES (195,2);
INSERT INTO `paper_method` VALUES (196,2);
INSERT INTO `paper_method` VALUES (196,4);
INSERT INTO `paper_method` VALUES (197,5);
INSERT INTO `paper_method` VALUES (198,2);
INSERT INTO `paper_method` VALUES (198,4);
INSERT INTO `paper_method` VALUES (199,4);
INSERT INTO `paper_method` VALUES (200,5);
INSERT INTO `paper_method` VALUES (200,7);
INSERT INTO `paper_method` VALUES (200,8);
INSERT INTO `paper_method` VALUES (201,2);
INSERT INTO `paper_method` VALUES (201,4);
INSERT INTO `paper_method` VALUES (202,4);
INSERT INTO `paper_method` VALUES (203,4);
INSERT INTO `paper_method` VALUES (203,5);
INSERT INTO `paper_method` VALUES (204,4);
INSERT INTO `paper_method` VALUES (205,2);
INSERT INTO `paper_method` VALUES (206,4);
INSERT INTO `paper_method` VALUES (207,2);
INSERT INTO `paper_method` VALUES (207,4);
INSERT INTO `paper_method` VALUES (208,1);
INSERT INTO `paper_method` VALUES (208,2);
INSERT INTO `paper_method` VALUES (209,1);
INSERT INTO `paper_method` VALUES (209,2);
INSERT INTO `paper_method` VALUES (209,4);
INSERT INTO `paper_method` VALUES (210,1);
INSERT INTO `paper_method` VALUES (211,1);
INSERT INTO `paper_method` VALUES (212,11);
INSERT INTO `paper_method` VALUES (213,2);
INSERT INTO `paper_method` VALUES (213,4);
INSERT INTO `paper_method` VALUES (214,2);
INSERT INTO `paper_method` VALUES (215,1);
INSERT INTO `paper_method` VALUES (216,2);
INSERT INTO `paper_method` VALUES (217,4);
INSERT INTO `paper_method` VALUES (218,1);
INSERT INTO `paper_method` VALUES (219,1);
INSERT INTO `paper_method` VALUES (219,4);
INSERT INTO `paper_method` VALUES (220,2);
INSERT INTO `paper_method` VALUES (220,4);
INSERT INTO `paper_method` VALUES (220,5);
INSERT INTO `paper_method` VALUES (221,1);
INSERT INTO `paper_method` VALUES (222,2);
INSERT INTO `paper_method` VALUES (222,5);
INSERT INTO `paper_method` VALUES (223,1);
INSERT INTO `paper_method` VALUES (223,4);
INSERT INTO `paper_method` VALUES (223,5);
DROP TABLE IF EXISTS `paper_interface`;
CREATE TABLE IF NOT EXISTS `paper_interface` (
	`paper_id`	INTEGER,
	`interface_id`	INTEGER
);
INSERT INTO `paper_interface` VALUES (1,1);
INSERT INTO `paper_interface` VALUES (1,4);
INSERT INTO `paper_interface` VALUES (2,1);
INSERT INTO `paper_interface` VALUES (3,1);
INSERT INTO `paper_interface` VALUES (5,3);
INSERT INTO `paper_interface` VALUES (5,5);
INSERT INTO `paper_interface` VALUES (6,6);
INSERT INTO `paper_interface` VALUES (7,6);
INSERT INTO `paper_interface` VALUES (8,3);
INSERT INTO `paper_interface` VALUES (8,4);
INSERT INTO `paper_interface` VALUES (8,6);
INSERT INTO `paper_interface` VALUES (9,4);
INSERT INTO `paper_interface` VALUES (10,4);
INSERT INTO `paper_interface` VALUES (13,13);
INSERT INTO `paper_interface` VALUES (14,5);
INSERT INTO `paper_interface` VALUES (16,4);
INSERT INTO `paper_interface` VALUES (17,2);
INSERT INTO `paper_interface` VALUES (18,7);
INSERT INTO `paper_interface` VALUES (20,2);
INSERT INTO `paper_interface` VALUES (21,9);
INSERT INTO `paper_interface` VALUES (22,9);
INSERT INTO `paper_interface` VALUES (23,9);
INSERT INTO `paper_interface` VALUES (24,9);
INSERT INTO `paper_interface` VALUES (25,3);
INSERT INTO `paper_interface` VALUES (26,1);
INSERT INTO `paper_interface` VALUES (27,2);
INSERT INTO `paper_interface` VALUES (28,5);
INSERT INTO `paper_interface` VALUES (29,2);
INSERT INTO `paper_interface` VALUES (29,6);
INSERT INTO `paper_interface` VALUES (31,4);
INSERT INTO `paper_interface` VALUES (32,4);
INSERT INTO `paper_interface` VALUES (33,5);
INSERT INTO `paper_interface` VALUES (34,2);
INSERT INTO `paper_interface` VALUES (35,1);
INSERT INTO `paper_interface` VALUES (35,2);
INSERT INTO `paper_interface` VALUES (36,5);
INSERT INTO `paper_interface` VALUES (36,10);
INSERT INTO `paper_interface` VALUES (37,6);
INSERT INTO `paper_interface` VALUES (38,1);
INSERT INTO `paper_interface` VALUES (39,7);
INSERT INTO `paper_interface` VALUES (40,1);
INSERT INTO `paper_interface` VALUES (41,3);
INSERT INTO `paper_interface` VALUES (41,5);
INSERT INTO `paper_interface` VALUES (43,1);
INSERT INTO `paper_interface` VALUES (44,1);
INSERT INTO `paper_interface` VALUES (44,5);
INSERT INTO `paper_interface` VALUES (45,3);
INSERT INTO `paper_interface` VALUES (46,1);
INSERT INTO `paper_interface` VALUES (46,2);
INSERT INTO `paper_interface` VALUES (46,3);
INSERT INTO `paper_interface` VALUES (47,1);
INSERT INTO `paper_interface` VALUES (48,2);
INSERT INTO `paper_interface` VALUES (49,2);
INSERT INTO `paper_interface` VALUES (49,11);
INSERT INTO `paper_interface` VALUES (51,9);
INSERT INTO `paper_interface` VALUES (53,2);
INSERT INTO `paper_interface` VALUES (54,1);
INSERT INTO `paper_interface` VALUES (55,2);
INSERT INTO `paper_interface` VALUES (56,2);
INSERT INTO `paper_interface` VALUES (57,3);
INSERT INTO `paper_interface` VALUES (57,5);
INSERT INTO `paper_interface` VALUES (57,11);
INSERT INTO `paper_interface` VALUES (58,1);
INSERT INTO `paper_interface` VALUES (58,5);
INSERT INTO `paper_interface` VALUES (60,8);
INSERT INTO `paper_interface` VALUES (61,7);
INSERT INTO `paper_interface` VALUES (62,1);
INSERT INTO `paper_interface` VALUES (63,1);
INSERT INTO `paper_interface` VALUES (64,3);
INSERT INTO `paper_interface` VALUES (65,3);
INSERT INTO `paper_interface` VALUES (66,3);
INSERT INTO `paper_interface` VALUES (67,1);
INSERT INTO `paper_interface` VALUES (67,3);
INSERT INTO `paper_interface` VALUES (69,4);
INSERT INTO `paper_interface` VALUES (70,1);
INSERT INTO `paper_interface` VALUES (71,1);
INSERT INTO `paper_interface` VALUES (72,3);
INSERT INTO `paper_interface` VALUES (72,5);
INSERT INTO `paper_interface` VALUES (72,11);
INSERT INTO `paper_interface` VALUES (73,11);
INSERT INTO `paper_interface` VALUES (74,4);
INSERT INTO `paper_interface` VALUES (74,11);
INSERT INTO `paper_interface` VALUES (75,11);
INSERT INTO `paper_interface` VALUES (76,1);
INSERT INTO `paper_interface` VALUES (77,2);
INSERT INTO `paper_interface` VALUES (78,11);
INSERT INTO `paper_interface` VALUES (79,9);
INSERT INTO `paper_interface` VALUES (80,9);
INSERT INTO `paper_interface` VALUES (81,9);
INSERT INTO `paper_interface` VALUES (82,1);
INSERT INTO `paper_interface` VALUES (84,11);
INSERT INTO `paper_interface` VALUES (85,1);
INSERT INTO `paper_interface` VALUES (87,2);
INSERT INTO `paper_interface` VALUES (88,1);
INSERT INTO `paper_interface` VALUES (90,11);
INSERT INTO `paper_interface` VALUES (91,1);
INSERT INTO `paper_interface` VALUES (91,4);
INSERT INTO `paper_interface` VALUES (91,6);
INSERT INTO `paper_interface` VALUES (92,8);
INSERT INTO `paper_interface` VALUES (93,1);
INSERT INTO `paper_interface` VALUES (94,1);
INSERT INTO `paper_interface` VALUES (96,2);
INSERT INTO `paper_interface` VALUES (97,2);
INSERT INTO `paper_interface` VALUES (98,6);
INSERT INTO `paper_interface` VALUES (99,11);
INSERT INTO `paper_interface` VALUES (100,6);
INSERT INTO `paper_interface` VALUES (102,2);
INSERT INTO `paper_interface` VALUES (102,4);
INSERT INTO `paper_interface` VALUES (102,5);
INSERT INTO `paper_interface` VALUES (104,1);
INSERT INTO `paper_interface` VALUES (105,1);
INSERT INTO `paper_interface` VALUES (106,5);
INSERT INTO `paper_interface` VALUES (107,1);
INSERT INTO `paper_interface` VALUES (108,11);
INSERT INTO `paper_interface` VALUES (110,5);
INSERT INTO `paper_interface` VALUES (111,11);
INSERT INTO `paper_interface` VALUES (112,5);
INSERT INTO `paper_interface` VALUES (113,1);
INSERT INTO `paper_interface` VALUES (114,11);
INSERT INTO `paper_interface` VALUES (115,1);
INSERT INTO `paper_interface` VALUES (117,2);
INSERT INTO `paper_interface` VALUES (118,2);
INSERT INTO `paper_interface` VALUES (118,5);
INSERT INTO `paper_interface` VALUES (118,11);
INSERT INTO `paper_interface` VALUES (120,5);
INSERT INTO `paper_interface` VALUES (126,1);
INSERT INTO `paper_interface` VALUES (127,11);
INSERT INTO `paper_interface` VALUES (129,11);
INSERT INTO `paper_interface` VALUES (130,1);
INSERT INTO `paper_interface` VALUES (130,4);
INSERT INTO `paper_interface` VALUES (131,2);
INSERT INTO `paper_interface` VALUES (132,1);
INSERT INTO `paper_interface` VALUES (133,2);
INSERT INTO `paper_interface` VALUES (133,3);
INSERT INTO `paper_interface` VALUES (134,1);
INSERT INTO `paper_interface` VALUES (135,2);
INSERT INTO `paper_interface` VALUES (136,1);
INSERT INTO `paper_interface` VALUES (136,2);
INSERT INTO `paper_interface` VALUES (136,3);
INSERT INTO `paper_interface` VALUES (137,1);
INSERT INTO `paper_interface` VALUES (137,2);
INSERT INTO `paper_interface` VALUES (137,4);
INSERT INTO `paper_interface` VALUES (138,2);
INSERT INTO `paper_interface` VALUES (141,1);
INSERT INTO `paper_interface` VALUES (142,1);
INSERT INTO `paper_interface` VALUES (142,5);
INSERT INTO `paper_interface` VALUES (143,1);
INSERT INTO `paper_interface` VALUES (144,1);
INSERT INTO `paper_interface` VALUES (144,11);
INSERT INTO `paper_interface` VALUES (146,2);
INSERT INTO `paper_interface` VALUES (146,5);
INSERT INTO `paper_interface` VALUES (148,5);
INSERT INTO `paper_interface` VALUES (148,9);
INSERT INTO `paper_interface` VALUES (148,14);
INSERT INTO `paper_interface` VALUES (149,11);
INSERT INTO `paper_interface` VALUES (150,7);
INSERT INTO `paper_interface` VALUES (151,2);
INSERT INTO `paper_interface` VALUES (152,3);
INSERT INTO `paper_interface` VALUES (152,5);
INSERT INTO `paper_interface` VALUES (155,1);
INSERT INTO `paper_interface` VALUES (155,5);
INSERT INTO `paper_interface` VALUES (156,2);
INSERT INTO `paper_interface` VALUES (157,1);
INSERT INTO `paper_interface` VALUES (157,4);
INSERT INTO `paper_interface` VALUES (162,2);
INSERT INTO `paper_interface` VALUES (162,5);
INSERT INTO `paper_interface` VALUES (162,7);
INSERT INTO `paper_interface` VALUES (162,8);
INSERT INTO `paper_interface` VALUES (162,11);
INSERT INTO `paper_interface` VALUES (163,3);
INSERT INTO `paper_interface` VALUES (166,4);
INSERT INTO `paper_interface` VALUES (166,11);
INSERT INTO `paper_interface` VALUES (167,5);
INSERT INTO `paper_interface` VALUES (167,7);
INSERT INTO `paper_interface` VALUES (168,5);
INSERT INTO `paper_interface` VALUES (169,11);
INSERT INTO `paper_interface` VALUES (170,1);
INSERT INTO `paper_interface` VALUES (171,5);
INSERT INTO `paper_interface` VALUES (172,2);
INSERT INTO `paper_interface` VALUES (172,5);
INSERT INTO `paper_interface` VALUES (173,2);
INSERT INTO `paper_interface` VALUES (173,5);
INSERT INTO `paper_interface` VALUES (177,8);
INSERT INTO `paper_interface` VALUES (179,12);
INSERT INTO `paper_interface` VALUES (180,5);
INSERT INTO `paper_interface` VALUES (180,8);
INSERT INTO `paper_interface` VALUES (182,4);
INSERT INTO `paper_interface` VALUES (183,5);
INSERT INTO `paper_interface` VALUES (184,2);
INSERT INTO `paper_interface` VALUES (186,7);
INSERT INTO `paper_interface` VALUES (188,1);
INSERT INTO `paper_interface` VALUES (190,7);
INSERT INTO `paper_interface` VALUES (191,1);
INSERT INTO `paper_interface` VALUES (193,5);
INSERT INTO `paper_interface` VALUES (195,5);
INSERT INTO `paper_interface` VALUES (196,3);
INSERT INTO `paper_interface` VALUES (196,5);
INSERT INTO `paper_interface` VALUES (197,1);
INSERT INTO `paper_interface` VALUES (197,2);
INSERT INTO `paper_interface` VALUES (198,3);
INSERT INTO `paper_interface` VALUES (198,14);
INSERT INTO `paper_interface` VALUES (199,1);
INSERT INTO `paper_interface` VALUES (199,2);
INSERT INTO `paper_interface` VALUES (199,3);
INSERT INTO `paper_interface` VALUES (203,2);
INSERT INTO `paper_interface` VALUES (206,11);
INSERT INTO `paper_interface` VALUES (207,2);
INSERT INTO `paper_interface` VALUES (207,7);
INSERT INTO `paper_interface` VALUES (208,3);
INSERT INTO `paper_interface` VALUES (209,3);
INSERT INTO `paper_interface` VALUES (209,5);
INSERT INTO `paper_interface` VALUES (210,11);
INSERT INTO `paper_interface` VALUES (212,1);
INSERT INTO `paper_interface` VALUES (213,1);
INSERT INTO `paper_interface` VALUES (214,1);
INSERT INTO `paper_interface` VALUES (215,1);
INSERT INTO `paper_interface` VALUES (216,2);
INSERT INTO `paper_interface` VALUES (217,2);
INSERT INTO `paper_interface` VALUES (217,9);
INSERT INTO `paper_interface` VALUES (217,14);
INSERT INTO `paper_interface` VALUES (218,1);
INSERT INTO `paper_interface` VALUES (218,3);
INSERT INTO `paper_interface` VALUES (219,3);
INSERT INTO `paper_interface` VALUES (219,7);
INSERT INTO `paper_interface` VALUES (219,14);
INSERT INTO `paper_interface` VALUES (220,11);
INSERT INTO `paper_interface` VALUES (221,1);
INSERT INTO `paper_interface` VALUES (221,4);
INSERT INTO `paper_interface` VALUES (222,2);
INSERT INTO `paper_interface` VALUES (222,7);
INSERT INTO `paper_interface` VALUES (223,7);
INSERT INTO `paper_interface` VALUES (223,11);
DROP TABLE IF EXISTS `paper_author`;
CREATE TABLE IF NOT EXISTS `paper_author` (
	`paper_id`	INTEGER,
	`author_id`	INTEGER
);
INSERT INTO `paper_author` VALUES (1,1);
INSERT INTO `paper_author` VALUES (1,2);
INSERT INTO `paper_author` VALUES (2,3);
INSERT INTO `paper_author` VALUES (2,4);
INSERT INTO `paper_author` VALUES (3,5);
INSERT INTO `paper_author` VALUES (3,6);
INSERT INTO `paper_author` VALUES (3,7);
INSERT INTO `paper_author` VALUES (3,8);
INSERT INTO `paper_author` VALUES (3,10);
INSERT INTO `paper_author` VALUES (4,11);
INSERT INTO `paper_author` VALUES (4,12);
INSERT INTO `paper_author` VALUES (4,13);
INSERT INTO `paper_author` VALUES (4,14);
INSERT INTO `paper_author` VALUES (5,15);
INSERT INTO `paper_author` VALUES (5,16);
INSERT INTO `paper_author` VALUES (5,17);
INSERT INTO `paper_author` VALUES (5,18);
INSERT INTO `paper_author` VALUES (5,11);
INSERT INTO `paper_author` VALUES (5,13);
INSERT INTO `paper_author` VALUES (6,19);
INSERT INTO `paper_author` VALUES (6,20);
INSERT INTO `paper_author` VALUES (6,21);
INSERT INTO `paper_author` VALUES (7,23);
INSERT INTO `paper_author` VALUES (7,4);
INSERT INTO `paper_author` VALUES (8,24);
INSERT INTO `paper_author` VALUES (8,25);
INSERT INTO `paper_author` VALUES (8,26);
INSERT INTO `paper_author` VALUES (8,27);
INSERT INTO `paper_author` VALUES (9,28);
INSERT INTO `paper_author` VALUES (9,29);
INSERT INTO `paper_author` VALUES (9,30);
INSERT INTO `paper_author` VALUES (9,31);
INSERT INTO `paper_author` VALUES (9,32);
INSERT INTO `paper_author` VALUES (10,33);
INSERT INTO `paper_author` VALUES (10,34);
INSERT INTO `paper_author` VALUES (10,35);
INSERT INTO `paper_author` VALUES (11,36);
INSERT INTO `paper_author` VALUES (11,37);
INSERT INTO `paper_author` VALUES (11,38);
INSERT INTO `paper_author` VALUES (11,39);
INSERT INTO `paper_author` VALUES (11,40);
INSERT INTO `paper_author` VALUES (12,41);
INSERT INTO `paper_author` VALUES (12,42);
INSERT INTO `paper_author` VALUES (12,40);
INSERT INTO `paper_author` VALUES (12,43);
INSERT INTO `paper_author` VALUES (13,44);
INSERT INTO `paper_author` VALUES (13,45);
INSERT INTO `paper_author` VALUES (13,46);
INSERT INTO `paper_author` VALUES (13,47);
INSERT INTO `paper_author` VALUES (14,13);
INSERT INTO `paper_author` VALUES (14,48);
INSERT INTO `paper_author` VALUES (14,49);
INSERT INTO `paper_author` VALUES (14,50);
INSERT INTO `paper_author` VALUES (15,51);
INSERT INTO `paper_author` VALUES (15,52);
INSERT INTO `paper_author` VALUES (15,53);
INSERT INTO `paper_author` VALUES (15,54);
INSERT INTO `paper_author` VALUES (16,55);
INSERT INTO `paper_author` VALUES (16,57);
INSERT INTO `paper_author` VALUES (16,58);
INSERT INTO `paper_author` VALUES (16,59);
INSERT INTO `paper_author` VALUES (16,60);
INSERT INTO `paper_author` VALUES (17,61);
INSERT INTO `paper_author` VALUES (17,20);
INSERT INTO `paper_author` VALUES (17,62);
INSERT INTO `paper_author` VALUES (17,63);
INSERT INTO `paper_author` VALUES (17,21);
INSERT INTO `paper_author` VALUES (18,64);
INSERT INTO `paper_author` VALUES (18,65);
INSERT INTO `paper_author` VALUES (18,66);
INSERT INTO `paper_author` VALUES (18,67);
INSERT INTO `paper_author` VALUES (19,68);
INSERT INTO `paper_author` VALUES (19,28);
INSERT INTO `paper_author` VALUES (19,31);
INSERT INTO `paper_author` VALUES (19,32);
INSERT INTO `paper_author` VALUES (20,69);
INSERT INTO `paper_author` VALUES (20,70);
INSERT INTO `paper_author` VALUES (20,71);
INSERT INTO `paper_author` VALUES (20,72);
INSERT INTO `paper_author` VALUES (21,75);
INSERT INTO `paper_author` VALUES (21,76);
INSERT INTO `paper_author` VALUES (21,77);
INSERT INTO `paper_author` VALUES (22,78);
INSERT INTO `paper_author` VALUES (22,79);
INSERT INTO `paper_author` VALUES (23,80);
INSERT INTO `paper_author` VALUES (23,81);
INSERT INTO `paper_author` VALUES (23,82);
INSERT INTO `paper_author` VALUES (24,83);
INSERT INTO `paper_author` VALUES (24,82);
INSERT INTO `paper_author` VALUES (24,76);
INSERT INTO `paper_author` VALUES (24,84);
INSERT INTO `paper_author` VALUES (24,247);
INSERT INTO `paper_author` VALUES (24,77);
INSERT INTO `paper_author` VALUES (25,85);
INSERT INTO `paper_author` VALUES (25,86);
INSERT INTO `paper_author` VALUES (25,87);
INSERT INTO `paper_author` VALUES (25,13);
INSERT INTO `paper_author` VALUES (25,88);
INSERT INTO `paper_author` VALUES (26,89);
INSERT INTO `paper_author` VALUES (26,90);
INSERT INTO `paper_author` VALUES (26,91);
INSERT INTO `paper_author` VALUES (26,92);
INSERT INTO `paper_author` VALUES (26,93);
INSERT INTO `paper_author` VALUES (26,94);
INSERT INTO `paper_author` VALUES (26,95);
INSERT INTO `paper_author` VALUES (26,96);
INSERT INTO `paper_author` VALUES (26,97);
INSERT INTO `paper_author` VALUES (27,98);
INSERT INTO `paper_author` VALUES (27,99);
INSERT INTO `paper_author` VALUES (27,100);
INSERT INTO `paper_author` VALUES (27,101);
INSERT INTO `paper_author` VALUES (28,102);
INSERT INTO `paper_author` VALUES (28,13);
INSERT INTO `paper_author` VALUES (28,103);
INSERT INTO `paper_author` VALUES (29,104);
INSERT INTO `paper_author` VALUES (29,82);
INSERT INTO `paper_author` VALUES (29,105);
INSERT INTO `paper_author` VALUES (29,106);
INSERT INTO `paper_author` VALUES (30,70);
INSERT INTO `paper_author` VALUES (30,71);
INSERT INTO `paper_author` VALUES (30,69);
INSERT INTO `paper_author` VALUES (31,107);
INSERT INTO `paper_author` VALUES (31,108);
INSERT INTO `paper_author` VALUES (31,76);
INSERT INTO `paper_author` VALUES (31,109);
INSERT INTO `paper_author` VALUES (31,110);
INSERT INTO `paper_author` VALUES (31,111);
INSERT INTO `paper_author` VALUES (31,77);
INSERT INTO `paper_author` VALUES (32,11);
INSERT INTO `paper_author` VALUES (32,13);
INSERT INTO `paper_author` VALUES (32,112);
INSERT INTO `paper_author` VALUES (32,103);
INSERT INTO `paper_author` VALUES (33,113);
INSERT INTO `paper_author` VALUES (33,114);
INSERT INTO `paper_author` VALUES (33,115);
INSERT INTO `paper_author` VALUES (34,116);
INSERT INTO `paper_author` VALUES (34,117);
INSERT INTO `paper_author` VALUES (34,118);
INSERT INTO `paper_author` VALUES (34,119);
INSERT INTO `paper_author` VALUES (35,120);
INSERT INTO `paper_author` VALUES (35,32);
INSERT INTO `paper_author` VALUES (35,121);
INSERT INTO `paper_author` VALUES (36,122);
INSERT INTO `paper_author` VALUES (36,123);
INSERT INTO `paper_author` VALUES (36,124);
INSERT INTO `paper_author` VALUES (36,125);
INSERT INTO `paper_author` VALUES (36,126);
INSERT INTO `paper_author` VALUES (37,127);
INSERT INTO `paper_author` VALUES (37,128);
INSERT INTO `paper_author` VALUES (37,129);
INSERT INTO `paper_author` VALUES (37,130);
INSERT INTO `paper_author` VALUES (37,131);
INSERT INTO `paper_author` VALUES (37,103);
INSERT INTO `paper_author` VALUES (38,3);
INSERT INTO `paper_author` VALUES (38,4);
INSERT INTO `paper_author` VALUES (39,3);
INSERT INTO `paper_author` VALUES (39,23);
INSERT INTO `paper_author` VALUES (39,4);
INSERT INTO `paper_author` VALUES (40,132);
INSERT INTO `paper_author` VALUES (40,133);
INSERT INTO `paper_author` VALUES (40,134);
INSERT INTO `paper_author` VALUES (40,135);
INSERT INTO `paper_author` VALUES (41,136);
INSERT INTO `paper_author` VALUES (41,137);
INSERT INTO `paper_author` VALUES (41,138);
INSERT INTO `paper_author` VALUES (42,139);
INSERT INTO `paper_author` VALUES (42,140);
INSERT INTO `paper_author` VALUES (43,11);
INSERT INTO `paper_author` VALUES (43,13);
INSERT INTO `paper_author` VALUES (43,49);
INSERT INTO `paper_author` VALUES (43,141);
INSERT INTO `paper_author` VALUES (43,103);
INSERT INTO `paper_author` VALUES (44,1);
INSERT INTO `paper_author` VALUES (44,2);
INSERT INTO `paper_author` VALUES (44,142);
INSERT INTO `paper_author` VALUES (44,143);
INSERT INTO `paper_author` VALUES (45,1);
INSERT INTO `paper_author` VALUES (45,145);
INSERT INTO `paper_author` VALUES (46,146);
INSERT INTO `paper_author` VALUES (46,17);
INSERT INTO `paper_author` VALUES (46,147);
INSERT INTO `paper_author` VALUES (47,148);
INSERT INTO `paper_author` VALUES (47,149);
INSERT INTO `paper_author` VALUES (47,150);
INSERT INTO `paper_author` VALUES (47,151);
INSERT INTO `paper_author` VALUES (47,152);
INSERT INTO `paper_author` VALUES (47,153);
INSERT INTO `paper_author` VALUES (48,32);
INSERT INTO `paper_author` VALUES (48,154);
INSERT INTO `paper_author` VALUES (48,155);
INSERT INTO `paper_author` VALUES (48,156);
INSERT INTO `paper_author` VALUES (48,31);
INSERT INTO `paper_author` VALUES (48,28);
INSERT INTO `paper_author` VALUES (48,157);
INSERT INTO `paper_author` VALUES (48,158);
INSERT INTO `paper_author` VALUES (49,159);
INSERT INTO `paper_author` VALUES (49,160);
INSERT INTO `paper_author` VALUES (50,161);
INSERT INTO `paper_author` VALUES (50,162);
INSERT INTO `paper_author` VALUES (50,163);
INSERT INTO `paper_author` VALUES (51,64);
INSERT INTO `paper_author` VALUES (51,33);
INSERT INTO `paper_author` VALUES (51,66);
INSERT INTO `paper_author` VALUES (51,67);
INSERT INTO `paper_author` VALUES (52,165);
INSERT INTO `paper_author` VALUES (52,81);
INSERT INTO `paper_author` VALUES (52,82);
INSERT INTO `paper_author` VALUES (52,167);
INSERT INTO `paper_author` VALUES (52,168);
INSERT INTO `paper_author` VALUES (52,106);
INSERT INTO `paper_author` VALUES (53,169);
INSERT INTO `paper_author` VALUES (53,170);
INSERT INTO `paper_author` VALUES (53,171);
INSERT INTO `paper_author` VALUES (54,124);
INSERT INTO `paper_author` VALUES (54,172);
INSERT INTO `paper_author` VALUES (54,122);
INSERT INTO `paper_author` VALUES (54,126);
INSERT INTO `paper_author` VALUES (54,173);
INSERT INTO `paper_author` VALUES (55,174);
INSERT INTO `paper_author` VALUES (55,64);
INSERT INTO `paper_author` VALUES (55,66);
INSERT INTO `paper_author` VALUES (55,175);
INSERT INTO `paper_author` VALUES (55,67);
INSERT INTO `paper_author` VALUES (56,174);
INSERT INTO `paper_author` VALUES (56,176);
INSERT INTO `paper_author` VALUES (56,175);
INSERT INTO `paper_author` VALUES (57,177);
INSERT INTO `paper_author` VALUES (57,4);
INSERT INTO `paper_author` VALUES (57,178);
INSERT INTO `paper_author` VALUES (58,124);
INSERT INTO `paper_author` VALUES (58,179);
INSERT INTO `paper_author` VALUES (58,126);
INSERT INTO `paper_author` VALUES (58,173);
INSERT INTO `paper_author` VALUES (59,180);
INSERT INTO `paper_author` VALUES (59,82);
INSERT INTO `paper_author` VALUES (60,181);
INSERT INTO `paper_author` VALUES (60,182);
INSERT INTO `paper_author` VALUES (60,183);
INSERT INTO `paper_author` VALUES (60,184);
INSERT INTO `paper_author` VALUES (61,185);
INSERT INTO `paper_author` VALUES (61,186);
INSERT INTO `paper_author` VALUES (62,187);
INSERT INTO `paper_author` VALUES (62,109);
INSERT INTO `paper_author` VALUES (62,76);
INSERT INTO `paper_author` VALUES (62,188);
INSERT INTO `paper_author` VALUES (62,77);
INSERT INTO `paper_author` VALUES (63,127);
INSERT INTO `paper_author` VALUES (63,128);
INSERT INTO `paper_author` VALUES (63,129);
INSERT INTO `paper_author` VALUES (63,189);
INSERT INTO `paper_author` VALUES (63,103);
INSERT INTO `paper_author` VALUES (63,130);
INSERT INTO `paper_author` VALUES (64,190);
INSERT INTO `paper_author` VALUES (64,13);
INSERT INTO `paper_author` VALUES (64,11);
INSERT INTO `paper_author` VALUES (65,85);
INSERT INTO `paper_author` VALUES (65,191);
INSERT INTO `paper_author` VALUES (65,192);
INSERT INTO `paper_author` VALUES (65,88);
INSERT INTO `paper_author` VALUES (66,193);
INSERT INTO `paper_author` VALUES (66,13);
INSERT INTO `paper_author` VALUES (66,189);
INSERT INTO `paper_author` VALUES (66,194);
INSERT INTO `paper_author` VALUES (67,146);
INSERT INTO `paper_author` VALUES (67,195);
INSERT INTO `paper_author` VALUES (67,13);
INSERT INTO `paper_author` VALUES (67,17);
INSERT INTO `paper_author` VALUES (68,196);
INSERT INTO `paper_author` VALUES (68,197);
INSERT INTO `paper_author` VALUES (68,198);
INSERT INTO `paper_author` VALUES (68,199);
INSERT INTO `paper_author` VALUES (68,200);
INSERT INTO `paper_author` VALUES (68,201);
INSERT INTO `paper_author` VALUES (69,202);
INSERT INTO `paper_author` VALUES (69,203);
INSERT INTO `paper_author` VALUES (69,204);
INSERT INTO `paper_author` VALUES (69,205);
INSERT INTO `paper_author` VALUES (70,206);
INSERT INTO `paper_author` VALUES (70,11);
INSERT INTO `paper_author` VALUES (70,13);
INSERT INTO `paper_author` VALUES (70,207);
INSERT INTO `paper_author` VALUES (71,11);
INSERT INTO `paper_author` VALUES (71,208);
INSERT INTO `paper_author` VALUES (71,13);
INSERT INTO `paper_author` VALUES (71,206);
INSERT INTO `paper_author` VALUES (72,209);
INSERT INTO `paper_author` VALUES (72,210);
INSERT INTO `paper_author` VALUES (72,177);
INSERT INTO `paper_author` VALUES (72,211);
INSERT INTO `paper_author` VALUES (72,4);
INSERT INTO `paper_author` VALUES (72,178);
INSERT INTO `paper_author` VALUES (73,212);
INSERT INTO `paper_author` VALUES (73,213);
INSERT INTO `paper_author` VALUES (73,214);
INSERT INTO `paper_author` VALUES (73,215);
INSERT INTO `paper_author` VALUES (73,216);
INSERT INTO `paper_author` VALUES (74,217);
INSERT INTO `paper_author` VALUES (74,32);
INSERT INTO `paper_author` VALUES (74,31);
INSERT INTO `paper_author` VALUES (74,120);
INSERT INTO `paper_author` VALUES (74,218);
INSERT INTO `paper_author` VALUES (75,219);
INSERT INTO `paper_author` VALUES (75,220);
INSERT INTO `paper_author` VALUES (75,221);
INSERT INTO `paper_author` VALUES (75,222);
INSERT INTO `paper_author` VALUES (75,223);
INSERT INTO `paper_author` VALUES (76,20);
INSERT INTO `paper_author` VALUES (76,21);
INSERT INTO `paper_author` VALUES (76,224);
INSERT INTO `paper_author` VALUES (77,225);
INSERT INTO `paper_author` VALUES (77,226);
INSERT INTO `paper_author` VALUES (77,227);
INSERT INTO `paper_author` VALUES (77,26);
INSERT INTO `paper_author` VALUES (77,119);
INSERT INTO `paper_author` VALUES (78,108);
INSERT INTO `paper_author` VALUES (78,76);
INSERT INTO `paper_author` VALUES (78,77);
INSERT INTO `paper_author` VALUES (79,188);
INSERT INTO `paper_author` VALUES (79,76);
INSERT INTO `paper_author` VALUES (79,77);
INSERT INTO `paper_author` VALUES (80,66);
INSERT INTO `paper_author` VALUES (80,67);
INSERT INTO `paper_author` VALUES (81,76);
INSERT INTO `paper_author` VALUES (81,77);
INSERT INTO `paper_author` VALUES (82,11);
INSERT INTO `paper_author` VALUES (82,49);
INSERT INTO `paper_author` VALUES (82,13);
INSERT INTO `paper_author` VALUES (82,103);
INSERT INTO `paper_author` VALUES (83,230);
INSERT INTO `paper_author` VALUES (83,109);
INSERT INTO `paper_author` VALUES (83,47);
INSERT INTO `paper_author` VALUES (83,232);
INSERT INTO `paper_author` VALUES (83,233);
INSERT INTO `paper_author` VALUES (83,77);
INSERT INTO `paper_author` VALUES (84,234);
INSERT INTO `paper_author` VALUES (84,235);
INSERT INTO `paper_author` VALUES (84,236);
INSERT INTO `paper_author` VALUES (84,237);
INSERT INTO `paper_author` VALUES (84,238);
INSERT INTO `paper_author` VALUES (84,239);
INSERT INTO `paper_author` VALUES (85,240);
INSERT INTO `paper_author` VALUES (85,241);
INSERT INTO `paper_author` VALUES (85,242);
INSERT INTO `paper_author` VALUES (85,243);
INSERT INTO `paper_author` VALUES (85,244);
INSERT INTO `paper_author` VALUES (85,245);
INSERT INTO `paper_author` VALUES (86,83);
INSERT INTO `paper_author` VALUES (86,82);
INSERT INTO `paper_author` VALUES (86,246);
INSERT INTO `paper_author` VALUES (86,84);
INSERT INTO `paper_author` VALUES (86,247);
INSERT INTO `paper_author` VALUES (87,248);
INSERT INTO `paper_author` VALUES (87,249);
INSERT INTO `paper_author` VALUES (87,250);
INSERT INTO `paper_author` VALUES (87,251);
INSERT INTO `paper_author` VALUES (87,252);
INSERT INTO `paper_author` VALUES (88,253);
INSERT INTO `paper_author` VALUES (88,254);
INSERT INTO `paper_author` VALUES (88,255);
INSERT INTO `paper_author` VALUES (89,256);
INSERT INTO `paper_author` VALUES (89,37);
INSERT INTO `paper_author` VALUES (89,257);
INSERT INTO `paper_author` VALUES (89,258);
INSERT INTO `paper_author` VALUES (89,40);
INSERT INTO `paper_author` VALUES (91,20);
INSERT INTO `paper_author` VALUES (91,261);
INSERT INTO `paper_author` VALUES (91,262);
INSERT INTO `paper_author` VALUES (91,21);
INSERT INTO `paper_author` VALUES (92,263);
INSERT INTO `paper_author` VALUES (92,264);
INSERT INTO `paper_author` VALUES (92,188);
INSERT INTO `paper_author` VALUES (92,76);
INSERT INTO `paper_author` VALUES (92,265);
INSERT INTO `paper_author` VALUES (92,266);
INSERT INTO `paper_author` VALUES (92,77);
INSERT INTO `paper_author` VALUES (93,267);
INSERT INTO `paper_author` VALUES (93,268);
INSERT INTO `paper_author` VALUES (93,269);
INSERT INTO `paper_author` VALUES (94,270);
INSERT INTO `paper_author` VALUES (94,271);
INSERT INTO `paper_author` VALUES (94,272);
INSERT INTO `paper_author` VALUES (95,273);
INSERT INTO `paper_author` VALUES (95,274);
INSERT INTO `paper_author` VALUES (96,275);
INSERT INTO `paper_author` VALUES (96,276);
INSERT INTO `paper_author` VALUES (96,277);
INSERT INTO `paper_author` VALUES (96,278);
INSERT INTO `paper_author` VALUES (97,280);
INSERT INTO `paper_author` VALUES (97,170);
INSERT INTO `paper_author` VALUES (97,281);
INSERT INTO `paper_author` VALUES (98,282);
INSERT INTO `paper_author` VALUES (98,283);
INSERT INTO `paper_author` VALUES (98,284);
INSERT INTO `paper_author` VALUES (98,285);
INSERT INTO `paper_author` VALUES (99,286);
INSERT INTO `paper_author` VALUES (99,287);
INSERT INTO `paper_author` VALUES (99,288);
INSERT INTO `paper_author` VALUES (99,289);
INSERT INTO `paper_author` VALUES (99,101);
INSERT INTO `paper_author` VALUES (99,290);
INSERT INTO `paper_author` VALUES (99,291);
INSERT INTO `paper_author` VALUES (100,293);
INSERT INTO `paper_author` VALUES (100,294);
INSERT INTO `paper_author` VALUES (100,295);
INSERT INTO `paper_author` VALUES (100,296);
INSERT INTO `paper_author` VALUES (101,108);
INSERT INTO `paper_author` VALUES (101,107);
INSERT INTO `paper_author` VALUES (101,76);
INSERT INTO `paper_author` VALUES (101,77);
INSERT INTO `paper_author` VALUES (102,170);
INSERT INTO `paper_author` VALUES (102,169);
INSERT INTO `paper_author` VALUES (102,298);
INSERT INTO `paper_author` VALUES (102,171);
INSERT INTO `paper_author` VALUES (103,299);
INSERT INTO `paper_author` VALUES (103,300);
INSERT INTO `paper_author` VALUES (103,301);
INSERT INTO `paper_author` VALUES (103,302);
INSERT INTO `paper_author` VALUES (103,303);
INSERT INTO `paper_author` VALUES (104,304);
INSERT INTO `paper_author` VALUES (104,305);
INSERT INTO `paper_author` VALUES (104,306);
INSERT INTO `paper_author` VALUES (104,307);
INSERT INTO `paper_author` VALUES (105,308);
INSERT INTO `paper_author` VALUES (105,309);
INSERT INTO `paper_author` VALUES (105,310);
INSERT INTO `paper_author` VALUES (105,311);
INSERT INTO `paper_author` VALUES (105,312);
INSERT INTO `paper_author` VALUES (106,313);
INSERT INTO `paper_author` VALUES (106,314);
INSERT INTO `paper_author` VALUES (106,163);
INSERT INTO `paper_author` VALUES (107,315);
INSERT INTO `paper_author` VALUES (107,257);
INSERT INTO `paper_author` VALUES (107,38);
INSERT INTO `paper_author` VALUES (107,40);
INSERT INTO `paper_author` VALUES (108,316);
INSERT INTO `paper_author` VALUES (108,317);
INSERT INTO `paper_author` VALUES (108,318);
INSERT INTO `paper_author` VALUES (108,319);
INSERT INTO `paper_author` VALUES (109,155);
INSERT INTO `paper_author` VALUES (109,320);
INSERT INTO `paper_author` VALUES (109,29);
INSERT INTO `paper_author` VALUES (109,28);
INSERT INTO `paper_author` VALUES (109,30);
INSERT INTO `paper_author` VALUES (109,156);
INSERT INTO `paper_author` VALUES (109,31);
INSERT INTO `paper_author` VALUES (109,32);
INSERT INTO `paper_author` VALUES (110,113);
INSERT INTO `paper_author` VALUES (110,114);
INSERT INTO `paper_author` VALUES (110,321);
INSERT INTO `paper_author` VALUES (110,322);
INSERT INTO `paper_author` VALUES (110,115);
INSERT INTO `paper_author` VALUES (111,116);
INSERT INTO `paper_author` VALUES (111,118);
INSERT INTO `paper_author` VALUES (111,323);
INSERT INTO `paper_author` VALUES (111,324);
INSERT INTO `paper_author` VALUES (112,325);
INSERT INTO `paper_author` VALUES (112,38);
INSERT INTO `paper_author` VALUES (112,326);
INSERT INTO `paper_author` VALUES (112,40);
INSERT INTO `paper_author` VALUES (113,3);
INSERT INTO `paper_author` VALUES (113,4);
INSERT INTO `paper_author` VALUES (113,327);
INSERT INTO `paper_author` VALUES (113,328);
INSERT INTO `paper_author` VALUES (114,329);
INSERT INTO `paper_author` VALUES (114,330);
INSERT INTO `paper_author` VALUES (114,331);
INSERT INTO `paper_author` VALUES (114,332);
INSERT INTO `paper_author` VALUES (114,333);
INSERT INTO `paper_author` VALUES (114,334);
INSERT INTO `paper_author` VALUES (114,335);
INSERT INTO `paper_author` VALUES (114,336);
INSERT INTO `paper_author` VALUES (115,253);
INSERT INTO `paper_author` VALUES (115,254);
INSERT INTO `paper_author` VALUES (115,255);
INSERT INTO `paper_author` VALUES (116,338);
INSERT INTO `paper_author` VALUES (116,339);
INSERT INTO `paper_author` VALUES (116,340);
INSERT INTO `paper_author` VALUES (117,341);
INSERT INTO `paper_author` VALUES (117,315);
INSERT INTO `paper_author` VALUES (117,342);
INSERT INTO `paper_author` VALUES (117,39);
INSERT INTO `paper_author` VALUES (118,177);
INSERT INTO `paper_author` VALUES (118,4);
INSERT INTO `paper_author` VALUES (118,178);
INSERT INTO `paper_author` VALUES (119,343);
INSERT INTO `paper_author` VALUES (119,344);
INSERT INTO `paper_author` VALUES (119,345);
INSERT INTO `paper_author` VALUES (119,346);
INSERT INTO `paper_author` VALUES (119,347);
INSERT INTO `paper_author` VALUES (120,348);
INSERT INTO `paper_author` VALUES (120,349);
INSERT INTO `paper_author` VALUES (120,351);
INSERT INTO `paper_author` VALUES (120,352);
INSERT INTO `paper_author` VALUES (121,353);
INSERT INTO `paper_author` VALUES (121,354);
INSERT INTO `paper_author` VALUES (121,355);
INSERT INTO `paper_author` VALUES (121,356);
INSERT INTO `paper_author` VALUES (122,357);
INSERT INTO `paper_author` VALUES (122,358);
INSERT INTO `paper_author` VALUES (123,359);
INSERT INTO `paper_author` VALUES (123,360);
INSERT INTO `paper_author` VALUES (123,361);
INSERT INTO `paper_author` VALUES (124,362);
INSERT INTO `paper_author` VALUES (124,363);
INSERT INTO `paper_author` VALUES (125,364);
INSERT INTO `paper_author` VALUES (125,365);
INSERT INTO `paper_author` VALUES (125,366);
INSERT INTO `paper_author` VALUES (125,367);
INSERT INTO `paper_author` VALUES (126,368);
INSERT INTO `paper_author` VALUES (126,369);
INSERT INTO `paper_author` VALUES (126,370);
INSERT INTO `paper_author` VALUES (127,371);
INSERT INTO `paper_author` VALUES (127,372);
INSERT INTO `paper_author` VALUES (127,373);
INSERT INTO `paper_author` VALUES (128,374);
INSERT INTO `paper_author` VALUES (128,375);
INSERT INTO `paper_author` VALUES (129,1);
INSERT INTO `paper_author` VALUES (129,376);
INSERT INTO `paper_author` VALUES (129,142);
INSERT INTO `paper_author` VALUES (130,377);
INSERT INTO `paper_author` VALUES (130,378);
INSERT INTO `paper_author` VALUES (130,379);
INSERT INTO `paper_author` VALUES (130,380);
INSERT INTO `paper_author` VALUES (130,381);
INSERT INTO `paper_author` VALUES (131,382);
INSERT INTO `paper_author` VALUES (131,383);
INSERT INTO `paper_author` VALUES (131,384);
INSERT INTO `paper_author` VALUES (132,385);
INSERT INTO `paper_author` VALUES (132,386);
INSERT INTO `paper_author` VALUES (132,128);
INSERT INTO `paper_author` VALUES (133,388);
INSERT INTO `paper_author` VALUES (133,389);
INSERT INTO `paper_author` VALUES (133,384);
INSERT INTO `paper_author` VALUES (134,390);
INSERT INTO `paper_author` VALUES (134,391);
INSERT INTO `paper_author` VALUES (134,392);
INSERT INTO `paper_author` VALUES (134,393);
INSERT INTO `paper_author` VALUES (134,394);
INSERT INTO `paper_author` VALUES (135,395);
INSERT INTO `paper_author` VALUES (135,396);
INSERT INTO `paper_author` VALUES (135,384);
INSERT INTO `paper_author` VALUES (136,397);
INSERT INTO `paper_author` VALUES (137,398);
INSERT INTO `paper_author` VALUES (137,31);
INSERT INTO `paper_author` VALUES (137,32);
INSERT INTO `paper_author` VALUES (137,218);
INSERT INTO `paper_author` VALUES (138,399);
INSERT INTO `paper_author` VALUES (138,396);
INSERT INTO `paper_author` VALUES (138,400);
INSERT INTO `paper_author` VALUES (138,401);
INSERT INTO `paper_author` VALUES (139,402);
INSERT INTO `paper_author` VALUES (139,384);
INSERT INTO `paper_author` VALUES (140,403);
INSERT INTO `paper_author` VALUES (140,404);
INSERT INTO `paper_author` VALUES (140,405);
INSERT INTO `paper_author` VALUES (140,406);
INSERT INTO `paper_author` VALUES (140,407);
INSERT INTO `paper_author` VALUES (141,408);
INSERT INTO `paper_author` VALUES (141,409);
INSERT INTO `paper_author` VALUES (141,410);
INSERT INTO `paper_author` VALUES (141,411);
INSERT INTO `paper_author` VALUES (142,412);
INSERT INTO `paper_author` VALUES (142,20);
INSERT INTO `paper_author` VALUES (142,413);
INSERT INTO `paper_author` VALUES (142,414);
INSERT INTO `paper_author` VALUES (142,415);
INSERT INTO `paper_author` VALUES (142,21);
INSERT INTO `paper_author` VALUES (143,416);
INSERT INTO `paper_author` VALUES (143,417);
INSERT INTO `paper_author` VALUES (143,418);
INSERT INTO `paper_author` VALUES (144,419);
INSERT INTO `paper_author` VALUES (144,420);
INSERT INTO `paper_author` VALUES (144,421);
INSERT INTO `paper_author` VALUES (144,422);
INSERT INTO `paper_author` VALUES (144,423);
INSERT INTO `paper_author` VALUES (144,424);
INSERT INTO `paper_author` VALUES (145,425);
INSERT INTO `paper_author` VALUES (145,426);
INSERT INTO `paper_author` VALUES (145,427);
INSERT INTO `paper_author` VALUES (146,428);
INSERT INTO `paper_author` VALUES (146,429);
INSERT INTO `paper_author` VALUES (147,430);
INSERT INTO `paper_author` VALUES (147,431);
INSERT INTO `paper_author` VALUES (147,432);
INSERT INTO `paper_author` VALUES (148,433);
INSERT INTO `paper_author` VALUES (148,486);
INSERT INTO `paper_author` VALUES (148,434);
INSERT INTO `paper_author` VALUES (148,435);
INSERT INTO `paper_author` VALUES (149,362);
INSERT INTO `paper_author` VALUES (149,436);
INSERT INTO `paper_author` VALUES (149,437);
INSERT INTO `paper_author` VALUES (149,438);
INSERT INTO `paper_author` VALUES (149,439);
INSERT INTO `paper_author` VALUES (149,440);
INSERT INTO `paper_author` VALUES (150,441);
INSERT INTO `paper_author` VALUES (150,419);
INSERT INTO `paper_author` VALUES (150,443);
INSERT INTO `paper_author` VALUES (150,444);
INSERT INTO `paper_author` VALUES (150,420);
INSERT INTO `paper_author` VALUES (151,395);
INSERT INTO `paper_author` VALUES (151,396);
INSERT INTO `paper_author` VALUES (151,384);
INSERT INTO `paper_author` VALUES (152,446);
INSERT INTO `paper_author` VALUES (152,447);
INSERT INTO `paper_author` VALUES (152,448);
INSERT INTO `paper_author` VALUES (153,449);
INSERT INTO `paper_author` VALUES (153,450);
INSERT INTO `paper_author` VALUES (153,451);
INSERT INTO `paper_author` VALUES (153,452);
INSERT INTO `paper_author` VALUES (153,453);
INSERT INTO `paper_author` VALUES (153,454);
INSERT INTO `paper_author` VALUES (154,455);
INSERT INTO `paper_author` VALUES (154,456);
INSERT INTO `paper_author` VALUES (154,457);
INSERT INTO `paper_author` VALUES (154,458);
INSERT INTO `paper_author` VALUES (154,459);
INSERT INTO `paper_author` VALUES (155,460);
INSERT INTO `paper_author` VALUES (155,461);
INSERT INTO `paper_author` VALUES (155,462);
INSERT INTO `paper_author` VALUES (155,463);
INSERT INTO `paper_author` VALUES (155,464);
INSERT INTO `paper_author` VALUES (156,465);
INSERT INTO `paper_author` VALUES (156,466);
INSERT INTO `paper_author` VALUES (156,467);
INSERT INTO `paper_author` VALUES (157,412);
INSERT INTO `paper_author` VALUES (157,21);
INSERT INTO `paper_author` VALUES (157,20);
INSERT INTO `paper_author` VALUES (158,468);
INSERT INTO `paper_author` VALUES (158,469);
INSERT INTO `paper_author` VALUES (159,470);
INSERT INTO `paper_author` VALUES (159,471);
INSERT INTO `paper_author` VALUES (159,472);
INSERT INTO `paper_author` VALUES (160,32);
INSERT INTO `paper_author` VALUES (160,31);
INSERT INTO `paper_author` VALUES (160,218);
INSERT INTO `paper_author` VALUES (161,473);
INSERT INTO `paper_author` VALUES (161,474);
INSERT INTO `paper_author` VALUES (161,475);
INSERT INTO `paper_author` VALUES (161,476);
INSERT INTO `paper_author` VALUES (161,477);
INSERT INTO `paper_author` VALUES (162,478);
INSERT INTO `paper_author` VALUES (162,479);
INSERT INTO `paper_author` VALUES (162,480);
INSERT INTO `paper_author` VALUES (162,481);
INSERT INTO `paper_author` VALUES (162,482);
INSERT INTO `paper_author` VALUES (162,483);
INSERT INTO `paper_author` VALUES (162,484);
INSERT INTO `paper_author` VALUES (163,12);
INSERT INTO `paper_author` VALUES (163,486);
INSERT INTO `paper_author` VALUES (164,11);
INSERT INTO `paper_author` VALUES (164,49);
INSERT INTO `paper_author` VALUES (164,13);
INSERT INTO `paper_author` VALUES (164,207);
INSERT INTO `paper_author` VALUES (164,487);
INSERT INTO `paper_author` VALUES (165,488);
INSERT INTO `paper_author` VALUES (165,489);
INSERT INTO `paper_author` VALUES (166,490);
INSERT INTO `paper_author` VALUES (166,491);
INSERT INTO `paper_author` VALUES (166,492);
INSERT INTO `paper_author` VALUES (166,31);
INSERT INTO `paper_author` VALUES (166,32);
INSERT INTO `paper_author` VALUES (167,493);
INSERT INTO `paper_author` VALUES (167,494);
INSERT INTO `paper_author` VALUES (167,495);
INSERT INTO `paper_author` VALUES (167,496);
INSERT INTO `paper_author` VALUES (167,497);
INSERT INTO `paper_author` VALUES (168,498);
INSERT INTO `paper_author` VALUES (168,499);
INSERT INTO `paper_author` VALUES (168,500);
INSERT INTO `paper_author` VALUES (168,501);
INSERT INTO `paper_author` VALUES (168,502);
INSERT INTO `paper_author` VALUES (169,503);
INSERT INTO `paper_author` VALUES (169,504);
INSERT INTO `paper_author` VALUES (170,280);
INSERT INTO `paper_author` VALUES (170,170);
INSERT INTO `paper_author` VALUES (170,505);
INSERT INTO `paper_author` VALUES (170,171);
INSERT INTO `paper_author` VALUES (171,506);
INSERT INTO `paper_author` VALUES (171,507);
INSERT INTO `paper_author` VALUES (171,508);
INSERT INTO `paper_author` VALUES (171,509);
INSERT INTO `paper_author` VALUES (171,510);
INSERT INTO `paper_author` VALUES (171,511);
INSERT INTO `paper_author` VALUES (172,512);
INSERT INTO `paper_author` VALUES (172,513);
INSERT INTO `paper_author` VALUES (173,514);
INSERT INTO `paper_author` VALUES (173,515);
INSERT INTO `paper_author` VALUES (173,516);
INSERT INTO `paper_author` VALUES (173,517);
INSERT INTO `paper_author` VALUES (173,518);
INSERT INTO `paper_author` VALUES (174,515);
INSERT INTO `paper_author` VALUES (174,521);
INSERT INTO `paper_author` VALUES (174,486);
INSERT INTO `paper_author` VALUES (175,522);
INSERT INTO `paper_author` VALUES (175,523);
INSERT INTO `paper_author` VALUES (175,524);
INSERT INTO `paper_author` VALUES (175,525);
INSERT INTO `paper_author` VALUES (176,526);
INSERT INTO `paper_author` VALUES (176,527);
INSERT INTO `paper_author` VALUES (176,515);
INSERT INTO `paper_author` VALUES (177,529);
INSERT INTO `paper_author` VALUES (177,530);
INSERT INTO `paper_author` VALUES (177,531);
INSERT INTO `paper_author` VALUES (177,532);
INSERT INTO `paper_author` VALUES (178,533);
INSERT INTO `paper_author` VALUES (178,534);
INSERT INTO `paper_author` VALUES (178,535);
INSERT INTO `paper_author` VALUES (178,536);
INSERT INTO `paper_author` VALUES (178,537);
INSERT INTO `paper_author` VALUES (178,538);
INSERT INTO `paper_author` VALUES (179,539);
INSERT INTO `paper_author` VALUES (179,540);
INSERT INTO `paper_author` VALUES (179,541);
INSERT INTO `paper_author` VALUES (179,542);
INSERT INTO `paper_author` VALUES (180,543);
INSERT INTO `paper_author` VALUES (180,544);
INSERT INTO `paper_author` VALUES (180,307);
INSERT INTO `paper_author` VALUES (180,515);
INSERT INTO `paper_author` VALUES (181,545);
INSERT INTO `paper_author` VALUES (181,546);
INSERT INTO `paper_author` VALUES (181,450);
INSERT INTO `paper_author` VALUES (181,547);
INSERT INTO `paper_author` VALUES (181,548);
INSERT INTO `paper_author` VALUES (181,453);
INSERT INTO `paper_author` VALUES (181,454);
INSERT INTO `paper_author` VALUES (181,449);
INSERT INTO `paper_author` VALUES (182,11);
INSERT INTO `paper_author` VALUES (182,550);
INSERT INTO `paper_author` VALUES (182,551);
INSERT INTO `paper_author` VALUES (182,13);
INSERT INTO `paper_author` VALUES (182,103);
INSERT INTO `paper_author` VALUES (183,552);
INSERT INTO `paper_author` VALUES (183,515);
INSERT INTO `paper_author` VALUES (184,553);
INSERT INTO `paper_author` VALUES (184,554);
INSERT INTO `paper_author` VALUES (184,555);
INSERT INTO `paper_author` VALUES (184,511);
INSERT INTO `paper_author` VALUES (184,506);
INSERT INTO `paper_author` VALUES (185,545);
INSERT INTO `paper_author` VALUES (185,546);
INSERT INTO `paper_author` VALUES (185,547);
INSERT INTO `paper_author` VALUES (185,558);
INSERT INTO `paper_author` VALUES (185,450);
INSERT INTO `paper_author` VALUES (185,453);
INSERT INTO `paper_author` VALUES (185,454);
INSERT INTO `paper_author` VALUES (185,449);
INSERT INTO `paper_author` VALUES (186,559);
INSERT INTO `paper_author` VALUES (186,560);
INSERT INTO `paper_author` VALUES (186,561);
INSERT INTO `paper_author` VALUES (186,562);
INSERT INTO `paper_author` VALUES (186,563);
INSERT INTO `paper_author` VALUES (186,564);
INSERT INTO `paper_author` VALUES (187,565);
INSERT INTO `paper_author` VALUES (187,566);
INSERT INTO `paper_author` VALUES (187,567);
INSERT INTO `paper_author` VALUES (187,568);
INSERT INTO `paper_author` VALUES (187,569);
INSERT INTO `paper_author` VALUES (187,570);
INSERT INTO `paper_author` VALUES (188,571);
INSERT INTO `paper_author` VALUES (188,1);
INSERT INTO `paper_author` VALUES (188,572);
INSERT INTO `paper_author` VALUES (189,573);
INSERT INTO `paper_author` VALUES (189,574);
INSERT INTO `paper_author` VALUES (189,575);
INSERT INTO `paper_author` VALUES (189,576);
INSERT INTO `paper_author` VALUES (189,577);
INSERT INTO `paper_author` VALUES (189,578);
INSERT INTO `paper_author` VALUES (190,579);
INSERT INTO `paper_author` VALUES (190,287);
INSERT INTO `paper_author` VALUES (190,291);
INSERT INTO `paper_author` VALUES (190,101);
INSERT INTO `paper_author` VALUES (190,580);
INSERT INTO `paper_author` VALUES (190,581);
INSERT INTO `paper_author` VALUES (190,289);
INSERT INTO `paper_author` VALUES (190,126);
INSERT INTO `paper_author` VALUES (191,582);
INSERT INTO `paper_author` VALUES (192,583);
INSERT INTO `paper_author` VALUES (192,584);
INSERT INTO `paper_author` VALUES (192,585);
INSERT INTO `paper_author` VALUES (192,586);
INSERT INTO `paper_author` VALUES (192,587);
INSERT INTO `paper_author` VALUES (193,588);
INSERT INTO `paper_author` VALUES (193,589);
INSERT INTO `paper_author` VALUES (193,590);
INSERT INTO `paper_author` VALUES (193,591);
INSERT INTO `paper_author` VALUES (193,592);
INSERT INTO `paper_author` VALUES (193,593);
INSERT INTO `paper_author` VALUES (193,594);
INSERT INTO `paper_author` VALUES (194,595);
INSERT INTO `paper_author` VALUES (194,596);
INSERT INTO `paper_author` VALUES (195,575);
INSERT INTO `paper_author` VALUES (195,597);
INSERT INTO `paper_author` VALUES (195,598);
INSERT INTO `paper_author` VALUES (196,170);
INSERT INTO `paper_author` VALUES (196,599);
INSERT INTO `paper_author` VALUES (196,171);
INSERT INTO `paper_author` VALUES (196,600);
INSERT INTO `paper_author` VALUES (196,601);
INSERT INTO `paper_author` VALUES (197,602);
INSERT INTO `paper_author` VALUES (197,240);
INSERT INTO `paper_author` VALUES (197,243);
INSERT INTO `paper_author` VALUES (198,58);
INSERT INTO `paper_author` VALUES (198,603);
INSERT INTO `paper_author` VALUES (198,604);
INSERT INTO `paper_author` VALUES (198,605);
INSERT INTO `paper_author` VALUES (199,606);
INSERT INTO `paper_author` VALUES (199,607);
INSERT INTO `paper_author` VALUES (199,608);
INSERT INTO `paper_author` VALUES (200,609);
INSERT INTO `paper_author` VALUES (200,610);
INSERT INTO `paper_author` VALUES (201,611);
INSERT INTO `paper_author` VALUES (201,612);
INSERT INTO `paper_author` VALUES (201,613);
INSERT INTO `paper_author` VALUES (201,615);
INSERT INTO `paper_author` VALUES (201,616);
INSERT INTO `paper_author` VALUES (202,617);
INSERT INTO `paper_author` VALUES (202,618);
INSERT INTO `paper_author` VALUES (202,345);
INSERT INTO `paper_author` VALUES (203,619);
INSERT INTO `paper_author` VALUES (203,240);
INSERT INTO `paper_author` VALUES (203,620);
INSERT INTO `paper_author` VALUES (203,621);
INSERT INTO `paper_author` VALUES (203,243);
INSERT INTO `paper_author` VALUES (204,240);
INSERT INTO `paper_author` VALUES (204,242);
INSERT INTO `paper_author` VALUES (204,241);
INSERT INTO `paper_author` VALUES (204,602);
INSERT INTO `paper_author` VALUES (204,243);
INSERT INTO `paper_author` VALUES (205,623);
INSERT INTO `paper_author` VALUES (205,624);
INSERT INTO `paper_author` VALUES (206,610);
INSERT INTO `paper_author` VALUES (206,625);
INSERT INTO `paper_author` VALUES (206,626);
INSERT INTO `paper_author` VALUES (206,627);
INSERT INTO `paper_author` VALUES (206,628);
INSERT INTO `paper_author` VALUES (206,629);
INSERT INTO `paper_author` VALUES (206,630);
INSERT INTO `paper_author` VALUES (207,631);
INSERT INTO `paper_author` VALUES (207,632);
INSERT INTO `paper_author` VALUES (208,633);
INSERT INTO `paper_author` VALUES (208,419);
INSERT INTO `paper_author` VALUES (208,634);
INSERT INTO `paper_author` VALUES (208,635);
INSERT INTO `paper_author` VALUES (208,420);
INSERT INTO `paper_author` VALUES (209,633);
INSERT INTO `paper_author` VALUES (209,419);
INSERT INTO `paper_author` VALUES (209,444);
INSERT INTO `paper_author` VALUES (209,443);
INSERT INTO `paper_author` VALUES (209,420);
INSERT INTO `paper_author` VALUES (210,636);
INSERT INTO `paper_author` VALUES (210,637);
INSERT INTO `paper_author` VALUES (210,638);
INSERT INTO `paper_author` VALUES (210,639);
INSERT INTO `paper_author` VALUES (210,641);
INSERT INTO `paper_author` VALUES (210,642);
INSERT INTO `paper_author` VALUES (210,643);
INSERT INTO `paper_author` VALUES (211,644);
INSERT INTO `paper_author` VALUES (211,645);
INSERT INTO `paper_author` VALUES (211,307);
INSERT INTO `paper_author` VALUES (211,646);
INSERT INTO `paper_author` VALUES (211,647);
INSERT INTO `paper_author` VALUES (212,207);
INSERT INTO `paper_author` VALUES (212,486);
INSERT INTO `paper_author` VALUES (213,207);
INSERT INTO `paper_author` VALUES (213,486);
INSERT INTO `paper_author` VALUES (214,207);
INSERT INTO `paper_author` VALUES (214,486);
INSERT INTO `paper_author` VALUES (215,207);
INSERT INTO `paper_author` VALUES (215,486);
INSERT INTO `paper_author` VALUES (216,648);
INSERT INTO `paper_author` VALUES (216,649);
INSERT INTO `paper_author` VALUES (216,650);
INSERT INTO `paper_author` VALUES (216,651);
INSERT INTO `paper_author` VALUES (217,652);
INSERT INTO `paper_author` VALUES (217,653);
INSERT INTO `paper_author` VALUES (217,654);
INSERT INTO `paper_author` VALUES (217,655);
INSERT INTO `paper_author` VALUES (217,656);
INSERT INTO `paper_author` VALUES (217,657);
INSERT INTO `paper_author` VALUES (217,658);
INSERT INTO `paper_author` VALUES (217,659);
INSERT INTO `paper_author` VALUES (217,660);
INSERT INTO `paper_author` VALUES (217,661);
INSERT INTO `paper_author` VALUES (218,662);
INSERT INTO `paper_author` VALUES (218,663);
INSERT INTO `paper_author` VALUES (218,664);
INSERT INTO `paper_author` VALUES (218,665);
INSERT INTO `paper_author` VALUES (219,666);
INSERT INTO `paper_author` VALUES (219,667);
INSERT INTO `paper_author` VALUES (219,579);
INSERT INTO `paper_author` VALUES (219,668);
INSERT INTO `paper_author` VALUES (219,670);
INSERT INTO `paper_author` VALUES (220,116);
INSERT INTO `paper_author` VALUES (220,118);
INSERT INTO `paper_author` VALUES (220,671);
INSERT INTO `paper_author` VALUES (221,236);
INSERT INTO `paper_author` VALUES (221,672);
INSERT INTO `paper_author` VALUES (222,673);
INSERT INTO `paper_author` VALUES (222,674);
INSERT INTO `paper_author` VALUES (222,675);
INSERT INTO `paper_author` VALUES (222,676);
INSERT INTO `paper_author` VALUES (223,248);
INSERT INTO `paper_author` VALUES (223,677);
INSERT INTO `paper_author` VALUES (223,250);
INSERT INTO `paper_author` VALUES (90,259);
INSERT INTO `paper_author` VALUES (90,260);
DROP TABLE IF EXISTS `paper`;
CREATE TABLE IF NOT EXISTS `paper` (
	`id`	INTEGER,
	`title`	TEXT
);
INSERT INTO `paper` VALUES (1,'Visual Distraction Effects of In-Car Text Entry Methods - Comparing Keyboard, Handwriting and Voice Recognition');
INSERT INTO `paper` VALUES (2,'An Evaluation of Touch and Pressure-Based Scrolling and Haptic Feedback for In-Car Touchscreens');
INSERT INTO `paper` VALUES (3,'In-Vehicle Touchscreen Interaction: Can a Head-Down Display Give a Heads-Up on Obstacles on the Road?');
INSERT INTO `paper` VALUES (4,'Putting the Joy in Driving: Investigating the Use of a Joystick as an Alternative to Traditional Controls within Future Autonomous Vehicles');
INSERT INTO `paper` VALUES (5,'Did You See Me?: Assessing Perceptual vs. Real Driving Gains Across Multi-Modal Pedestrian Alert Systems');
INSERT INTO `paper` VALUES (6,'Designing an In-Vehicle Air Gesture Set Using Elicitation Methods');
INSERT INTO `paper` VALUES (7,'Novel Multimodal Feedback Techniques for In-Car Mid-Air Gesture Interaction');
INSERT INTO `paper` VALUES (8,'The Effects of Situational Demands on Gaze, Speech and Gesture Input in the Vehicle');
INSERT INTO `paper` VALUES (9,'Differentiating Cognitive Load Using a Modified Version of AttenD');
INSERT INTO `paper` VALUES (10,'Using EEG to Understand why Behavior to Auditory In-vehicle Notifications Differs Across Test Environments');
INSERT INTO `paper` VALUES (11,'Learning-by-Doing: Using Near Infrared Spectroscopy to Detect Habituation and Adaptation in Automated Driving');
INSERT INTO `paper` VALUES (12,'Visual Attention During Simulated Autonomous Driving in the US and Japan');
INSERT INTO `paper` VALUES (13,'What Did I Sniff?: Mapping Scents Onto Driving-Related Messages');
INSERT INTO `paper` VALUES (14,'Altering Speed Perception through the Subliminal Adaptation of Music within a Vehicle');
INSERT INTO `paper` VALUES (15,'Collaborative Experience Prototyping of Automotive Interior in VR with 3D Sketching and Haptic Helpers');
INSERT INTO `paper` VALUES (16,'Benefits of Personalization in the Context of a Speech-Based Left-Turn Assistant');
INSERT INTO `paper` VALUES (17,'Development and Preliminary Evaluation of Reliability Displays for Automated Lane Keeping');
INSERT INTO `paper` VALUES (18,'Comparing Shape-Changing and Vibro-Tactile Steering Wheels for Take-Over Requests in Highly Automated Driving');
INSERT INTO `paper` VALUES (19,'What''s in a Name: Vehicle Technology Branding & Consumer Expectations for Automation');
INSERT INTO `paper` VALUES (20,'Driving Hotzenplotz: A Hybrid Interface for Vehicle Control Aiming to Maximize Pleasure in Highway Driving');
INSERT INTO `paper` VALUES (21,'Individual LED Visualization Calibration to Increase Spatial Accuracy: Findings from a Static Driving Simulator Setup');
INSERT INTO `paper` VALUES (22,'Guiding Driver Visual Attention with LEDs');
INSERT INTO `paper` VALUES (23,'Situation Awareness in Automated Vehicles through Proximal Peripheral Light Signals');
INSERT INTO `paper` VALUES (24,'Ambient Light and its Influence on Driving Experience');
INSERT INTO `paper` VALUES (25,'First Steps towards a View Management Concept for Large-sized Head-up Displays with Continuous Depth');
INSERT INTO `paper` VALUES (26,'Visouspatial Workload Measurement of an Interface Based on a Dual Task of Visual Working Memory Test');
INSERT INTO `paper` VALUES (27,'Theater-system Technique and Model-based Attention Prediction for the Early Automotive HMI Design Evaluation');
INSERT INTO `paper` VALUES (28,'Turn Left at the Fairham Pub Using Navigational Guidance to Reconnect Drivers With Their Environment');
INSERT INTO `paper` VALUES (29,'Likes and "Dislikes" on the Road: A Social Feedback System for Improving Driving Behavior');
INSERT INTO `paper` VALUES (30,'Automated Driving System, Male, or Female Driver: Who''d You Prefer? Comparative Analysis of Passengers'' Mental Conditions, Emotional States & Qualitative Feedback');
INSERT INTO `paper` VALUES (31,'Enhancing Telephone Communication in the Vehicle Through Audio from the Headrest: A Comparison Study');
INSERT INTO `paper` VALUES (32,'Assessing Cognitive Demand during Natural Language Interaction with a Digital Driving Assistant');
INSERT INTO `paper` VALUES (33,'Same, Same but Different: How Design Requirements for an Auditory Advisory Traffic Information System Differ Between Sweden and China');
INSERT INTO `paper` VALUES (34,'CoastMaster: An Ambient Speedometer to Gamify Safe Driving');
INSERT INTO `paper` VALUES (35,'The Effect of Font Weight and Rendering System on Glance-Based Text Legibility');
INSERT INTO `paper` VALUES (36,'Elaborating Feedback Strategies for Maintaining Automation in Highly Automated Driving');
INSERT INTO `paper` VALUES (37,'You Do Not Have to Touch to Select: A Study on Predictive In-car Touchscreen with Mid-air Selection');
INSERT INTO `paper` VALUES (38,'Investigating Pressure Input and Haptic Feedback for In-Car Touchscreens and Touch Surfaces');
INSERT INTO `paper` VALUES (39,'Evaluation of Haptic Patterns on a Steering Wheel');
INSERT INTO `paper` VALUES (40,'Advantages of Active Haptics on Touch Surfaces');
INSERT INTO `paper` VALUES (41,'Effects of Mediating Notifications Based on Task Load');
INSERT INTO `paper` VALUES (42,'An Eye-tracking Evaluation of Driver Distraction and Unfamiliar Road Signs');
INSERT INTO `paper` VALUES (43,'Twist It, Touch It, Push It, Swipe It: Evaluating Secondary Input Devices for Use with an Automotive Touchscreen HMI');
INSERT INTO `paper` VALUES (44,'On the Visual Distraction Effects of Audio-Visual Route Guidance');
INSERT INTO `paper` VALUES (45,'T9+HUD: Physical Keypad and HUD can Improve Driving Performance while Typing and Driving');
INSERT INTO `paper` VALUES (46,'Head-Up vs. Head-Down Displays: Examining Traditional Methods of Display Assessment While Driving');
INSERT INTO `paper` VALUES (47,'A Question of Trust: An Ethnographic Study of Automated Cars on Real Roads');
INSERT INTO `paper` VALUES (48,'Behavioral Impact of Drivers'' Roles in Automated Driving');
INSERT INTO `paper` VALUES (49,'Autonomous Driving in the Real World: Experiences with Tesla Autopilot and Summon');
INSERT INTO `paper` VALUES (50,'Switching Back to Manual Driving: How Does it Compare to Simply Driving Away After Parking?');
INSERT INTO `paper` VALUES (51,'Assisting Drivers with Ambient Take-Over Requests in Highly Automated Driving');
INSERT INTO `paper` VALUES (52,'The Exploration of Autonomous Vehicle Driving Styles: Preferred Longitudinal, Lateral, and Vertical Accelerations');
INSERT INTO `paper` VALUES (53,'Your Turn or My Turn? Design of a Human-Machine Interface for Conditional Automation');
INSERT INTO `paper` VALUES (54,'Towards Cooperative Driving: Involving the Driver in an Autonomous Vehicle''s Decision Making');
INSERT INTO `paper` VALUES (55,'PlatoonPal: User-Centered Development and Evaluation of an Assistance System for Heavy-Duty Truck Platooning');
INSERT INTO `paper` VALUES (56,'Supporting Drivers in Truck Platooning: Development and Evaluation of Two Novel Human-Machine Interfaces');
INSERT INTO `paper` VALUES (57,'Language-Based Multimodal Displays for the Handover of Control in Autonomous Cars');
INSERT INTO `paper` VALUES (58,'Autonomous Driving: Investigating the Feasibility of Car-Driver Handover Assistance');
INSERT INTO `paper` VALUES (59,'Rules of Conduct for Autonomous Vehicles');
INSERT INTO `paper` VALUES (60,'Haptic Seat for Automated Driving: Preparing the Driver to Take Control Effectively');
INSERT INTO `paper` VALUES (61,'Tactile Feedback for Virtual Automotive Steering Wheel Switches');
INSERT INTO `paper` VALUES (62,'A Leap for Touch: Proximity Sensitive Touch Targets in Cars');
INSERT INTO `paper` VALUES (63,'Touchscreen Usability and Input Performance in Vehicles under Different Road Conditions: An Evaluative Study');
INSERT INTO `paper` VALUES (64,'An Investigation of Augmented Reality Presentations of Landmark-Based Navigation using a Head-Up Display');
INSERT INTO `paper` VALUES (65,'Contact-analog Warnings on Windshield Displays promote Monitoring the Road Scene');
INSERT INTO `paper` VALUES (66,'Depth Discrimination between Augmented Reality and Real-World Targets for Vehicle Head-Up Displays');
INSERT INTO `paper` VALUES (67,'Visual Search Tasks: The Effects of Head-Up Displays on Driving and Task Performance');
INSERT INTO `paper` VALUES (68,'Warwick-JLR Driver Monitoring Dataset (DMD): Statistics and Early Findings');
INSERT INTO `paper` VALUES (69,'Do You See What I See: Towards A Gaze-Based Surroundings Query Processing System');
INSERT INTO `paper` VALUES (70,'Comparing the NHTSA and ISO Occlusion Test Protocols: How Many Participants arre Sufficient?');
INSERT INTO `paper` VALUES (71,'Applying NHTSA Task Acceptance Criteria to Different Simulated Driving Scenarios');
INSERT INTO `paper` VALUES (72,'Evaluation Multimodal Driver Displays of Varying Urgency for Drivers on the Autistic Spectrum');
INSERT INTO `paper` VALUES (73,'Identifying Human Desires Relative to the Integration of Mobile Devices into Automobiles');
INSERT INTO `paper` VALUES (74,'Effects of Age and Smartphone Experience on Driver Behavior during Address Entry: A Comparison between a Samsung Galaxy and Apple iPhone');
INSERT INTO `paper` VALUES (75,'Smartwatches vs. Smartphones: A preliminary report of driver behavior and perceived risk while responding to notifications');
INSERT INTO `paper` VALUES (76,'Investigating a New Display Format for CarPlay to Decrease Impact of Mode Change Inputs');
INSERT INTO `paper` VALUES (77,'Introducing Novel Technologies in the Car - Conducting a Real-World Study to Test 3D Dashboards');
INSERT INTO `paper` VALUES (78,'Co-Navigator: An Advanced Navigation System for Front-Seat Passangers');
INSERT INTO `paper` VALUES (79,'Light My Way: Visualizing Shared Gaze in the Car');
INSERT INTO `paper` VALUES (80,'Supporting Lane Change Decisions with Ambient Light');
INSERT INTO `paper` VALUES (81,'ChaseLight: Ambient LED Stripes to Control Driving Speed');
INSERT INTO `paper` VALUES (82,'Predicting the Visual Demand of Finger-Touch Pointing Tasks in a Driving Context');
INSERT INTO `paper` VALUES (83,'Everyday Commuting: Prediction, Actual Experience and Recall of Anger and Frustration in the Car');
INSERT INTO `paper` VALUES (84,'Tailoring Mobile Apps for Safe On-road Usage: How an Interaction Concept Enables Safe Interaction with Hotel Booking, News, Wolfram Alpha and Facebook');
INSERT INTO `paper` VALUES (85,'Advancing electric vehicle range displays for enhanced user experience - the relevance of trust and adaptability');
INSERT INTO `paper` VALUES (86,'Measuring Driving Styles: A Validation of the Multidimensional Driving Style Inventory');
INSERT INTO `paper` VALUES (87,'A Context-based Design Process for Future Use Cases of Autonomous Driving: Prototyping AutoGym');
INSERT INTO `paper` VALUES (88,'Secondary Task Boundaries Influence Drivers'' Glance Durations');
INSERT INTO `paper` VALUES (89,'The RRADS Platform: A Real Road Autonomous Driving Simulator');
INSERT INTO `paper` VALUES (90,'Getting to Know Electric Cars through an App');
INSERT INTO `paper` VALUES (91,'Exploring and Evaluating the Capabilities of Kinect v2 in a Driving Simulator Environment');
INSERT INTO `paper` VALUES (92,'Dorsal Haptic Display: A Shape-changing Car Seat for Sensory Augmentation of Rear Obstacles');
INSERT INTO `paper` VALUES (93,'Examining the interaction between timing and modality in forward collision warnings');
INSERT INTO `paper` VALUES (94,'User Interface für assistiertes Parken');
INSERT INTO `paper` VALUES (95,'Natürliche Blickfolgen vor einer Fahrt im Fahrzeug');
INSERT INTO `paper` VALUES (96,'Integrated HMI Concept for Driver Assistance and Automation');
INSERT INTO `paper` VALUES (97,'Affinitätsdiagramm - Qualitative Auswertung einer FAS-Nutzerstudie');
INSERT INTO `paper` VALUES (98,'Controlling vehicle functions with natural body language');
INSERT INTO `paper` VALUES (99,'Interaction design for nomadic devices in highly automated vehicles');
INSERT INTO `paper` VALUES (100,'User Expectations on Touchless Gestures in Vehicles');
INSERT INTO `paper` VALUES (101,'The Vehicle: A Workplace of the Future');
INSERT INTO `paper` VALUES (102,'Speech improves human-automation cooperation in automated driving');
INSERT INTO `paper` VALUES (103,'Development and Evaluation of a Virtual Reality Driving Simulator');
INSERT INTO `paper` VALUES (104,'Erhöhung der Transparenz eines adaptiven Empfehlungsdienstes');
INSERT INTO `paper` VALUES (105,'Nutzerzentrierte Gestaltung und Entwicklung eines kontextsensitiven HMI');
INSERT INTO `paper` VALUES (106,'Priming Drivers before Handover in Semi-Autonomous Cars');
INSERT INTO `paper` VALUES (107,'Toward Measurement of Situation Awareness in Autonomous Vehicles');
INSERT INTO `paper` VALUES (108,'Understanding the Cost of Driving Trips');
INSERT INTO `paper` VALUES (109,'What Can Be Predicted from Six Seconds of Driver Glances');
INSERT INTO `paper` VALUES (110,'Using Advisory 3D Sound Cues to Improve Drivers'' Performance and Situation Awareness');
INSERT INTO `paper` VALUES (111,'Dasigning Gamified Applications That Make Safe Driving More Engaging');
INSERT INTO `paper` VALUES (112,'Tunneled In: Drivers with Active Secondary Tasks Need More Time to Transition from Automation');
INSERT INTO `paper` VALUES (113,'An Evaluation of Input Controls for In-Car Interactions');
INSERT INTO `paper` VALUES (114,'Peer-to-peer in the Workplace: A View from the Road');
INSERT INTO `paper` VALUES (115,'Error Recovery in Multitasking While Driving');
INSERT INTO `paper` VALUES (116,'Sensors Know When to Interrupt You in the Car: Detecting Driver Interruptibility Through Monitoring of Peripheral Interactions');
INSERT INTO `paper` VALUES (117,'Displayed Uncertainty Improves Driving Experience and Behavior: The Case of Range Anxiety in an Electric Car');
INSERT INTO `paper` VALUES (118,'To Beep or Not to Beep? Comparing Abstract versus Language-Based Multimodal Driver Displays');
INSERT INTO `paper` VALUES (119,'A Real-Time Fatigue Driving Recognition Method Incorporating Contextual Features and Two Fusion Levels');
INSERT INTO `paper` VALUES (120,'Real-Time Feedback Impacts on Eco-Driving Behavior and Influential Variables in Fuel Consumption in a Lisbon Urban Bus Operator');
INSERT INTO `paper` VALUES (121,'Smartphone-Based Adaptive Driving Maneuver Detection: A Large-Scale Evaluation Study');
INSERT INTO `paper` VALUES (122,'On Developing a Driver Identification Methodology Using In-Vehicle Data Recorders');
INSERT INTO `paper` VALUES (123,'A Simulator Study Comparing Characteristics of Manual and Automated Driving During Lane Changes of Long Combination Vehicles');
INSERT INTO `paper` VALUES (124,'Wearable Glove-Type Driver Stress Detection Using a Motion Sensor');
INSERT INTO `paper` VALUES (125,'Towards Detection of Bus Driver Fatigue Based on Robust Visual Analysis of Eye State');
INSERT INTO `paper` VALUES (126,'Visual Monitoring of Driver and Passenger Control Panel Interactions');
INSERT INTO `paper` VALUES (127,'Influence of In-Vehicle Adaptive Stop Display on Driving Behavior and Safety');
INSERT INTO `paper` VALUES (128,'Detecting Drivers'' Mirror-Checking Actions and Ist Application to Maneuver and Secondary Task Recognition');
INSERT INTO `paper` VALUES (129,'Context-sensitive distraction warnings - Effects on drivers'' visual behavior and acceptance');
INSERT INTO `paper` VALUES (130,'Help on the road: Effects of vehicle manual consultation in driving performance across modalities');
INSERT INTO `paper` VALUES (131,'Perceived Visual Complexity of In-Vehicle Information Display and Ist Effects on Glance Behavior and Preferences');
INSERT INTO `paper` VALUES (132,'Comparing Ocular Parameters for Cognitive Load Measurement in Eye-gaze Controlled Interfaces for Automotive and Desktop Computing Environments');
INSERT INTO `paper` VALUES (133,'Effects of Superimposition of a Head-Up Display on Driving Performance and Glance Behavior in the Elderly');
INSERT INTO `paper` VALUES (134,'Using the Default Option Bias to Influence Decision-Making While Driving');
INSERT INTO `paper` VALUES (135,'Perceived Visual Complexity and Visual Search Performance of Automotive Instrument Cluster: A Quantitative Measurement Study');
INSERT INTO `paper` VALUES (136,'Design and Evaluation of a Touch-Based Personalizable In-vehicle User Interface');
INSERT INTO `paper` VALUES (137,'User Perceptions Toward In-Vehicle Technologies: Relationships to Age, Health, Preconceptions, and Hands-On Experience');
INSERT INTO `paper` VALUES (138,'Utilization of Visual Information Perception Characteristics to Improve Classification Accuracy of Driver''s Visual Search Intention for Intelligent Vehicle');
INSERT INTO `paper` VALUES (139,'Investigating the Importance of Trust on Adopting an Autonomous Vehicle');
INSERT INTO `paper` VALUES (140,'Detecting Driver Normal and Emergency Lane-Changing Intentions With Queuing Network-Based Driver Models');
INSERT INTO `paper` VALUES (141,'Use of the Backseat Driving Technique in Evaluation of a Perceptually Optimized In-Car Navigation Display');
INSERT INTO `paper` VALUES (142,'Menu Navigation With In-Vehicle Technologies: Auditory Menu Cues Improve Dual Task Performance, Preference, and Workload');
INSERT INTO `paper` VALUES (143,'Cross-Cultural Differences in Automotive HMI Design: A Comparative Study Between UK and Indian Users'' Design Preferences');
INSERT INTO `paper` VALUES (144,'Eye-Gaze Tracking Analysis of Driver Behavior While Interaction With Navigation Systems in an Urban Area');
INSERT INTO `paper` VALUES (145,'Driver Assistance System With a Dual Control Scheme: Effectiveness of Identifying Driver Drowsiness and Preventing Lane Departure Accidents');
INSERT INTO `paper` VALUES (146,'Takeover Requests in Simulated Partially Autonomous Vehicles Considering Human Factors');
INSERT INTO `paper` VALUES (147,'Cooperative Shared Control Driver Assistance Systems Based on Motion Primitives and Differential Games');
INSERT INTO `paper` VALUES (148,'Encouraging Eco-Driving With Visual, Auditory, and Vibrotactile Stimuli');
INSERT INTO `paper` VALUES (149,'Wearable Mobile-Based Emotional Response-Monitoring System for Drivers');
INSERT INTO `paper` VALUES (150,'The Effect of a Haptic Guidance Steering System on Fatigue-Related Driver Behavior');
INSERT INTO `paper` VALUES (151,'Assessment model for perceived visual complexity of automotive instrument cluster');
INSERT INTO `paper` VALUES (152,'A user study of auditory, head-up and multi-modal displays in vehicles');
INSERT INTO `paper` VALUES (153,'Driver behavior in use of guide and logo signs under distraction and complex roadway conditions');
INSERT INTO `paper` VALUES (154,'Driving performance and driver discomfort in an elevated and standard driving position during a driving simulation');
INSERT INTO `paper` VALUES (155,'Sonification of in-vehicle interface reduces gaze movements under dual-task condition');
INSERT INTO `paper` VALUES (156,'Use of adaptive cruise control functions on motorways and urban roads: Changes over time in an on-road study');
INSERT INTO `paper` VALUES (157,'The effects of social interactions with in-vehicle agents on a driver''s anger level, driving performance, situation awareness, and perceived workload');
INSERT INTO `paper` VALUES (158,'Driver behaviour at roadworks');
INSERT INTO `paper` VALUES (159,'Overload depending on driving experience and situation complexity: Which strategies faced with a pedestrian crossing?');
INSERT INTO `paper` VALUES (160,'Reductions in self-reported stress and anticipatory heart rate with the use of a semi-automated parallel parking system');
INSERT INTO `paper` VALUES (161,'Assessments of risky driving: A Go/No-Go simulator driving task to evaluate risky decision-making and associated behavioral patterns');
INSERT INTO `paper` VALUES (162,'Designing Fatigue Warning Systems: The perspective of professional drivers');
INSERT INTO `paper` VALUES (163,'Keep the driver in control: Automating automobiles of the future');
INSERT INTO `paper` VALUES (164,'Driving without wings: The effect of different digital mirror locations on the visual behaviour, performance and opinions of drivers');
INSERT INTO `paper` VALUES (165,'Why we love or hate our cars: A qualitative approach to the development of a quantitative user experience survey');
INSERT INTO `paper` VALUES (166,'Comparing the demands of destination entry using Google Glass and the Samsung Galaxy S4 during simulated driving');
INSERT INTO `paper` VALUES (167,'Advanced driver assistance systems: Using multimodal redundant warnings to enhance road safety');
INSERT INTO `paper` VALUES (168,'Distraction and task engagement: How interesting and boring information impact driving performance and subjective and physiological responses');
INSERT INTO `paper` VALUES (169,'Changes in glance behaviour when using a visual eco-driving system - A field study');
INSERT INTO `paper` VALUES (170,'Evaluating distraction of in-vehicle information systems while driving by predicting total eyes-off-road times with keystroke level modeling');
INSERT INTO `paper` VALUES (171,'Influence of lane departure warnings onset and reliability on car drivers'' behaviors');
INSERT INTO `paper` VALUES (172,'How to assess driver''s interaction with partially automated driving systems - A framework for early concept assessment');
INSERT INTO `paper` VALUES (173,'Concurrent audio-visual feedback for supporting drivers at intersections: A study using two linked driving simulators');
INSERT INTO `paper` VALUES (174,'Effects of platooning on signal-detection performance, workload, and stress: A driving simulator study');
INSERT INTO `paper` VALUES (175,'Investigating the impact of static roadside advertising on drivers'' situation awareness');
INSERT INTO `paper` VALUES (176,'How much time do drivers need to obtain situation awareness? A laboratory-based study of automated driving');
INSERT INTO `paper` VALUES (177,'Effects of vibration on occupant driving performance under simulated driving conditions');
INSERT INTO `paper` VALUES (178,'Electrocardiographic features for the measurement of drivers'' mental workload');
INSERT INTO `paper` VALUES (179,'Psychophysiological responses to short-term cooling during a simulated monotonous driving task');
INSERT INTO `paper` VALUES (180,'Take-over again: Investigating multimodal and directional TORs to get the driver back into the loop');
INSERT INTO `paper` VALUES (181,'The role of driver age in performance and attention allocation effects of roadway sign count, format and familiarity');
INSERT INTO `paper` VALUES (182,'Steering the conversation: A linguistic exploration of natural language interactions with a digital assistant during simulated driving');
INSERT INTO `paper` VALUES (183,'Analyzing crowdsourced ratings of speech-based take-over requests for automated driving');
INSERT INTO `paper` VALUES (184,'Digital, analogue, or redundant speedometers for truck driving: Impact on visual distraction, efficiency and usability');
INSERT INTO `paper` VALUES (185,'Driver performance and attention allocation in use of logo signs on freeway exit ramps');
INSERT INTO `paper` VALUES (186,'Mirage events & driver haptic steering alerts in a motion-base driving simulator: A method for selecting an optimal HMI');
INSERT INTO `paper` VALUES (187,'A novel low-cost solution for driving assessment in individuals with and without disabilities');
INSERT INTO `paper` VALUES (188,'Semantic distance as a critical factor in icon design for in-car infotainment systems');
INSERT INTO `paper` VALUES (189,'Detection of driver drowsiness using wearable devices: A feasability study of the proximity sensor');
INSERT INTO `paper` VALUES (190,'Interaction design of automatic steering for collision avoidance: challenges and potentials of driver decoupling');
INSERT INTO `paper` VALUES (191,'Why do drivers change route? Effect of graphical route information panels');
INSERT INTO `paper` VALUES (192,'Effect of intelligent speed adaption technology on older drivers'' driving performance');
INSERT INTO `paper` VALUES (193,'Evaluation of the effectiveness of auditory speeding warnings for commercial passenger vehicles - a field study in Wuhan, China');
INSERT INTO `paper` VALUES (194,'Determinants of driver response to variable message sign information in Athens');
INSERT INTO `paper` VALUES (195,'Does gender make a difference to performing in-vehicle tasks?');
INSERT INTO `paper` VALUES (196,'Effectiveness of advisory warnings based on cooperative perception');
INSERT INTO `paper` VALUES (197,'User experience with electric vehicles while driving in a critical range situation - a qualitative approach');
INSERT INTO `paper` VALUES (198,'Evaluation of a multi-modal driver coaching function for electric vehicles');
INSERT INTO `paper` VALUES (199,'Role of driver assistance experience, system functionality, gender, age and sensation seeking in attitudes towards the safety of driver assistance systems');
INSERT INTO `paper` VALUES (200,'Setting the stage for autonomous cars: a pilot study of future autonomous driving experiences');
INSERT INTO `paper` VALUES (201,'Mindfulness, inattention and performance in a driving simulator');
INSERT INTO `paper` VALUES (202,'Driving simulator-based study of compliance behaviour with dynamic message sign route guidance');
INSERT INTO `paper` VALUES (203,'Eco-driving strategies in battery electric vehicle use - how do drivers adapt over time?');
INSERT INTO `paper` VALUES (204,'Range comfort zone of electric vehicle users - concept and assessment');
INSERT INTO `paper` VALUES (205,'Evaluation of the tactile detection response task in a laboratory test using a surrogate driving set-up');
INSERT INTO `paper` VALUES (206,'Patterns of use, perceived benefits and reported effects of access to navigation support systems: an inter-European field operational test');
INSERT INTO `paper` VALUES (207,'Steering control collision avoidance system and verification through subject study');
INSERT INTO `paper` VALUES (208,'Analysis of influence on driver behaviour while using in-vehicle traffic lights with application of head-up display');
INSERT INTO `paper` VALUES (209,'Evaluation of the effects of in-vehicle traffic lights on driving performances for unsignalised intersections');
INSERT INTO `paper` VALUES (210,'Impact of on-board tutoring systems to improve driving efficiency of non-professional drivers');
INSERT INTO `paper` VALUES (211,'Analysis of drivers'' performance in response to potential collision with pedestrians at urban crosswalks');
INSERT INTO `paper` VALUES (212,'Chapter 5: The Trade-Off between Context and Objectivity in an Analytic Evaluation of In-Vehicle Interfaces');
INSERT INTO `paper` VALUES (213,'Chapter 6: To Twist or Poke? A Method for Identifying Usability Issues with Direct and Indirect Input Devices for Control of In-Vehicle Information Systems');
INSERT INTO `paper` VALUES (214,'Chapter 7: Modelling the Hare and the Tortoise: Predicting IVIS Task Times for Fast, Middle, and Slow Person Performance using Critical Path Analysis');
INSERT INTO `paper` VALUES (215,'Chapter 8: Visual Attention on the Move: There Is More to Modelling than Meets the Eye');
INSERT INTO `paper` VALUES (216,'User-Oriented Evaluation of Driver Assistance Systems (Chapter 5.1)');
INSERT INTO `paper` VALUES (217,'PRORETA 3: Comprehensive Driver Assistance by Safety Corridor and Cooperative Automation');
INSERT INTO `paper` VALUES (218,'Conduct-by-Wire');
INSERT INTO `paper` VALUES (219,'H-Mode. A Haptic-Multimodal Interaction Concept for Cooperative Guidance and Control of Partially and Highly Automated Vehicles');
INSERT INTO `paper` VALUES (220,'Chapter 2 Engaged Drivers-Safe Drivers: Gathering Real-Time Data from Mobile and Wearable Devices for Safe-Driving Apps');
INSERT INTO `paper` VALUES (221,'Chapter 9 Eye and Head Tracking for Focus of Attention Control in the Cockpit');
INSERT INTO `paper` VALUES (222,'Chapter 17 User Experience with Increasing Levels of Vehicle Automation: Overview of the Challenges and Opportunities as Vehicles Progress from Partial to High Automation');
INSERT INTO `paper` VALUES (223,'Chapter 18 AutoPlay: Unfolding Motivational Affordances of Autonomous Driving');
DROP TABLE IF EXISTS `method`;
CREATE TABLE IF NOT EXISTS `method` (
	`id`	INTEGER,
	`title`	TEXT
);
INSERT INTO `method` VALUES (1,'Observation of users');
INSERT INTO `method` VALUES (2,'Performance-related measurements');
INSERT INTO `method` VALUES (3,'Critical incidents analysis');
INSERT INTO `method` VALUES (4,'Questionnaires');
INSERT INTO `method` VALUES (5,'Interviews');
INSERT INTO `method` VALUES (6,'Thinking aloud');
INSERT INTO `method` VALUES (7,'Collaborative design and evaluation');
INSERT INTO `method` VALUES (8,'Creativity methods');
INSERT INTO `method` VALUES (9,'Document-based methods');
INSERT INTO `method` VALUES (10,'Model-based approaches');
INSERT INTO `method` VALUES (11,'Expert evaluation');
INSERT INTO `method` VALUES (12,'Automated evaluation');
DROP TABLE IF EXISTS `interface`;
CREATE TABLE IF NOT EXISTS `interface` (
	`id`	INTEGER,
	`title`	TEXT
);
INSERT INTO `interface` VALUES (1,'Center Stack Display');
INSERT INTO `interface` VALUES (2,'Driver Display');
INSERT INTO `interface` VALUES (3,'Head-up Display');
INSERT INTO `interface` VALUES (4,'Speech Dialog System');
INSERT INTO `interface` VALUES (5,'Auditory Display');
INSERT INTO `interface` VALUES (6,'Air Gesture');
INSERT INTO `interface` VALUES (7,'Steering Wheel');
INSERT INTO `interface` VALUES (8,'Seat');
INSERT INTO `interface` VALUES (9,'Lighting');
INSERT INTO `interface` VALUES (10,'Virtual Reality');
INSERT INTO `interface` VALUES (11,'Nomadic Device');
INSERT INTO `interface` VALUES (12,'Thermal Interface');
INSERT INTO `interface` VALUES (13,'Olfactory Interface');
INSERT INTO `interface` VALUES (14,'Pedals');
DROP TABLE IF EXISTS `institution_country`;
CREATE TABLE IF NOT EXISTS `institution_country` (
	`institution_id`	INTEGER,
	`country_id`	INTEGER
);
INSERT INTO `institution_country` VALUES (1,9);
INSERT INTO `institution_country` VALUES (2,8);
INSERT INTO `institution_country` VALUES (3,28);
INSERT INTO `institution_country` VALUES (4,24);
INSERT INTO `institution_country` VALUES (5,10);
INSERT INTO `institution_country` VALUES (6,11);
INSERT INTO `institution_country` VALUES (7,11);
INSERT INTO `institution_country` VALUES (8,11);
INSERT INTO `institution_country` VALUES (9,32);
INSERT INTO `institution_country` VALUES (10,5);
INSERT INTO `institution_country` VALUES (11,33);
INSERT INTO `institution_country` VALUES (12,29);
INSERT INTO `institution_country` VALUES (13,11);
INSERT INTO `institution_country` VALUES (14,6);
INSERT INTO `institution_country` VALUES (15,6);
INSERT INTO `institution_country` VALUES (16,6);
INSERT INTO `institution_country` VALUES (17,33);
INSERT INTO `institution_country` VALUES (18,33);
INSERT INTO `institution_country` VALUES (19,11);
INSERT INTO `institution_country` VALUES (20,33);
INSERT INTO `institution_country` VALUES (21,11);
INSERT INTO `institution_country` VALUES (22,11);
INSERT INTO `institution_country` VALUES (23,21);
INSERT INTO `institution_country` VALUES (24,21);
INSERT INTO `institution_country` VALUES (25,3);
INSERT INTO `institution_country` VALUES (26,11);
INSERT INTO `institution_country` VALUES (27,11);
INSERT INTO `institution_country` VALUES (28,11);
INSERT INTO `institution_country` VALUES (28,33);
INSERT INTO `institution_country` VALUES (29,28);
INSERT INTO `institution_country` VALUES (30,11);
INSERT INTO `institution_country` VALUES (31,11);
INSERT INTO `institution_country` VALUES (32,10);
INSERT INTO `institution_country` VALUES (33,10);
INSERT INTO `institution_country` VALUES (34,15);
INSERT INTO `institution_country` VALUES (35,33);
INSERT INTO `institution_country` VALUES (36,11);
INSERT INTO `institution_country` VALUES (37,11);
INSERT INTO `institution_country` VALUES (38,11);
INSERT INTO `institution_country` VALUES (39,11);
INSERT INTO `institution_country` VALUES (40,32);
INSERT INTO `institution_country` VALUES (41,11);
INSERT INTO `institution_country` VALUES (41,33);
INSERT INTO `institution_country` VALUES (42,13);
INSERT INTO `institution_country` VALUES (43,27);
INSERT INTO `institution_country` VALUES (44,11);
INSERT INTO `institution_country` VALUES (45,11);
INSERT INTO `institution_country` VALUES (46,7);
INSERT INTO `institution_country` VALUES (46,6);
INSERT INTO `institution_country` VALUES (47,14);
INSERT INTO `institution_country` VALUES (48,14);
INSERT INTO `institution_country` VALUES (49,10);
INSERT INTO `institution_country` VALUES (50,32);
INSERT INTO `institution_country` VALUES (51,6);
INSERT INTO `institution_country` VALUES (52,3);
INSERT INTO `institution_country` VALUES (53,11);
INSERT INTO `institution_country` VALUES (54,27);
INSERT INTO `institution_country` VALUES (55,27);
INSERT INTO `institution_country` VALUES (56,27);
INSERT INTO `institution_country` VALUES (57,27);
INSERT INTO `institution_country` VALUES (58,17);
INSERT INTO `institution_country` VALUES (59,33);
INSERT INTO `institution_country` VALUES (60,33);
INSERT INTO `institution_country` VALUES (61,29);
INSERT INTO `institution_country` VALUES (62,32);
INSERT INTO `institution_country` VALUES (63,29);
INSERT INTO `institution_country` VALUES (64,23);
INSERT INTO `institution_country` VALUES (65,33);
INSERT INTO `institution_country` VALUES (66,11);
INSERT INTO `institution_country` VALUES (67,33);
INSERT INTO `institution_country` VALUES (68,14);
INSERT INTO `institution_country` VALUES (69,33);
INSERT INTO `institution_country` VALUES (70,2);
INSERT INTO `institution_country` VALUES (71,33);
INSERT INTO `institution_country` VALUES (72,33);
INSERT INTO `institution_country` VALUES (73,6);
INSERT INTO `institution_country` VALUES (74,17);
INSERT INTO `institution_country` VALUES (75,12);
INSERT INTO `institution_country` VALUES (76,28);
INSERT INTO `institution_country` VALUES (77,1);
INSERT INTO `institution_country` VALUES (78,11);
INSERT INTO `institution_country` VALUES (79,31);
INSERT INTO `institution_country` VALUES (80,17);
INSERT INTO `institution_country` VALUES (80,32);
INSERT INTO `institution_country` VALUES (81,33);
INSERT INTO `institution_country` VALUES (82,6);
INSERT INTO `institution_country` VALUES (83,22);
INSERT INTO `institution_country` VALUES (84,32);
INSERT INTO `institution_country` VALUES (85,11);
INSERT INTO `institution_country` VALUES (86,11);
INSERT INTO `institution_country` VALUES (87,6);
INSERT INTO `institution_country` VALUES (88,6);
INSERT INTO `institution_country` VALUES (89,14);
INSERT INTO `institution_country` VALUES (90,33);
INSERT INTO `institution_country` VALUES (91,27);
INSERT INTO `institution_country` VALUES (92,33);
INSERT INTO `institution_country` VALUES (93,2);
INSERT INTO `institution_country` VALUES (94,10);
INSERT INTO `institution_country` VALUES (95,33);
INSERT INTO `institution_country` VALUES (96,11);
INSERT INTO `institution_country` VALUES (97,29);
INSERT INTO `institution_country` VALUES (98,2);
INSERT INTO `institution_country` VALUES (99,11);
INSERT INTO `institution_country` VALUES (100,11);
INSERT INTO `institution_country` VALUES (101,11);
INSERT INTO `institution_country` VALUES (102,29);
INSERT INTO `institution_country` VALUES (103,27);
INSERT INTO `institution_country` VALUES (104,32);
INSERT INTO `institution_country` VALUES (105,33);
INSERT INTO `institution_country` VALUES (106,11);
INSERT INTO `institution_country` VALUES (107,29);
INSERT INTO `institution_country` VALUES (108,21);
INSERT INTO `institution_country` VALUES (109,11);
INSERT INTO `institution_country` VALUES (110,11);
INSERT INTO `institution_country` VALUES (111,11);
INSERT INTO `institution_country` VALUES (112,19);
INSERT INTO `institution_country` VALUES (113,11);
INSERT INTO `institution_country` VALUES (114,33);
INSERT INTO `institution_country` VALUES (115,14);
INSERT INTO `institution_country` VALUES (116,33);
INSERT INTO `institution_country` VALUES (117,17);
INSERT INTO `institution_country` VALUES (118,33);
INSERT INTO `institution_country` VALUES (119,33);
INSERT INTO `institution_country` VALUES (120,6);
INSERT INTO `institution_country` VALUES (121,11);
INSERT INTO `institution_country` VALUES (122,27);
INSERT INTO `institution_country` VALUES (123,4);
INSERT INTO `institution_country` VALUES (124,16);
INSERT INTO `institution_country` VALUES (125,10);
INSERT INTO `institution_country` VALUES (126,5);
INSERT INTO `institution_country` VALUES (127,11);
INSERT INTO `institution_country` VALUES (128,11);
INSERT INTO `institution_country` VALUES (129,32);
INSERT INTO `institution_country` VALUES (130,33);
INSERT INTO `institution_country` VALUES (131,32);
INSERT INTO `institution_country` VALUES (132,23);
INSERT INTO `institution_country` VALUES (133,33);
INSERT INTO `institution_country` VALUES (134,32);
INSERT INTO `institution_country` VALUES (135,29);
INSERT INTO `institution_country` VALUES (136,33);
INSERT INTO `institution_country` VALUES (137,9);
INSERT INTO `institution_country` VALUES (138,11);
INSERT INTO `institution_country` VALUES (139,19);
INSERT INTO `institution_country` VALUES (140,23);
INSERT INTO `institution_country` VALUES (141,25);
INSERT INTO `institution_country` VALUES (142,30);
INSERT INTO `institution_country` VALUES (143,18);
INSERT INTO `institution_country` VALUES (144,33);
INSERT INTO `institution_country` VALUES (145,11);
INSERT INTO `institution_country` VALUES (146,20);
INSERT INTO `institution_country` VALUES (147,33);
INSERT INTO `institution_country` VALUES (148,32);
INSERT INTO `institution_country` VALUES (149,11);
INSERT INTO `institution_country` VALUES (150,28);
INSERT INTO `institution_country` VALUES (151,16);
INSERT INTO `institution_country` VALUES (152,26);
INSERT INTO `institution_country` VALUES (153,11);
INSERT INTO `institution_country` VALUES (154,3);
INSERT INTO `institution_country` VALUES (155,6);
INSERT INTO `institution_country` VALUES (156,32);
INSERT INTO `institution_country` VALUES (157,11);
INSERT INTO `institution_country` VALUES (158,32);
INSERT INTO `institution_country` VALUES (159,33);
INSERT INTO `institution_country` VALUES (160,17);
INSERT INTO `institution_country` VALUES (161,5);
INSERT INTO `institution_country` VALUES (162,10);
INSERT INTO `institution_country` VALUES (163,17);
INSERT INTO `institution_country` VALUES (164,21);
INSERT INTO `institution_country` VALUES (165,33);
INSERT INTO `institution_country` VALUES (166,28);
INSERT INTO `institution_country` VALUES (167,32);
INSERT INTO `institution_country` VALUES (168,5);
INSERT INTO `institution_country` VALUES (169,33);
INSERT INTO `institution_country` VALUES (170,11);
INSERT INTO `institution_country` VALUES (171,11);
INSERT INTO `institution_country` VALUES (172,21);
INSERT INTO `institution_country` VALUES (173,10);
INSERT INTO `institution_country` VALUES (174,33);
INSERT INTO `institution_country` VALUES (175,11);
INSERT INTO `institution_country` VALUES (176,29);
INSERT INTO `institution_country` VALUES (177,9);
INSERT INTO `institution_country` VALUES (178,33);
INSERT INTO `institution_country` VALUES (179,33);
INSERT INTO `institution_country` VALUES (180,11);
INSERT INTO `institution_country` VALUES (181,6);
INSERT INTO `institution_country` VALUES (182,27);
INSERT INTO `institution_country` VALUES (183,4);
DROP TABLE IF EXISTS `institution`;
CREATE TABLE IF NOT EXISTS `institution` (
	`id`	INTEGER,
	`name`	TEXT,
	`type`	TEXT
);
INSERT INTO `institution` VALUES (1,'Aalto University Helsinki','University');
INSERT INTO `institution` VALUES (2,'Aarhus University','University');
INSERT INTO `institution` VALUES (3,'ADN Mobile Solutions','Company');
INSERT INTO `institution` VALUES (4,'Agency for Science, Technology and Research','Government Authority');
INSERT INTO `institution` VALUES (5,'Aix-Marseille University','University');
INSERT INTO `institution` VALUES (6,'Allround-Team GmbH','Company');
INSERT INTO `institution` VALUES (7,'Audi Electronics Venture GmbH','Company');
INSERT INTO `institution` VALUES (8,'BMW Group','Company');
INSERT INTO `institution` VALUES (9,'Brunel University','University');
INSERT INTO `institution` VALUES (10,'Carleton University Ottawa','University');
INSERT INTO `institution` VALUES (11,'Carnegie Mellon University Pittsburgh','University');
INSERT INTO `institution` VALUES (12,'Chalmers University of Technology Gothenburg','University');
INSERT INTO `institution` VALUES (13,'Chemnitz University of Technology','University');
INSERT INTO `institution` VALUES (14,'China Astronaut Research and Training Center','Government Authority');
INSERT INTO `institution` VALUES (15,'Chongqing University of Arts and Sciences','University');
INSERT INTO `institution` VALUES (16,'Chongqing University of Posts and Telecommunications','University');
INSERT INTO `institution` VALUES (17,'Clemson University','University');
INSERT INTO `institution` VALUES (18,'College of Charleston','University');
INSERT INTO `institution` VALUES (19,'Continental AG','Company');
INSERT INTO `institution` VALUES (20,'Cornell University','University');
INSERT INTO `institution` VALUES (21,'Daimler AG','Company');
INSERT INTO `institution` VALUES (22,'Darmstadt University of Applied Sciences','University');
INSERT INTO `institution` VALUES (23,'Delft University of Technology','University');
INSERT INTO `institution` VALUES (24,'Eindhoven University of Technology','University');
INSERT INTO `institution` VALUES (25,'Factum OG','Research Institute');
INSERT INTO `institution` VALUES (26,'Federal Highway Research Institute','Government Authority');
INSERT INTO `institution` VALUES (27,'FH Aachen University of Applied Sciences','University');
INSERT INTO `institution` VALUES (28,'Ford Motor Company','Company');
INSERT INTO `institution` VALUES (29,'Foundation for Transport and Energy Research and Development','Research Institute');
INSERT INTO `institution` VALUES (30,'Fraunhofer Institute for Communication, Information Processing and Ergonomics','Research Institute');
INSERT INTO `institution` VALUES (31,'Fraunhofer Institute for Industrial Engineering','Research Institute');
INSERT INTO `institution` VALUES (32,'French Institute of Science and Technology for Transport, Spatial Planning, Development and Networks (IFSTTAR)','Research Institute');
INSERT INTO `institution` VALUES (33,'French National Center for Scientific Research (CNRS)','Government Authority');
INSERT INTO `institution` VALUES (34,'General Motors','Company');
INSERT INTO `institution` VALUES (35,'Georgia Institute of Technology','University');
INSERT INTO `institution` VALUES (36,'German Aerospace Center e.V.','Research Institute');
INSERT INTO `institution` VALUES (37,'German Research Center for Artificial Intelligence (DFKI)','Research Institute');
INSERT INTO `institution` VALUES (38,'Google','Company');
INSERT INTO `institution` VALUES (39,'Heilbronn University','University');
INSERT INTO `institution` VALUES (40,'Heriot-Watt University Edinburgh','University');
INSERT INTO `institution` VALUES (41,'Honda Motor Co.','Company');
INSERT INTO `institution` VALUES (42,'Hong Kong Polytechnic University','University');
INSERT INTO `institution` VALUES (43,'Hongik University','University');
INSERT INTO `institution` VALUES (44,'Hyundai Motor Europe','Company');
INSERT INTO `institution` VALUES (45,'IAV GmbH','Company');
INSERT INTO `institution` VALUES (46,'IBM','Company');
INSERT INTO `institution` VALUES (47,'Indian Institute of Technology Madras','University');
INSERT INTO `institution` VALUES (48,'Indian Institute of Technology Mandi','University');
INSERT INTO `institution` VALUES (49,'Institut Universitaire de France','Government Authority');
INSERT INTO `institution` VALUES (50,'Jaguar Land Rover','Company');
INSERT INTO `institution` VALUES (51,'Jianzhu University Jinan','University');
INSERT INTO `institution` VALUES (52,'Johannes Kepler University','University');
INSERT INTO `institution` VALUES (53,'Karlsruhe Institute of Technology','University');
INSERT INTO `institution` VALUES (54,'Keimyung University','University');
INSERT INTO `institution` VALUES (55,'Kookmin University Seoul','University');
INSERT INTO `institution` VALUES (56,'Korea Advanced Institute of Science and Technology','University');
INSERT INTO `institution` VALUES (57,'Korea University Seoul','University');
INSERT INTO `institution` VALUES (58,'Kyoto Institute of Technology','University');
INSERT INTO `institution` VALUES (59,'Lafayette College','University');
INSERT INTO `institution` VALUES (60,'Liberty Mutual Research Institute for Safety','Research Institute');
INSERT INTO `institution` VALUES (61,'Linköping University','University');
INSERT INTO `institution` VALUES (62,'Loughborough University','University');
INSERT INTO `institution` VALUES (63,'Luleå University of Technology','University');
INSERT INTO `institution` VALUES (64,'Madeira Interactive Technologies Institute','Research Institute');
INSERT INTO `institution` VALUES (65,'Massachusetts Institute of Technology','University');
INSERT INTO `institution` VALUES (66,'Max Planck Institute for Biological Cybernetics','Research Institute');
INSERT INTO `institution` VALUES (67,'Michigan Technological University','University');
INSERT INTO `institution` VALUES (68,'Microsoft','Company');
INSERT INTO `institution` VALUES (69,'Microsoft Research','Company');
INSERT INTO `institution` VALUES (70,'Monash University','University');
INSERT INTO `institution` VALUES (71,'Monotype Imaging, Inc.','Company');
INSERT INTO `institution` VALUES (72,'Morgan State University','University');
INSERT INTO `institution` VALUES (73,'Nanjing University of Information Science and Technology','University');
INSERT INTO `institution` VALUES (74,'National Research Institute of Police Science','Government Authority');
INSERT INTO `institution` VALUES (75,'National Technical University of Athens','University');
INSERT INTO `institution` VALUES (76,'National University of Distance Education Madrid','University');
INSERT INTO `institution` VALUES (77,'National University of Mar del Plata','University');
INSERT INTO `institution` VALUES (78,'NEC Corporation','Company');
INSERT INTO `institution` VALUES (79,'Newcastle University','University');
INSERT INTO `institution` VALUES (80,'Nissan Motor Corporation','Company');
INSERT INTO `institution` VALUES (81,'North Carolina State University','University');
INSERT INTO `institution` VALUES (82,'Northwestern Polytechnical University Xi''an','University');
INSERT INTO `institution` VALUES (83,'Norwegian University of Science and Technology','University');
INSERT INTO `institution` VALUES (84,'Nottingham Trent University','University');
INSERT INTO `institution` VALUES (85,'OFFIS - Institute for Information Technology','Research Institute');
INSERT INTO `institution` VALUES (86,'Opel Automobile GmbH','Company');
INSERT INTO `institution` VALUES (87,'Peking Institute of Technology','University');
INSERT INTO `institution` VALUES (88,'Peking University','University');
INSERT INTO `institution` VALUES (89,'PES Institute of Technology','University');
INSERT INTO `institution` VALUES (90,'Providence Strategic and Management Services','Company');
INSERT INTO `institution` VALUES (91,'Pukyong National University','University');
INSERT INTO `institution` VALUES (92,'Purdue University','University');
INSERT INTO `institution` VALUES (93,'Queensland University of Technology','University');
INSERT INTO `institution` VALUES (94,'Renault','Company');
INSERT INTO `institution` VALUES (95,'Rensselaer Polytechnic Institute','University');
INSERT INTO `institution` VALUES (96,'Robert Bosch GmbH','Company');
INSERT INTO `institution` VALUES (97,'Royal Institute of Technology (KTH)','University');
INSERT INTO `institution` VALUES (98,'Royal Melbourne Institute of Technology (RMIT)','University');
INSERT INTO `institution` VALUES (99,'Ruhr University Bochum','University');
INSERT INTO `institution` VALUES (100,'Ruhr West University of Applied Sciences','University');
INSERT INTO `institution` VALUES (101,'RWTH Aachen','University');
INSERT INTO `institution` VALUES (102,'Scania CV AB','Company');
INSERT INTO `institution` VALUES (103,'Seoul National University','University');
INSERT INTO `institution` VALUES (104,'SIAS Ltd.','Company');
INSERT INTO `institution` VALUES (105,'Stanford University','University');
INSERT INTO `institution` VALUES (106,'Stuttgart Media University','University');
INSERT INTO `institution` VALUES (107,'Swedish National Road and Transport Research Institute (VTI)','Research Institute');
INSERT INTO `institution` VALUES (108,'SWOV Institute for Road Safety Research','Research Institute');
INSERT INTO `institution` VALUES (109,'TAKATA AG','Company');
INSERT INTO `institution` VALUES (110,'Technical University of Berlin','University');
INSERT INTO `institution` VALUES (111,'Technical University of Darmstadt','University');
INSERT INTO `institution` VALUES (112,'Technical University of Malaysia Malacca','University');
INSERT INTO `institution` VALUES (113,'Technical University of Munich','University');
INSERT INTO `institution` VALUES (114,'The George Washington University','University');
INSERT INTO `institution` VALUES (115,'Three Wheels United','Company');
INSERT INTO `institution` VALUES (116,'TK Holdings, Inc.','Company');
INSERT INTO `institution` VALUES (117,'Tohoku University','University');
INSERT INTO `institution` VALUES (118,'Touchstone Evaluations, Inc.','Company');
INSERT INTO `institution` VALUES (119,'Toyota Collaborative Safety Research Center','Company');
INSERT INTO `institution` VALUES (120,'Tsinghua University Peking','University');
INSERT INTO `institution` VALUES (121,'Ulm University','University');
INSERT INTO `institution` VALUES (122,'Ulsan National Institute of Science and Technology','University');
INSERT INTO `institution` VALUES (123,'Unisinos University','University');
INSERT INTO `institution` VALUES (124,'Universita degli studi di Modena a Reggio Emilia','University');
INSERT INTO `institution` VALUES (125,'University Lyon','University');
INSERT INTO `institution` VALUES (126,'University of Alberta','University');
INSERT INTO `institution` VALUES (127,'University of Applied Sciences Ingolstadt','University');
INSERT INTO `institution` VALUES (128,'University of Bamberg','University');
INSERT INTO `institution` VALUES (129,'University of Bristol','University');
INSERT INTO `institution` VALUES (130,'University of California, Santa Barbara','University');
INSERT INTO `institution` VALUES (131,'University of Cambridge','University');
INSERT INTO `institution` VALUES (132,'University of Coimbra','University');
INSERT INTO `institution` VALUES (133,'University of Florida','University');
INSERT INTO `institution` VALUES (134,'University of Glasgow','University');
INSERT INTO `institution` VALUES (135,'University of Gothenburg','University');
INSERT INTO `institution` VALUES (136,'University of Iowa','University');
INSERT INTO `institution` VALUES (137,'University of Jyväskylä','University');
INSERT INTO `institution` VALUES (138,'University of Kassel','University');
INSERT INTO `institution` VALUES (139,'University of Kuala Lumpur','University');
INSERT INTO `institution` VALUES (140,'University of Lisbon','University');
INSERT INTO `institution` VALUES (141,'University of Ljubljana','University');
INSERT INTO `institution` VALUES (142,'University of Lugano','University');
INSERT INTO `institution` VALUES (143,'University of Luxembourg','University');
INSERT INTO `institution` VALUES (144,'University of Michigan','University');
INSERT INTO `institution` VALUES (145,'University of Munich (LMU)','University');
INSERT INTO `institution` VALUES (146,'University of Namibia','University');
INSERT INTO `institution` VALUES (147,'University of New Hampshire','University');
INSERT INTO `institution` VALUES (148,'University of Nottingham','University');
INSERT INTO `institution` VALUES (149,'University of Oldenburg','University');
INSERT INTO `institution` VALUES (150,'University of Oviedo','University');
INSERT INTO `institution` VALUES (151,'University of Padova','University');
INSERT INTO `institution` VALUES (152,'University of Pretoria','University');
INSERT INTO `institution` VALUES (153,'University of Regensburg','University');
INSERT INTO `institution` VALUES (154,'University of Salzburg','University');
INSERT INTO `institution` VALUES (155,'University of Shanghai for Science and Technology','University');
INSERT INTO `institution` VALUES (156,'University of Southampton','University');
INSERT INTO `institution` VALUES (157,'University of Stuttgart','University');
INSERT INTO `institution` VALUES (158,'University of Sussex','University');
INSERT INTO `institution` VALUES (159,'University of Texas at Dallas','University');
INSERT INTO `institution` VALUES (160,'University of Tokyo','University');
INSERT INTO `institution` VALUES (161,'University of Toronto','University');
INSERT INTO `institution` VALUES (162,'University of Toulouse','University');
INSERT INTO `institution` VALUES (163,'University of Tsukuba','University');
INSERT INTO `institution` VALUES (164,'University of Twente','University');
INSERT INTO `institution` VALUES (165,'University of Utah','University');
INSERT INTO `institution` VALUES (166,'University of Valencia','University');
INSERT INTO `institution` VALUES (167,'University of Warwick','University');
INSERT INTO `institution` VALUES (168,'University of Waterloo','University');
INSERT INTO `institution` VALUES (169,'University of Wisconsin-Madison','University');
INSERT INTO `institution` VALUES (170,'University of Wuerzburg','University');
INSERT INTO `institution` VALUES (171,'User Interface Design GmbH','Company');
INSERT INTO `institution` VALUES (172,'Utrecht University','University');
INSERT INTO `institution` VALUES (173,'Valeo','Company');
INSERT INTO `institution` VALUES (174,'Virginia Tech','University');
INSERT INTO `institution` VALUES (175,'Visteon Corporation','Company');
INSERT INTO `institution` VALUES (176,'Volvo Group','Company');
INSERT INTO `institution` VALUES (177,'VTT Technical Research Centre of Finland','Research Institute');
INSERT INTO `institution` VALUES (178,'Wayne State University','University');
INSERT INTO `institution` VALUES (179,'Wichita State University','University');
INSERT INTO `institution` VALUES (180,'Wuerzburg Institute for Traffic Sciences','Research Institute');
INSERT INTO `institution` VALUES (181,'Wuhan University of Technology','University');
INSERT INTO `institution` VALUES (182,'Yonsei University Seoul','University');
INSERT INTO `institution` VALUES (183,'Zooma Inc.','Company');
DROP TABLE IF EXISTS `country`;
CREATE TABLE IF NOT EXISTS `country` (
	`id`	INTEGER,
	`name`	TEXT
);
INSERT INTO `country` VALUES (1,'Argentina');
INSERT INTO `country` VALUES (2,'Australia');
INSERT INTO `country` VALUES (3,'Austria');
INSERT INTO `country` VALUES (4,'Brazil');
INSERT INTO `country` VALUES (5,'Canada');
INSERT INTO `country` VALUES (6,'China');
INSERT INTO `country` VALUES (7,'Czech Republic');
INSERT INTO `country` VALUES (8,'Denmark');
INSERT INTO `country` VALUES (9,'Finland');
INSERT INTO `country` VALUES (10,'France');
INSERT INTO `country` VALUES (11,'Germany');
INSERT INTO `country` VALUES (12,'Greece');
INSERT INTO `country` VALUES (13,'Hong Kong');
INSERT INTO `country` VALUES (14,'India');
INSERT INTO `country` VALUES (15,'Israel');
INSERT INTO `country` VALUES (16,'Italy');
INSERT INTO `country` VALUES (17,'Japan');
INSERT INTO `country` VALUES (18,'Luxembourg');
INSERT INTO `country` VALUES (19,'Malaysia');
INSERT INTO `country` VALUES (20,'Namibia');
INSERT INTO `country` VALUES (21,'Netherlands');
INSERT INTO `country` VALUES (22,'Norway');
INSERT INTO `country` VALUES (23,'Portugal');
INSERT INTO `country` VALUES (24,'Singapore');
INSERT INTO `country` VALUES (25,'Slovenia');
INSERT INTO `country` VALUES (26,'South Africa');
INSERT INTO `country` VALUES (27,'South Korea');
INSERT INTO `country` VALUES (28,'Spain');
INSERT INTO `country` VALUES (29,'Sweden');
INSERT INTO `country` VALUES (30,'Switzerland');
INSERT INTO `country` VALUES (31,'UK');
INSERT INTO `country` VALUES (32,'United Kingdom');
INSERT INTO `country` VALUES (33,'USA');
DROP TABLE IF EXISTS `author_institution`;
CREATE TABLE IF NOT EXISTS `author_institution` (
	`author_id`	INTEGER,
	`institution_id`	INTEGER
);
INSERT INTO `author_institution` VALUES (1,137);
INSERT INTO `author_institution` VALUES (2,137);
INSERT INTO `author_institution` VALUES (3,134);
INSERT INTO `author_institution` VALUES (4,134);
INSERT INTO `author_institution` VALUES (5,153);
INSERT INTO `author_institution` VALUES (6,153);
INSERT INTO `author_institution` VALUES (7,153);
INSERT INTO `author_institution` VALUES (8,153);
INSERT INTO `author_institution` VALUES (9,153);
INSERT INTO `author_institution` VALUES (10,153);
INSERT INTO `author_institution` VALUES (11,148);
INSERT INTO `author_institution` VALUES (12,148);
INSERT INTO `author_institution` VALUES (12,156);
INSERT INTO `author_institution` VALUES (13,148);
INSERT INTO `author_institution` VALUES (14,148);
INSERT INTO `author_institution` VALUES (15,174);
INSERT INTO `author_institution` VALUES (16,174);
INSERT INTO `author_institution` VALUES (17,174);
INSERT INTO `author_institution` VALUES (18,174);
INSERT INTO `author_institution` VALUES (19,35);
INSERT INTO `author_institution` VALUES (20,35);
INSERT INTO `author_institution` VALUES (21,35);
INSERT INTO `author_institution` VALUES (22,134);
INSERT INTO `author_institution` VALUES (23,134);
INSERT INTO `author_institution` VALUES (24,128);
INSERT INTO `author_institution` VALUES (24,8);
INSERT INTO `author_institution` VALUES (25,8);
INSERT INTO `author_institution` VALUES (26,145);
INSERT INTO `author_institution` VALUES (27,128);
INSERT INTO `author_institution` VALUES (28,65);
INSERT INTO `author_institution` VALUES (28,118);
INSERT INTO `author_institution` VALUES (29,118);
INSERT INTO `author_institution` VALUES (30,118);
INSERT INTO `author_institution` VALUES (31,65);
INSERT INTO `author_institution` VALUES (32,65);
INSERT INTO `author_institution` VALUES (33,66);
INSERT INTO `author_institution` VALUES (34,66);
INSERT INTO `author_institution` VALUES (35,102);
INSERT INTO `author_institution` VALUES (36,83);
INSERT INTO `author_institution` VALUES (37,105);
INSERT INTO `author_institution` VALUES (38,105);
INSERT INTO `author_institution` VALUES (39,83);
INSERT INTO `author_institution` VALUES (40,105);
INSERT INTO `author_institution` VALUES (41,58);
INSERT INTO `author_institution` VALUES (42,105);
INSERT INTO `author_institution` VALUES (43,58);
INSERT INTO `author_institution` VALUES (44,158);
INSERT INTO `author_institution` VALUES (45,158);
INSERT INTO `author_institution` VALUES (46,158);
INSERT INTO `author_institution` VALUES (47,158);
INSERT INTO `author_institution` VALUES (48,148);
INSERT INTO `author_institution` VALUES (49,148);
INSERT INTO `author_institution` VALUES (50,84);
INSERT INTO `author_institution` VALUES (51,56);
INSERT INTO `author_institution` VALUES (52,56);
INSERT INTO `author_institution` VALUES (53,56);
INSERT INTO `author_institution` VALUES (54,56);
INSERT INTO `author_institution` VALUES (55,99);
INSERT INTO `author_institution` VALUES (55,41);
INSERT INTO `author_institution` VALUES (56,180);
INSERT INTO `author_institution` VALUES (57,180);
INSERT INTO `author_institution` VALUES (58,180);
INSERT INTO `author_institution` VALUES (59,99);
INSERT INTO `author_institution` VALUES (60,41);
INSERT INTO `author_institution` VALUES (61,35);
INSERT INTO `author_institution` VALUES (62,35);
INSERT INTO `author_institution` VALUES (63,35);
INSERT INTO `author_institution` VALUES (64,85);
INSERT INTO `author_institution` VALUES (65,85);
INSERT INTO `author_institution` VALUES (66,85);
INSERT INTO `author_institution` VALUES (67,149);
INSERT INTO `author_institution` VALUES (68,65);
INSERT INTO `author_institution` VALUES (69,127);
INSERT INTO `author_institution` VALUES (69,52);
INSERT INTO `author_institution` VALUES (70,127);
INSERT INTO `author_institution` VALUES (70,52);
INSERT INTO `author_institution` VALUES (71,127);
INSERT INTO `author_institution` VALUES (71,52);
INSERT INTO `author_institution` VALUES (72,127);
INSERT INTO `author_institution` VALUES (73,154);
INSERT INTO `author_institution` VALUES (74,154);
INSERT INTO `author_institution` VALUES (75,154);
INSERT INTO `author_institution` VALUES (76,154);
INSERT INTO `author_institution` VALUES (77,154);
INSERT INTO `author_institution` VALUES (78,86);
INSERT INTO `author_institution` VALUES (79,86);
INSERT INTO `author_institution` VALUES (80,24);
INSERT INTO `author_institution` VALUES (81,24);
INSERT INTO `author_institution` VALUES (81,112);
INSERT INTO `author_institution` VALUES (82,24);
INSERT INTO `author_institution` VALUES (83,24);
INSERT INTO `author_institution` VALUES (84,24);
INSERT INTO `author_institution` VALUES (85,145);
INSERT INTO `author_institution` VALUES (85,45);
INSERT INTO `author_institution` VALUES (86,45);
INSERT INTO `author_institution` VALUES (87,130);
INSERT INTO `author_institution` VALUES (88,145);
INSERT INTO `author_institution` VALUES (89,160);
INSERT INTO `author_institution` VALUES (90,160);
INSERT INTO `author_institution` VALUES (91,80);
INSERT INTO `author_institution` VALUES (92,80);
INSERT INTO `author_institution` VALUES (93,80);
INSERT INTO `author_institution` VALUES (94,80);
INSERT INTO `author_institution` VALUES (95,80);
INSERT INTO `author_institution` VALUES (96,160);
INSERT INTO `author_institution` VALUES (97,160);
INSERT INTO `author_institution` VALUES (98,85);
INSERT INTO `author_institution` VALUES (99,149);
INSERT INTO `author_institution` VALUES (100,36);
INSERT INTO `author_institution` VALUES (101,36);
INSERT INTO `author_institution` VALUES (102,148);
INSERT INTO `author_institution` VALUES (103,50);
INSERT INTO `author_institution` VALUES (104,24);
INSERT INTO `author_institution` VALUES (105,24);
INSERT INTO `author_institution` VALUES (106,24);
INSERT INTO `author_institution` VALUES (107,154);
INSERT INTO `author_institution` VALUES (108,154);
INSERT INTO `author_institution` VALUES (109,154);
INSERT INTO `author_institution` VALUES (110,154);
INSERT INTO `author_institution` VALUES (111,154);
INSERT INTO `author_institution` VALUES (112,50);
INSERT INTO `author_institution` VALUES (113,12);
INSERT INTO `author_institution` VALUES (114,12);
INSERT INTO `author_institution` VALUES (115,12);
INSERT INTO `author_institution` VALUES (116,93);
INSERT INTO `author_institution` VALUES (117,93);
INSERT INTO `author_institution` VALUES (118,93);
INSERT INTO `author_institution` VALUES (119,145);
INSERT INTO `author_institution` VALUES (120,65);
INSERT INTO `author_institution` VALUES (121,71);
INSERT INTO `author_institution` VALUES (122,121);
INSERT INTO `author_institution` VALUES (123,121);
INSERT INTO `author_institution` VALUES (124,121);
INSERT INTO `author_institution` VALUES (125,121);
INSERT INTO `author_institution` VALUES (126,121);
INSERT INTO `author_institution` VALUES (127,131);
INSERT INTO `author_institution` VALUES (128,131);
INSERT INTO `author_institution` VALUES (129,131);
INSERT INTO `author_institution` VALUES (130,50);
INSERT INTO `author_institution` VALUES (131,50);
INSERT INTO `author_institution` VALUES (132,19);
INSERT INTO `author_institution` VALUES (133,19);
INSERT INTO `author_institution` VALUES (134,138);
INSERT INTO `author_institution` VALUES (135,8);
INSERT INTO `author_institution` VALUES (136,11);
INSERT INTO `author_institution` VALUES (137,2);
INSERT INTO `author_institution` VALUES (138,11);
INSERT INTO `author_institution` VALUES (139,10);
INSERT INTO `author_institution` VALUES (140,10);
INSERT INTO `author_institution` VALUES (141,148);
INSERT INTO `author_institution` VALUES (142,137);
INSERT INTO `author_institution` VALUES (143,38);
INSERT INTO `author_institution` VALUES (144,1);
INSERT INTO `author_institution` VALUES (145,1);
INSERT INTO `author_institution` VALUES (146,174);
INSERT INTO `author_institution` VALUES (147,18);
INSERT INTO `author_institution` VALUES (148,182);
INSERT INTO `author_institution` VALUES (149,182);
INSERT INTO `author_institution` VALUES (150,182);
INSERT INTO `author_institution` VALUES (151,103);
INSERT INTO `author_institution` VALUES (152,103);
INSERT INTO `author_institution` VALUES (153,182);
INSERT INTO `author_institution` VALUES (154,65);
INSERT INTO `author_institution` VALUES (155,65);
INSERT INTO `author_institution` VALUES (156,65);
INSERT INTO `author_institution` VALUES (157,65);
INSERT INTO `author_institution` VALUES (158,65);
INSERT INTO `author_institution` VALUES (159,168);
INSERT INTO `author_institution` VALUES (160,168);
INSERT INTO `author_institution` VALUES (161,147);
INSERT INTO `author_institution` VALUES (161,172);
INSERT INTO `author_institution` VALUES (162,147);
INSERT INTO `author_institution` VALUES (163,172);
INSERT INTO `author_institution` VALUES (165,24);
INSERT INTO `author_institution` VALUES (165,112);
INSERT INTO `author_institution` VALUES (167,24);
INSERT INTO `author_institution` VALUES (168,24);
INSERT INTO `author_institution` VALUES (168,112);
INSERT INTO `author_institution` VALUES (169,180);
INSERT INTO `author_institution` VALUES (170,170);
INSERT INTO `author_institution` VALUES (171,170);
INSERT INTO `author_institution` VALUES (172,121);
INSERT INTO `author_institution` VALUES (173,121);
INSERT INTO `author_institution` VALUES (174,85);
INSERT INTO `author_institution` VALUES (175,85);
INSERT INTO `author_institution` VALUES (176,85);
INSERT INTO `author_institution` VALUES (177,134);
INSERT INTO `author_institution` VALUES (178,134);
INSERT INTO `author_institution` VALUES (179,121);
INSERT INTO `author_institution` VALUES (180,24);
INSERT INTO `author_institution` VALUES (181,34);
INSERT INTO `author_institution` VALUES (182,34);
INSERT INTO `author_institution` VALUES (183,34);
INSERT INTO `author_institution` VALUES (184,34);
INSERT INTO `author_institution` VALUES (185,109);
INSERT INTO `author_institution` VALUES (186,116);
INSERT INTO `author_institution` VALUES (187,154);
INSERT INTO `author_institution` VALUES (188,154);
INSERT INTO `author_institution` VALUES (189,50);
INSERT INTO `author_institution` VALUES (190,148);
INSERT INTO `author_institution` VALUES (191,145);
INSERT INTO `author_institution` VALUES (191,45);
INSERT INTO `author_institution` VALUES (192,145);
INSERT INTO `author_institution` VALUES (193,148);
INSERT INTO `author_institution` VALUES (194,148);
INSERT INTO `author_institution` VALUES (195,174);
INSERT INTO `author_institution` VALUES (196,167);
INSERT INTO `author_institution` VALUES (197,167);
INSERT INTO `author_institution` VALUES (198,167);
INSERT INTO `author_institution` VALUES (199,50);
INSERT INTO `author_institution` VALUES (200,50);
INSERT INTO `author_institution` VALUES (201,50);
INSERT INTO `author_institution` VALUES (202,57);
INSERT INTO `author_institution` VALUES (203,57);
INSERT INTO `author_institution` VALUES (204,57);
INSERT INTO `author_institution` VALUES (205,57);
INSERT INTO `author_institution` VALUES (206,148);
INSERT INTO `author_institution` VALUES (207,148);
INSERT INTO `author_institution` VALUES (208,148);
INSERT INTO `author_institution` VALUES (209,134);
INSERT INTO `author_institution` VALUES (210,134);
INSERT INTO `author_institution` VALUES (211,134);
INSERT INTO `author_institution` VALUES (212,9);
INSERT INTO `author_institution` VALUES (213,9);
INSERT INTO `author_institution` VALUES (214,9);
INSERT INTO `author_institution` VALUES (215,50);
INSERT INTO `author_institution` VALUES (215,167);
INSERT INTO `author_institution` VALUES (216,50);
INSERT INTO `author_institution` VALUES (216,167);
INSERT INTO `author_institution` VALUES (217,65);
INSERT INTO `author_institution` VALUES (218,65);
INSERT INTO `author_institution` VALUES (219,161);
INSERT INTO `author_institution` VALUES (220,161);
INSERT INTO `author_institution` VALUES (221,161);
INSERT INTO `author_institution` VALUES (222,161);
INSERT INTO `author_institution` VALUES (223,161);
INSERT INTO `author_institution` VALUES (224,35);
INSERT INTO `author_institution` VALUES (225,145);
INSERT INTO `author_institution` VALUES (225,8);
INSERT INTO `author_institution` VALUES (225,157);
INSERT INTO `author_institution` VALUES (226,145);
INSERT INTO `author_institution` VALUES (227,157);
INSERT INTO `author_institution` VALUES (228,149);
INSERT INTO `author_institution` VALUES (229,154);
INSERT INTO `author_institution` VALUES (230,154);
INSERT INTO `author_institution` VALUES (232,64);
INSERT INTO `author_institution` VALUES (233,142);
INSERT INTO `author_institution` VALUES (234,37);
INSERT INTO `author_institution` VALUES (235,37);
INSERT INTO `author_institution` VALUES (236,37);
INSERT INTO `author_institution` VALUES (237,37);
INSERT INTO `author_institution` VALUES (238,37);
INSERT INTO `author_institution` VALUES (239,46);
INSERT INTO `author_institution` VALUES (240,13);
INSERT INTO `author_institution` VALUES (241,13);
INSERT INTO `author_institution` VALUES (242,13);
INSERT INTO `author_institution` VALUES (243,13);
INSERT INTO `author_institution` VALUES (244,8);
INSERT INTO `author_institution` VALUES (245,8);
INSERT INTO `author_institution` VALUES (246,24);
INSERT INTO `author_institution` VALUES (247,24);
INSERT INTO `author_institution` VALUES (248,98);
INSERT INTO `author_institution` VALUES (249,98);
INSERT INTO `author_institution` VALUES (250,98);
INSERT INTO `author_institution` VALUES (251,98);
INSERT INTO `author_institution` VALUES (252,106);
INSERT INTO `author_institution` VALUES (253,169);
INSERT INTO `author_institution` VALUES (254,169);
INSERT INTO `author_institution` VALUES (255,169);
INSERT INTO `author_institution` VALUES (256,105);
INSERT INTO `author_institution` VALUES (257,105);
INSERT INTO `author_institution` VALUES (258,105);
INSERT INTO `author_institution` VALUES (259,97);
INSERT INTO `author_institution` VALUES (260,97);
INSERT INTO `author_institution` VALUES (261,35);
INSERT INTO `author_institution` VALUES (262,35);
INSERT INTO `author_institution` VALUES (263,154);
INSERT INTO `author_institution` VALUES (264,22);
INSERT INTO `author_institution` VALUES (265,22);
INSERT INTO `author_institution` VALUES (266,22);
INSERT INTO `author_institution` VALUES (267,136);
INSERT INTO `author_institution` VALUES (268,136);
INSERT INTO `author_institution` VALUES (269,136);
INSERT INTO `author_institution` VALUES (270,171);
INSERT INTO `author_institution` VALUES (271,171);
INSERT INTO `author_institution` VALUES (272,96);
INSERT INTO `author_institution` VALUES (273,7);
INSERT INTO `author_institution` VALUES (274,7);
INSERT INTO `author_institution` VALUES (275,6);
INSERT INTO `author_institution` VALUES (276,28);
INSERT INTO `author_institution` VALUES (277,28);
INSERT INTO `author_institution` VALUES (278,28);
INSERT INTO `author_institution` VALUES (279,180);
INSERT INTO `author_institution` VALUES (280,180);
INSERT INTO `author_institution` VALUES (281,180);
INSERT INTO `author_institution` VALUES (282,175);
INSERT INTO `author_institution` VALUES (283,175);
INSERT INTO `author_institution` VALUES (284,175);
INSERT INTO `author_institution` VALUES (285,175);
INSERT INTO `author_institution` VALUES (286,36);
INSERT INTO `author_institution` VALUES (287,36);
INSERT INTO `author_institution` VALUES (288,36);
INSERT INTO `author_institution` VALUES (289,36);
INSERT INTO `author_institution` VALUES (290,36);
INSERT INTO `author_institution` VALUES (291,36);
INSERT INTO `author_institution` VALUES (292,36);
INSERT INTO `author_institution` VALUES (293,100);
INSERT INTO `author_institution` VALUES (294,100);
INSERT INTO `author_institution` VALUES (295,100);
INSERT INTO `author_institution` VALUES (296,100);
INSERT INTO `author_institution` VALUES (298,180);
INSERT INTO `author_institution` VALUES (299,96);
INSERT INTO `author_institution` VALUES (299,39);
INSERT INTO `author_institution` VALUES (300,96);
INSERT INTO `author_institution` VALUES (301,96);
INSERT INTO `author_institution` VALUES (302,96);
INSERT INTO `author_institution` VALUES (303,39);
INSERT INTO `author_institution` VALUES (304,96);
INSERT INTO `author_institution` VALUES (305,96);
INSERT INTO `author_institution` VALUES (306,96);
INSERT INTO `author_institution` VALUES (307,113);
INSERT INTO `author_institution` VALUES (308,27);
INSERT INTO `author_institution` VALUES (309,27);
INSERT INTO `author_institution` VALUES (310,27);
INSERT INTO `author_institution` VALUES (311,27);
INSERT INTO `author_institution` VALUES (312,27);
INSERT INTO `author_institution` VALUES (313,172);
INSERT INTO `author_institution` VALUES (314,69);
INSERT INTO `author_institution` VALUES (315,105);
INSERT INTO `author_institution` VALUES (316,35);
INSERT INTO `author_institution` VALUES (317,35);
INSERT INTO `author_institution` VALUES (318,35);
INSERT INTO `author_institution` VALUES (319,35);
INSERT INTO `author_institution` VALUES (320,119);
INSERT INTO `author_institution` VALUES (321,12);
INSERT INTO `author_institution` VALUES (322,12);
INSERT INTO `author_institution` VALUES (322,135);
INSERT INTO `author_institution` VALUES (323,93);
INSERT INTO `author_institution` VALUES (324,93);
INSERT INTO `author_institution` VALUES (325,105);
INSERT INTO `author_institution` VALUES (326,105);
INSERT INTO `author_institution` VALUES (327,96);
INSERT INTO `author_institution` VALUES (328,96);
INSERT INTO `author_institution` VALUES (329,20);
INSERT INTO `author_institution` VALUES (330,146);
INSERT INTO `author_institution` VALUES (330,152);
INSERT INTO `author_institution` VALUES (331,68);
INSERT INTO `author_institution` VALUES (332,47);
INSERT INTO `author_institution` VALUES (333,89);
INSERT INTO `author_institution` VALUES (335,115);
INSERT INTO `author_institution` VALUES (336,68);
INSERT INTO `author_institution` VALUES (338,11);
INSERT INTO `author_institution` VALUES (339,11);
INSERT INTO `author_institution` VALUES (340,11);
INSERT INTO `author_institution` VALUES (341,20);
INSERT INTO `author_institution` VALUES (342,105);
INSERT INTO `author_institution` VALUES (343,73);
INSERT INTO `author_institution` VALUES (344,73);
INSERT INTO `author_institution` VALUES (345,92);
INSERT INTO `author_institution` VALUES (346,95);
INSERT INTO `author_institution` VALUES (347,16);
INSERT INTO `author_institution` VALUES (348,140);
INSERT INTO `author_institution` VALUES (349,140);
INSERT INTO `author_institution` VALUES (350,140);
INSERT INTO `author_institution` VALUES (351,140);
INSERT INTO `author_institution` VALUES (352,132);
INSERT INTO `author_institution` VALUES (353,143);
INSERT INTO `author_institution` VALUES (354,143);
INSERT INTO `author_institution` VALUES (355,143);
INSERT INTO `author_institution` VALUES (356,143);
INSERT INTO `author_institution` VALUES (357,78);
INSERT INTO `author_institution` VALUES (358,23);
INSERT INTO `author_institution` VALUES (359,176);
INSERT INTO `author_institution` VALUES (360,176);
INSERT INTO `author_institution` VALUES (361,12);
INSERT INTO `author_institution` VALUES (362,54);
INSERT INTO `author_institution` VALUES (363,91);
INSERT INTO `author_institution` VALUES (364,4);
INSERT INTO `author_institution` VALUES (365,4);
INSERT INTO `author_institution` VALUES (366,4);
INSERT INTO `author_institution` VALUES (367,4);
INSERT INTO `author_institution` VALUES (368,129);
INSERT INTO `author_institution` VALUES (369,129);
INSERT INTO `author_institution` VALUES (370,50);
INSERT INTO `author_institution` VALUES (371,174);
INSERT INTO `author_institution` VALUES (372,174);
INSERT INTO `author_institution` VALUES (373,174);
INSERT INTO `author_institution` VALUES (374,159);
INSERT INTO `author_institution` VALUES (374,41);
INSERT INTO `author_institution` VALUES (375,159);
INSERT INTO `author_institution` VALUES (376,177);
INSERT INTO `author_institution` VALUES (377,17);
INSERT INTO `author_institution` VALUES (378,17);
INSERT INTO `author_institution` VALUES (379,17);
INSERT INTO `author_institution` VALUES (380,17);
INSERT INTO `author_institution` VALUES (381,133);
INSERT INTO `author_institution` VALUES (382,182);
INSERT INTO `author_institution` VALUES (383,182);
INSERT INTO `author_institution` VALUES (384,182);
INSERT INTO `author_institution` VALUES (385,131);
INSERT INTO `author_institution` VALUES (386,48);
INSERT INTO `author_institution` VALUES (388,182);
INSERT INTO `author_institution` VALUES (389,182);
INSERT INTO `author_institution` VALUES (390,8);
INSERT INTO `author_institution` VALUES (391,113);
INSERT INTO `author_institution` VALUES (392,113);
INSERT INTO `author_institution` VALUES (393,8);
INSERT INTO `author_institution` VALUES (394,113);
INSERT INTO `author_institution` VALUES (395,182);
INSERT INTO `author_institution` VALUES (396,122);
INSERT INTO `author_institution` VALUES (396,43);
INSERT INTO `author_institution` VALUES (397,63);
INSERT INTO `author_institution` VALUES (398,65);
INSERT INTO `author_institution` VALUES (399,43);
INSERT INTO `author_institution` VALUES (400,43);
INSERT INTO `author_institution` VALUES (401,43);
INSERT INTO `author_institution` VALUES (402,182);
INSERT INTO `author_institution` VALUES (403,87);
INSERT INTO `author_institution` VALUES (404,87);
INSERT INTO `author_institution` VALUES (405,87);
INSERT INTO `author_institution` VALUES (406,87);
INSERT INTO `author_institution` VALUES (407,144);
INSERT INTO `author_institution` VALUES (408,103);
INSERT INTO `author_institution` VALUES (409,11);
INSERT INTO `author_institution` VALUES (410,11);
INSERT INTO `author_institution` VALUES (411,182);
INSERT INTO `author_institution` VALUES (412,67);
INSERT INTO `author_institution` VALUES (413,35);
INSERT INTO `author_institution` VALUES (414,59);
INSERT INTO `author_institution` VALUES (415,35);
INSERT INTO `author_institution` VALUES (416,167);
INSERT INTO `author_institution` VALUES (417,167);
INSERT INTO `author_institution` VALUES (418,167);
INSERT INTO `author_institution` VALUES (419,160);
INSERT INTO `author_institution` VALUES (420,160);
INSERT INTO `author_institution` VALUES (421,160);
INSERT INTO `author_institution` VALUES (422,74);
INSERT INTO `author_institution` VALUES (423,74);
INSERT INTO `author_institution` VALUES (424,74);
INSERT INTO `author_institution` VALUES (425,163);
INSERT INTO `author_institution` VALUES (426,163);
INSERT INTO `author_institution` VALUES (427,163);
INSERT INTO `author_institution` VALUES (428,55);
INSERT INTO `author_institution` VALUES (429,55);
INSERT INTO `author_institution` VALUES (430,53);
INSERT INTO `author_institution` VALUES (431,53);
INSERT INTO `author_institution` VALUES (432,53);
INSERT INTO `author_institution` VALUES (433,156);
INSERT INTO `author_institution` VALUES (434,156);
INSERT INTO `author_institution` VALUES (435,156);
INSERT INTO `author_institution` VALUES (436,54);
INSERT INTO `author_institution` VALUES (437,91);
INSERT INTO `author_institution` VALUES (438,54);
INSERT INTO `author_institution` VALUES (439,54);
INSERT INTO `author_institution` VALUES (440,54);
INSERT INTO `author_institution` VALUES (441,160);
INSERT INTO `author_institution` VALUES (443,160);
INSERT INTO `author_institution` VALUES (444,160);
INSERT INTO `author_institution` VALUES (445,43);
INSERT INTO `author_institution` VALUES (446,141);
INSERT INTO `author_institution` VALUES (447,110);
INSERT INTO `author_institution` VALUES (448,141);
INSERT INTO `author_institution` VALUES (449,81);
INSERT INTO `author_institution` VALUES (450,81);
INSERT INTO `author_institution` VALUES (451,81);
INSERT INTO `author_institution` VALUES (452,81);
INSERT INTO `author_institution` VALUES (453,178);
INSERT INTO `author_institution` VALUES (454,81);
INSERT INTO `author_institution` VALUES (455,62);
INSERT INTO `author_institution` VALUES (455,80);
INSERT INTO `author_institution` VALUES (456,62);
INSERT INTO `author_institution` VALUES (457,62);
INSERT INTO `author_institution` VALUES (458,80);
INSERT INTO `author_institution` VALUES (459,80);
INSERT INTO `author_institution` VALUES (460,162);
INSERT INTO `author_institution` VALUES (460,33);
INSERT INTO `author_institution` VALUES (461,33);
INSERT INTO `author_institution` VALUES (462,94);
INSERT INTO `author_institution` VALUES (463,162);
INSERT INTO `author_institution` VALUES (463,33);
INSERT INTO `author_institution` VALUES (464,162);
INSERT INTO `author_institution` VALUES (464,33);
INSERT INTO `author_institution` VALUES (465,13);
INSERT INTO `author_institution` VALUES (466,13);
INSERT INTO `author_institution` VALUES (467,13);
INSERT INTO `author_institution` VALUES (468,40);
INSERT INTO `author_institution` VALUES (469,104);
INSERT INTO `author_institution` VALUES (470,32);
INSERT INTO `author_institution` VALUES (471,5);
INSERT INTO `author_institution` VALUES (472,32);
INSERT INTO `author_institution` VALUES (473,120);
INSERT INTO `author_institution` VALUES (473,46);
INSERT INTO `author_institution` VALUES (474,120);
INSERT INTO `author_institution` VALUES (475,120);
INSERT INTO `author_institution` VALUES (476,42);
INSERT INTO `author_institution` VALUES (477,84);
INSERT INTO `author_institution` VALUES (478,120);
INSERT INTO `author_institution` VALUES (479,120);
INSERT INTO `author_institution` VALUES (480,120);
INSERT INTO `author_institution` VALUES (480,51);
INSERT INTO `author_institution` VALUES (481,120);
INSERT INTO `author_institution` VALUES (482,120);
INSERT INTO `author_institution` VALUES (483,14);
INSERT INTO `author_institution` VALUES (484,120);
INSERT INTO `author_institution` VALUES (486,156);
INSERT INTO `author_institution` VALUES (487,50);
INSERT INTO `author_institution` VALUES (488,123);
INSERT INTO `author_institution` VALUES (488,183);
INSERT INTO `author_institution` VALUES (489,23);
INSERT INTO `author_institution` VALUES (490,65);
INSERT INTO `author_institution` VALUES (491,65);
INSERT INTO `author_institution` VALUES (492,65);
INSERT INTO `author_institution` VALUES (493,50);
INSERT INTO `author_institution` VALUES (493,151);
INSERT INTO `author_institution` VALUES (493,165);
INSERT INTO `author_institution` VALUES (494,165);
INSERT INTO `author_institution` VALUES (495,151);
INSERT INTO `author_institution` VALUES (496,151);
INSERT INTO `author_institution` VALUES (497,151);
INSERT INTO `author_institution` VALUES (498,60);
INSERT INTO `author_institution` VALUES (499,60);
INSERT INTO `author_institution` VALUES (500,60);
INSERT INTO `author_institution` VALUES (501,60);
INSERT INTO `author_institution` VALUES (502,90);
INSERT INTO `author_institution` VALUES (503,107);
INSERT INTO `author_institution` VALUES (504,107);
INSERT INTO `author_institution` VALUES (504,61);
INSERT INTO `author_institution` VALUES (505,44);
INSERT INTO `author_institution` VALUES (506,125);
INSERT INTO `author_institution` VALUES (507,125);
INSERT INTO `author_institution` VALUES (508,125);
INSERT INTO `author_institution` VALUES (509,32);
INSERT INTO `author_institution` VALUES (510,32);
INSERT INTO `author_institution` VALUES (511,32);
INSERT INTO `author_institution` VALUES (512,164);
INSERT INTO `author_institution` VALUES (513,164);
INSERT INTO `author_institution` VALUES (514,108);
INSERT INTO `author_institution` VALUES (514,23);
INSERT INTO `author_institution` VALUES (515,23);
INSERT INTO `author_institution` VALUES (516,23);
INSERT INTO `author_institution` VALUES (517,23);
INSERT INTO `author_institution` VALUES (518,108);
INSERT INTO `author_institution` VALUES (518,23);
INSERT INTO `author_institution` VALUES (519,156);
INSERT INTO `author_institution` VALUES (521,23);
INSERT INTO `author_institution` VALUES (522,70);
INSERT INTO `author_institution` VALUES (523,70);
INSERT INTO `author_institution` VALUES (524,70);
INSERT INTO `author_institution` VALUES (525,70);
INSERT INTO `author_institution` VALUES (526,23);
INSERT INTO `author_institution` VALUES (527,23);
INSERT INTO `author_institution` VALUES (529,98);
INSERT INTO `author_institution` VALUES (529,139);
INSERT INTO `author_institution` VALUES (530,98);
INSERT INTO `author_institution` VALUES (531,98);
INSERT INTO `author_institution` VALUES (532,98);
INSERT INTO `author_institution` VALUES (533,53);
INSERT INTO `author_institution` VALUES (534,53);
INSERT INTO `author_institution` VALUES (535,53);
INSERT INTO `author_institution` VALUES (536,53);
INSERT INTO `author_institution` VALUES (537,53);
INSERT INTO `author_institution` VALUES (538,53);
INSERT INTO `author_institution` VALUES (539,8);
INSERT INTO `author_institution` VALUES (539,13);
INSERT INTO `author_institution` VALUES (540,8);
INSERT INTO `author_institution` VALUES (541,8);
INSERT INTO `author_institution` VALUES (542,13);
INSERT INTO `author_institution` VALUES (543,113);
INSERT INTO `author_institution` VALUES (544,23);
INSERT INTO `author_institution` VALUES (545,81);
INSERT INTO `author_institution` VALUES (546,81);
INSERT INTO `author_institution` VALUES (547,81);
INSERT INTO `author_institution` VALUES (548,81);
INSERT INTO `author_institution` VALUES (550,148);
INSERT INTO `author_institution` VALUES (551,148);
INSERT INTO `author_institution` VALUES (552,23);
INSERT INTO `author_institution` VALUES (553,125);
INSERT INTO `author_institution` VALUES (553,94);
INSERT INTO `author_institution` VALUES (554,94);
INSERT INTO `author_institution` VALUES (555,125);
INSERT INTO `author_institution` VALUES (555,49);
INSERT INTO `author_institution` VALUES (558,81);
INSERT INTO `author_institution` VALUES (559,28);
INSERT INTO `author_institution` VALUES (560,28);
INSERT INTO `author_institution` VALUES (561,28);
INSERT INTO `author_institution` VALUES (562,28);
INSERT INTO `author_institution` VALUES (563,28);
INSERT INTO `author_institution` VALUES (564,178);
INSERT INTO `author_institution` VALUES (565,144);
INSERT INTO `author_institution` VALUES (566,144);
INSERT INTO `author_institution` VALUES (567,144);
INSERT INTO `author_institution` VALUES (568,144);
INSERT INTO `author_institution` VALUES (569,144);
INSERT INTO `author_institution` VALUES (570,144);
INSERT INTO `author_institution` VALUES (571,137);
INSERT INTO `author_institution` VALUES (572,1);
INSERT INTO `author_institution` VALUES (573,15);
INSERT INTO `author_institution` VALUES (573,179);
INSERT INTO `author_institution` VALUES (574,179);
INSERT INTO `author_institution` VALUES (575,82);
INSERT INTO `author_institution` VALUES (576,88);
INSERT INTO `author_institution` VALUES (577,120);
INSERT INTO `author_institution` VALUES (578,120);
INSERT INTO `author_institution` VALUES (579,36);
INSERT INTO `author_institution` VALUES (579,30);
INSERT INTO `author_institution` VALUES (580,36);
INSERT INTO `author_institution` VALUES (581,36);
INSERT INTO `author_institution` VALUES (582,155);
INSERT INTO `author_institution` VALUES (583,79);
INSERT INTO `author_institution` VALUES (584,79);
INSERT INTO `author_institution` VALUES (585,79);
INSERT INTO `author_institution` VALUES (586,70);
INSERT INTO `author_institution` VALUES (587,79);
INSERT INTO `author_institution` VALUES (588,181);
INSERT INTO `author_institution` VALUES (589,181);
INSERT INTO `author_institution` VALUES (590,181);
INSERT INTO `author_institution` VALUES (591,181);
INSERT INTO `author_institution` VALUES (592,181);
INSERT INTO `author_institution` VALUES (593,181);
INSERT INTO `author_institution` VALUES (594,126);
INSERT INTO `author_institution` VALUES (595,75);
INSERT INTO `author_institution` VALUES (596,75);
INSERT INTO `author_institution` VALUES (597,156);
INSERT INTO `author_institution` VALUES (598,156);
INSERT INTO `author_institution` VALUES (599,170);
INSERT INTO `author_institution` VALUES (600,21);
INSERT INTO `author_institution` VALUES (601,21);
INSERT INTO `author_institution` VALUES (602,13);
INSERT INTO `author_institution` VALUES (603,180);
INSERT INTO `author_institution` VALUES (604,180);
INSERT INTO `author_institution` VALUES (605,180);
INSERT INTO `author_institution` VALUES (606,25);
INSERT INTO `author_institution` VALUES (607,25);
INSERT INTO `author_institution` VALUES (608,25);
INSERT INTO `author_institution` VALUES (609,12);
INSERT INTO `author_institution` VALUES (609,176);
INSERT INTO `author_institution` VALUES (610,12);
INSERT INTO `author_institution` VALUES (611,166);
INSERT INTO `author_institution` VALUES (612,166);
INSERT INTO `author_institution` VALUES (613,166);
INSERT INTO `author_institution` VALUES (614,166);
INSERT INTO `author_institution` VALUES (615,77);
INSERT INTO `author_institution` VALUES (616,77);
INSERT INTO `author_institution` VALUES (617,72);
INSERT INTO `author_institution` VALUES (618,72);
INSERT INTO `author_institution` VALUES (619,13);
INSERT INTO `author_institution` VALUES (620,13);
INSERT INTO `author_institution` VALUES (621,13);
INSERT INTO `author_institution` VALUES (623,26);
INSERT INTO `author_institution` VALUES (624,26);
INSERT INTO `author_institution` VALUES (625,12);
INSERT INTO `author_institution` VALUES (626,12);
INSERT INTO `author_institution` VALUES (627,29);
INSERT INTO `author_institution` VALUES (628,124);
INSERT INTO `author_institution` VALUES (629,29);
INSERT INTO `author_institution` VALUES (630,62);
INSERT INTO `author_institution` VALUES (631,65);
INSERT INTO `author_institution` VALUES (632,114);
INSERT INTO `author_institution` VALUES (633,160);
INSERT INTO `author_institution` VALUES (634,160);
INSERT INTO `author_institution` VALUES (635,117);
INSERT INTO `author_institution` VALUES (636,150);
INSERT INTO `author_institution` VALUES (637,3);
INSERT INTO `author_institution` VALUES (638,76);
INSERT INTO `author_institution` VALUES (639,150);
INSERT INTO `author_institution` VALUES (640,150);
INSERT INTO `author_institution` VALUES (641,150);
INSERT INTO `author_institution` VALUES (642,150);
INSERT INTO `author_institution` VALUES (643,150);
INSERT INTO `author_institution` VALUES (643,76);
INSERT INTO `author_institution` VALUES (644,87);
INSERT INTO `author_institution` VALUES (645,87);
INSERT INTO `author_institution` VALUES (646,87);
INSERT INTO `author_institution` VALUES (647,87);
INSERT INTO `author_institution` VALUES (648,21);
INSERT INTO `author_institution` VALUES (649,21);
INSERT INTO `author_institution` VALUES (650,21);
INSERT INTO `author_institution` VALUES (651,21);
INSERT INTO `author_institution` VALUES (652,111);
INSERT INTO `author_institution` VALUES (653,19);
INSERT INTO `author_institution` VALUES (654,111);
INSERT INTO `author_institution` VALUES (655,111);
INSERT INTO `author_institution` VALUES (656,111);
INSERT INTO `author_institution` VALUES (657,111);
INSERT INTO `author_institution` VALUES (658,111);
INSERT INTO `author_institution` VALUES (659,111);
INSERT INTO `author_institution` VALUES (660,19);
INSERT INTO `author_institution` VALUES (661,19);
INSERT INTO `author_institution` VALUES (662,111);
INSERT INTO `author_institution` VALUES (663,111);
INSERT INTO `author_institution` VALUES (664,21);
INSERT INTO `author_institution` VALUES (665,19);
INSERT INTO `author_institution` VALUES (666,101);
INSERT INTO `author_institution` VALUES (667,30);
INSERT INTO `author_institution` VALUES (668,113);
INSERT INTO `author_institution` VALUES (669,113);
INSERT INTO `author_institution` VALUES (670,101);
INSERT INTO `author_institution` VALUES (671,93);
INSERT INTO `author_institution` VALUES (672,37);
INSERT INTO `author_institution` VALUES (673,173);
INSERT INTO `author_institution` VALUES (674,173);
INSERT INTO `author_institution` VALUES (675,31);
INSERT INTO `author_institution` VALUES (676,173);
INSERT INTO `author_institution` VALUES (677,98);
DROP TABLE IF EXISTS `author`;
CREATE TABLE IF NOT EXISTS `author` (
	`id`	INTEGER,
	`name`	TEXT
);
INSERT INTO `author` VALUES (1,'Tuomo Kujala');
INSERT INTO `author` VALUES (2,'Hilkka Grahn');
INSERT INTO `author` VALUES (3,'Alexander Ng');
INSERT INTO `author` VALUES (4,'Stephen A. Brewster');
INSERT INTO `author` VALUES (5,'Katia Buchhop');
INSERT INTO `author` VALUES (6,'Laura Edel');
INSERT INTO `author` VALUES (7,'Sabrin Kenaan');
INSERT INTO `author` VALUES (8,'Ulrike Raab');
INSERT INTO `author` VALUES (9,'Patricia Böhm');
INSERT INTO `author` VALUES (10,'Daniel Isemann');
INSERT INTO `author` VALUES (11,'David R. Large');
INSERT INTO `author` VALUES (12,'Victoria A. Banks');
INSERT INTO `author` VALUES (13,'Gary Burnett');
INSERT INTO `author` VALUES (14,'Neofytos Margaritis');
INSERT INTO `author` VALUES (15,'Coleman Merenda');
INSERT INTO `author` VALUES (16,'Hyungil Kim');
INSERT INTO `author` VALUES (17,'Joseph L. Gabbard');
INSERT INTO `author` VALUES (18,'Samantha Leong');
INSERT INTO `author` VALUES (19,'Keenan R. May');
INSERT INTO `author` VALUES (20,'Thomas M. Gable');
INSERT INTO `author` VALUES (21,'Bruce N. Walker');
INSERT INTO `author` VALUES (22,'Gözel Shakeri');
INSERT INTO `author` VALUES (23,'John H. Williamson');
INSERT INTO `author` VALUES (24,'Florian Roider');
INSERT INTO `author` VALUES (25,'Sonja Rümelin');
INSERT INTO `author` VALUES (26,'Bastian Pfleging');
INSERT INTO `author` VALUES (27,'Tom Gross');
INSERT INTO `author` VALUES (28,'Bobbie Seppelt');
INSERT INTO `author` VALUES (29,'Sean Seaman');
INSERT INTO `author` VALUES (30,'Linda Angell');
INSERT INTO `author` VALUES (31,'Bruce Mehler');
INSERT INTO `author` VALUES (32,'Bryan Reimer');
INSERT INTO `author` VALUES (33,'Lewis L. Chuang');
INSERT INTO `author` VALUES (34,'Christiane Glatz');
INSERT INTO `author` VALUES (35,'Stas Krupenia');
INSERT INTO `author` VALUES (36,'Stephanie Balters');
INSERT INTO `author` VALUES (37,'Srinath Sibi');
INSERT INTO `author` VALUES (38,'Mishel Johns');
INSERT INTO `author` VALUES (39,'Martin Steinert');
INSERT INTO `author` VALUES (40,'Wendy Ju');
INSERT INTO `author` VALUES (41,'Yumiko Shinohara');
INSERT INTO `author` VALUES (42,'Rebecca Currano');
INSERT INTO `author` VALUES (43,'Yukiko Nishizaki');
INSERT INTO `author` VALUES (44,'Dmitrijs Dmitrenko');
INSERT INTO `author` VALUES (45,'Emanuela Maggioni');
INSERT INTO `author` VALUES (46,'Chi Thanh Vi');
INSERT INTO `author` VALUES (47,'Marianna Obrist');
INSERT INTO `author` VALUES (48,'Adrian Hazzard');
INSERT INTO `author` VALUES (49,'Elizabeth Crundall');
INSERT INTO `author` VALUES (50,'David Crundall');
INSERT INTO `author` VALUES (51,'Sang-Gyun An');
INSERT INTO `author` VALUES (52,'Yongkwan Kim');
INSERT INTO `author` VALUES (53,'Joon Hyub Lee');
INSERT INTO `author` VALUES (54,'Seok-Hyung Bae');
INSERT INTO `author` VALUES (55,'Dennis Orth');
INSERT INTO `author` VALUES (56,'Nadja Schömig');
INSERT INTO `author` VALUES (57,'Christian Mark');
INSERT INTO `author` VALUES (58,'Monika Jagiellowicz-Kaufmann');
INSERT INTO `author` VALUES (59,'Dorothea Kolossa');
INSERT INTO `author` VALUES (60,'Martin Heckmann');
INSERT INTO `author` VALUES (61,'Brittany E. Noah');
INSERT INTO `author` VALUES (62,'Shao-Yu Chen');
INSERT INTO `author` VALUES (63,'Shruti Singh');
INSERT INTO `author` VALUES (64,'Shadan Sadeghian Borojeni');
INSERT INTO `author` VALUES (65,'Torben Wallbaum');
INSERT INTO `author` VALUES (66,'Wilko Heuten');
INSERT INTO `author` VALUES (67,'Susanne Boll');
INSERT INTO `author` VALUES (68,'Hillary Abraham');
INSERT INTO `author` VALUES (69,'Anna-Katharina Frison');
INSERT INTO `author` VALUES (70,'Philipp Wintersberger');
INSERT INTO `author` VALUES (71,'Andreas Riener');
INSERT INTO `author` VALUES (72,'Clemens Schartmüller');
INSERT INTO `author` VALUES (73,'Sandra Trösterer');
INSERT INTO `author` VALUES (74,'Christine Döttlinger');
INSERT INTO `author` VALUES (75,'Magdalena Gärtner');
INSERT INTO `author` VALUES (76,'Alexander Meschtscherjakov');
INSERT INTO `author` VALUES (77,'Manfred Tscheligi');
INSERT INTO `author` VALUES (78,'Gerald J. Schmidt');
INSERT INTO `author` VALUES (79,'Lena Rittger');
INSERT INTO `author` VALUES (80,'Tom van Veen');
INSERT INTO `author` VALUES (81,'Juffrizal Karjanto');
INSERT INTO `author` VALUES (82,'Jacques Terken');
INSERT INTO `author` VALUES (83,'Hanneke Hooft van Huysduynen');
INSERT INTO `author` VALUES (84,'Berry Eggen');
INSERT INTO `author` VALUES (85,'Renate Haeuslschmid');
INSERT INTO `author` VALUES (86,'Yixin Shou');
INSERT INTO `author` VALUES (87,'John O''Donovan');
INSERT INTO `author` VALUES (88,'Andreas Butz');
INSERT INTO `author` VALUES (89,'Takahiro Miura');
INSERT INTO `author` VALUES (90,'Ken-ichiro Yabu');
INSERT INTO `author` VALUES (91,'Kenichi Tanaka');
INSERT INTO `author` VALUES (92,'Hiroshi Ozawa');
INSERT INTO `author` VALUES (93,'Masamitsu Furukawa');
INSERT INTO `author` VALUES (94,'Seiko Michiyoshi');
INSERT INTO `author` VALUES (95,'Tetsuya Yamamoto');
INSERT INTO `author` VALUES (96,'Kazutaka Ueda');
INSERT INTO `author` VALUES (97,'Tohru Ifukube');
INSERT INTO `author` VALUES (98,'Sebastian Feuerstack');
INSERT INTO `author` VALUES (99,'Bertram Wortelen');
INSERT INTO `author` VALUES (100,'Carmen Kettwich');
INSERT INTO `author` VALUES (101,'Anna Schieben');
INSERT INTO `author` VALUES (102,'Vicki Antrobus');
INSERT INTO `author` VALUES (103,'Lee Skrypchuk');
INSERT INTO `author` VALUES (104,'Chao Wang');
INSERT INTO `author` VALUES (105,'Jun Hu');
INSERT INTO `author` VALUES (106,'Matthias Rauterberg');
INSERT INTO `author` VALUES (107,'Alexander G. Mirnig');
INSERT INTO `author` VALUES (108,'Nicole Perterer');
INSERT INTO `author` VALUES (109,'Alina Krischkowsky');
INSERT INTO `author` VALUES (110,'Katja Neureiter');
INSERT INTO `author` VALUES (111,'Arno Laminger');
INSERT INTO `author` VALUES (112,'Ben Anyasodo');
INSERT INTO `author` VALUES (113,'Minjuan Wang');
INSERT INTO `author` VALUES (114,'Sus Lundgren Lyckvi');
INSERT INTO `author` VALUES (115,'Fang Chen');
INSERT INTO `author` VALUES (116,'Fabius Steinberger');
INSERT INTO `author` VALUES (117,'Patrick Proppe');
INSERT INTO `author` VALUES (118,'Ronald Schroeter');
INSERT INTO `author` VALUES (119,'Florian Alt');
INSERT INTO `author` VALUES (120,'Jonathan Dobres');
INSERT INTO `author` VALUES (121,'Nadine Chahine');
INSERT INTO `author` VALUES (122,'Philipp Hock');
INSERT INTO `author` VALUES (123,'Johannes Kraus');
INSERT INTO `author` VALUES (124,'Marcel Walch');
INSERT INTO `author` VALUES (125,'Nina Lang');
INSERT INTO `author` VALUES (126,'Martin Baumann');
INSERT INTO `author` VALUES (127,'Bashar I. Ahmad');
INSERT INTO `author` VALUES (128,'Patrick M. Langdon');
INSERT INTO `author` VALUES (129,'Simon J. Godsill');
INSERT INTO `author` VALUES (130,'Richard Donkor');
INSERT INTO `author` VALUES (131,'Rebecca Wilde');
INSERT INTO `author` VALUES (132,'Ercan Tunca');
INSERT INTO `author` VALUES (133,'Rene Fleischer');
INSERT INTO `author` VALUES (134,'Ludger Schmidt');
INSERT INTO `author` VALUES (135,'Thomas Tille');
INSERT INTO `author` VALUES (136,'Rahul Rajan');
INSERT INTO `author` VALUES (137,'Ted Selker');
INSERT INTO `author` VALUES (138,'Ian Lane');
INSERT INTO `author` VALUES (139,'Stephanie Hurtado');
INSERT INTO `author` VALUES (140,'Sonia Chiasson');
INSERT INTO `author` VALUES (141,'Glyn Lawson');
INSERT INTO `author` VALUES (142,'Jakke Mäkelä');
INSERT INTO `author` VALUES (143,'Annegret Lasch');
INSERT INTO `author` VALUES (144,'Gabriela Villalobos-Zúñiga');
INSERT INTO `author` VALUES (145,'Antti Oulasvirta');
INSERT INTO `author` VALUES (146,'Missie Smith');
INSERT INTO `author` VALUES (147,'Christian Conley');
INSERT INTO `author` VALUES (148,'Jiin Lee');
INSERT INTO `author` VALUES (149,'Naeun Kim');
INSERT INTO `author` VALUES (150,'Chaerin Imm');
INSERT INTO `author` VALUES (151,'Beomjun Kim');
INSERT INTO `author` VALUES (152,'Kyongsu Yi');
INSERT INTO `author` VALUES (153,'Jinwoo Kim');
INSERT INTO `author` VALUES (154,'Anthony Pettinato');
INSERT INTO `author` VALUES (155,'Lex Fridman');
INSERT INTO `author` VALUES (156,'Joonbum Lee');
INSERT INTO `author` VALUES (157,'Junghee Park');
INSERT INTO `author` VALUES (158,'Karl Iagnemma');
INSERT INTO `author` VALUES (159,'Murat Dikmen');
INSERT INTO `author` VALUES (160,'Catherine M. Burns');
INSERT INTO `author` VALUES (161,'Hidde van der Meulen');
INSERT INTO `author` VALUES (162,'Andrew L. Kun');
INSERT INTO `author` VALUES (163,'Christian P. Janssen');
INSERT INTO `author` VALUES (165,'Nidzamuddin Md. Yusof');
INSERT INTO `author` VALUES (167,'Frank Delbressine');
INSERT INTO `author` VALUES (168,'Muhammad Zahir Hassan');
INSERT INTO `author` VALUES (169,'Yannick Forster');
INSERT INTO `author` VALUES (170,'Frederik Naujoks');
INSERT INTO `author` VALUES (171,'Alexandra Neukum');
INSERT INTO `author` VALUES (172,'Tobias Sieber');
INSERT INTO `author` VALUES (173,'Michael Weber');
INSERT INTO `author` VALUES (174,'Thomas Friedrichs');
INSERT INTO `author` VALUES (175,'Andreas Lüdtke');
INSERT INTO `author` VALUES (176,'Marie-Christin Ostendorp');
INSERT INTO `author` VALUES (177,'Ioannis Politis');
INSERT INTO `author` VALUES (178,'Frank Pollick');
INSERT INTO `author` VALUES (179,'Kristin Lange');
INSERT INTO `author` VALUES (180,'Marin Sikkenk');
INSERT INTO `author` VALUES (181,'Ariel Telpaz');
INSERT INTO `author` VALUES (182,'Brian Rhindress');
INSERT INTO `author` VALUES (183,'Ido Zelman');
INSERT INTO `author` VALUES (184,'Omer Tsimhoni');
INSERT INTO `author` VALUES (185,'Lisa Diwischek');
INSERT INTO `author` VALUES (186,'Jason Lisseman');
INSERT INTO `author` VALUES (187,'Ilhan Aslan');
INSERT INTO `author` VALUES (188,'Martin Wuchse');
INSERT INTO `author` VALUES (189,'Robert Hardy');
INSERT INTO `author` VALUES (190,'Adam Bolton');
INSERT INTO `author` VALUES (191,'Laura Schnurr');
INSERT INTO `author` VALUES (192,'Julie Wagner');
INSERT INTO `author` VALUES (193,'Mike Long');
INSERT INTO `author` VALUES (194,'Harriet Allen');
INSERT INTO `author` VALUES (195,'Jillian Streeter');
INSERT INTO `author` VALUES (196,'Phillip Taylor');
INSERT INTO `author` VALUES (197,'Nathan Griffiths');
INSERT INTO `author` VALUES (198,'Abhir Bhalerao');
INSERT INTO `author` VALUES (199,'Zhou Xu');
INSERT INTO `author` VALUES (200,'Adam Gelencser');
INSERT INTO `author` VALUES (201,'Thomas Popham');
INSERT INTO `author` VALUES (202,'Shinjae Kang');
INSERT INTO `author` VALUES (203,'Byungjo Kim');
INSERT INTO `author` VALUES (204,'Sangrok Han');
INSERT INTO `author` VALUES (205,'Hyogon Kim');
INSERT INTO `author` VALUES (206,'Sudeep Pournami');
INSERT INTO `author` VALUES (207,'Catherine Harvey');
INSERT INTO `author` VALUES (208,'Editha van Loon');
INSERT INTO `author` VALUES (209,'Leeseul Shim');
INSERT INTO `author` VALUES (210,'Peipei Liu');
INSERT INTO `author` VALUES (211,'Paula Regener');
INSERT INTO `author` VALUES (212,'Kyungjoo Cha');
INSERT INTO `author` VALUES (213,'Joseph Giacomin');
INSERT INTO `author` VALUES (214,'Mark Lycett');
INSERT INTO `author` VALUES (215,'Francis Mccullough');
INSERT INTO `author` VALUES (216,'Dave Rumbold');
INSERT INTO `author` VALUES (217,'Thomas McWilliams');
INSERT INTO `author` VALUES (218,'Joseph F. Coughlin');
INSERT INTO `author` VALUES (219,'Wayne C.W. Giang');
INSERT INTO `author` VALUES (220,'Inas Shanti');
INSERT INTO `author` VALUES (221,'Huei-Yen Winnie Chen');
INSERT INTO `author` VALUES (222,'Alex Zhou');
INSERT INTO `author` VALUES (223,'Birsen Donmez');
INSERT INTO `author` VALUES (224,'Andrew S. Amontree');
INSERT INTO `author` VALUES (225,'Nora Broy');
INSERT INTO `author` VALUES (226,'Mengbing Guo');
INSERT INTO `author` VALUES (227,'Stefan Schneegass');
INSERT INTO `author` VALUES (228,'Andreas Löcken');
INSERT INTO `author` VALUES (229,'Christina Rödel');
INSERT INTO `author` VALUES (230,'Daniela Wurhofer');
INSERT INTO `author` VALUES (232,'Evangelos Karapanos');
INSERT INTO `author` VALUES (233,'Evangelos Niforatos');
INSERT INTO `author` VALUES (234,'Tanja Schneeberger');
INSERT INTO `author` VALUES (235,'Simon von Massow');
INSERT INTO `author` VALUES (236,'Mohammad Mehdi Moniri');
INSERT INTO `author` VALUES (237,'Angela Castronovo');
INSERT INTO `author` VALUES (238,'Christian Müller');
INSERT INTO `author` VALUES (239,'Jan Macek');
INSERT INTO `author` VALUES (240,'Thomas Franke');
INSERT INTO `author` VALUES (241,'Maria Trantow');
INSERT INTO `author` VALUES (242,'Madlen Günther');
INSERT INTO `author` VALUES (243,'Josef F. Krems');
INSERT INTO `author` VALUES (244,'Viktoria Zott');
INSERT INTO `author` VALUES (245,'Andreas Keinath');
INSERT INTO `author` VALUES (246,'Jean-Bernard Martens');
INSERT INTO `author` VALUES (247,'Berry Eggen');
INSERT INTO `author` VALUES (248,'Sven Krome');
INSERT INTO `author` VALUES (249,'William Goddard');
INSERT INTO `author` VALUES (250,'Stefan Greuter');
INSERT INTO `author` VALUES (251,'Steffen P. Walz');
INSERT INTO `author` VALUES (252,'Ansgar Gerlicher');
INSERT INTO `author` VALUES (253,'Ja Young Lee');
INSERT INTO `author` VALUES (254,'Madeleine Gibson');
INSERT INTO `author` VALUES (255,'John D. Lee');
INSERT INTO `author` VALUES (256,'Sonia Baltodano');
INSERT INTO `author` VALUES (257,'Nikolas Martelaro');
INSERT INTO `author` VALUES (258,'Nikhil Gowda');
INSERT INTO `author` VALUES (259,'Anders Lundström');
INSERT INTO `author` VALUES (260,'Fredrik Hellström');
INSERT INTO `author` VALUES (261,'Siddharth R. Raja');
INSERT INTO `author` VALUES (262,'Dean P. Samuels');
INSERT INTO `author` VALUES (263,'Thomas Grah');
INSERT INTO `author` VALUES (264,'Felix Epp');
INSERT INTO `author` VALUES (265,'Frank Gabler');
INSERT INTO `author` VALUES (266,'Arnd Steinmetz');
INSERT INTO `author` VALUES (267,'John G. Gaspar');
INSERT INTO `author` VALUES (268,'Timothy L. Brown');
INSERT INTO `author` VALUES (269,'Dawn C. Marshall');
INSERT INTO `author` VALUES (270,'Franz Koller');
INSERT INTO `author` VALUES (271,'Manfred Dorn');
INSERT INTO `author` VALUES (272,'Benno Albrecht');
INSERT INTO `author` VALUES (273,'Bastian Hinterleitner');
INSERT INTO `author` VALUES (274,'Leonie Gauer');
INSERT INTO `author` VALUES (275,'Martin Brockmann');
INSERT INTO `author` VALUES (276,'Angela Allgaier');
INSERT INTO `author` VALUES (277,'Michael Timofeev');
INSERT INTO `author` VALUES (278,'Stefan Becker');
INSERT INTO `author` VALUES (279,'Christoph Klöffel');
INSERT INTO `author` VALUES (280,'Christian Purucker');
INSERT INTO `author` VALUES (281,'Ann-Kathrin Kraft');
INSERT INTO `author` VALUES (282,'Dr. Alexander van Laack');
INSERT INTO `author` VALUES (283,'Oliver Kirsch');
INSERT INTO `author` VALUES (284,'Gert-Dieter Tuzar');
INSERT INTO `author` VALUES (285,'Judy Blessing');
INSERT INTO `author` VALUES (286,'Stephan Lapoehn');
INSERT INTO `author` VALUES (287,'Marc Dziennus');
INSERT INTO `author` VALUES (288,'Fabian Utesch');
INSERT INTO `author` VALUES (289,'Johann Kelsch');
INSERT INTO `author` VALUES (290,'Mandy Dotzauer');
INSERT INTO `author` VALUES (291,'Tobias Hesse');
INSERT INTO `author` VALUES (292,'Frank Köster');
INSERT INTO `author` VALUES (293,'Paul März');
INSERT INTO `author` VALUES (294,'Daniel Schwahlen');
INSERT INTO `author` VALUES (295,'Stefan Geisler');
INSERT INTO `author` VALUES (296,'Thomas Kopinski');
INSERT INTO `author` VALUES (298,'Katharina Wiedemann');
INSERT INTO `author` VALUES (299,'Quinate Chioma Ihemedu-Steinke');
INSERT INTO `author` VALUES (300,'Demet Sirim');
INSERT INTO `author` VALUES (301,'Rainer Erbach');
INSERT INTO `author` VALUES (302,'Prashanth Halady');
INSERT INTO `author` VALUES (303,'Gerrit Meixner');
INSERT INTO `author` VALUES (304,'Nadine Walter');
INSERT INTO `author` VALUES (305,'Benjamin Kaplan');
INSERT INTO `author` VALUES (306,'Tobias Altmüller');
INSERT INTO `author` VALUES (307,'Klaus Bengler');
INSERT INTO `author` VALUES (308,'Michael Bischof');
INSERT INTO `author` VALUES (309,'Ludger Ey');
INSERT INTO `author` VALUES (310,'Alexander Kuck');
INSERT INTO `author` VALUES (311,'Michael Rahier');
INSERT INTO `author` VALUES (312,'Thomas Ritz');
INSERT INTO `author` VALUES (313,'Remo M.A. van der Heiden');
INSERT INTO `author` VALUES (314,'Shamsi T. Iqbal');
INSERT INTO `author` VALUES (315,'David Sirkin');
INSERT INTO `author` VALUES (316,'Caleb Southern');
INSERT INTO `author` VALUES (317,'Yunnuo Cheng');
INSERT INTO `author` VALUES (318,'Cheng Zhang');
INSERT INTO `author` VALUES (319,'Gregory D. Abowd');
INSERT INTO `author` VALUES (320,'Heishiro Toyoda');
INSERT INTO `author` VALUES (321,'Chenhui Hong');
INSERT INTO `author` VALUES (322,'Palle Dahlstedt');
INSERT INTO `author` VALUES (323,'Marcus Foth');
INSERT INTO `author` VALUES (324,'Daniel Johnson');
INSERT INTO `author` VALUES (325,'Brian Mok');
INSERT INTO `author` VALUES (326,'David Miller');
INSERT INTO `author` VALUES (327,'Frank Beruscha');
INSERT INTO `author` VALUES (328,'Wolfgang Krautter');
INSERT INTO `author` VALUES (329,'Syed Ishtiaque Ahmed');
INSERT INTO `author` VALUES (330,'Nicola J. Bidwell');
INSERT INTO `author` VALUES (331,'Himanshu Zade');
INSERT INTO `author` VALUES (332,'Srihari H. Muralidhar');
INSERT INTO `author` VALUES (333,'Anupama Dhareshwar');
INSERT INTO `author` VALUES (334,'Baneen Karachiwala');
INSERT INTO `author` VALUES (335,'Tandong N. Cedrick');
INSERT INTO `author` VALUES (336,'Jacki O''Neill');
INSERT INTO `author` VALUES (338,'SeungJun Kim');
INSERT INTO `author` VALUES (339,'Jaemin Chun');
INSERT INTO `author` VALUES (340,'Anind K. Dey');
INSERT INTO `author` VALUES (341,'Malte F. Jung');
INSERT INTO `author` VALUES (342,'Turgut M. Gür');
INSERT INTO `author` VALUES (343,'Wei Sun');
INSERT INTO `author` VALUES (344,'Xiaorui Zhang');
INSERT INTO `author` VALUES (345,'Srinivas Peeta');
INSERT INTO `author` VALUES (346,'Xiaozheng He');
INSERT INTO `author` VALUES (347,'Yongfu Li');
INSERT INTO `author` VALUES (348,'Catarina Rolim');
INSERT INTO `author` VALUES (349,'Patrícia Baptista');
INSERT INTO `author` VALUES (350,'Gonçalo Duarte');
INSERT INTO `author` VALUES (351,'Tiago Farias');
INSERT INTO `author` VALUES (352,'João Pereira');
INSERT INTO `author` VALUES (353,'German Castignani');
INSERT INTO `author` VALUES (354,'Thierry Derrmann');
INSERT INTO `author` VALUES (355,'Raphaël Frank');
INSERT INTO `author` VALUES (356,'Thomas Engel');
INSERT INTO `author` VALUES (357,'Luis Moreira-Matias');
INSERT INTO `author` VALUES (358,'Haneen Farah');
INSERT INTO `author` VALUES (359,'Peter Nilsson');
INSERT INTO `author` VALUES (360,'Leo Laine');
INSERT INTO `author` VALUES (361,'Bengt Jacobson');
INSERT INTO `author` VALUES (362,'Boon-Giin Lee');
INSERT INTO `author` VALUES (363,'Wan-Young Chung');
INSERT INTO `author` VALUES (364,'Bappaditya Mandal');
INSERT INTO `author` VALUES (365,'Liyuan Li');
INSERT INTO `author` VALUES (366,'Gang Sam Wang');
INSERT INTO `author` VALUES (367,'Jie Lin');
INSERT INTO `author` VALUES (368,'Toby Perrett');
INSERT INTO `author` VALUES (369,'Majid Mirmehdi');
INSERT INTO `author` VALUES (370,'Eduardo Dias');
INSERT INTO `author` VALUES (371,'Alexandria M. Noble');
INSERT INTO `author` VALUES (372,'Thomas A. Dingus');
INSERT INTO `author` VALUES (373,'Zachary R. Doerzaph');
INSERT INTO `author` VALUES (374,'Nanxiang Li');
INSERT INTO `author` VALUES (375,'Carlos Busso');
INSERT INTO `author` VALUES (376,'Hannu Karvonen');
INSERT INTO `author` VALUES (377,'Ignacio Alvarez');
INSERT INTO `author` VALUES (378,'Hanan Alnizami');
INSERT INTO `author` VALUES (379,'Jerone Dunbar');
INSERT INTO `author` VALUES (380,'France Jackson');
INSERT INTO `author` VALUES (381,'Juan E. Gilbert');
INSERT INTO `author` VALUES (382,'Seul Chan Lee');
INSERT INTO `author` VALUES (383,'Hwan Hwangbo');
INSERT INTO `author` VALUES (384,'Yong Gu Ji');
INSERT INTO `author` VALUES (385,'Pradipta Biswas');
INSERT INTO `author` VALUES (386,'Varun Dutt');
INSERT INTO `author` VALUES (388,'Hyung Jun Oh');
INSERT INTO `author` VALUES (389,'Sang Min Ko');
INSERT INTO `author` VALUES (390,'Klaus Goffart');
INSERT INTO `author` VALUES (391,'Michael Schermann');
INSERT INTO `author` VALUES (392,'Christopher Kohl');
INSERT INTO `author` VALUES (393,'Jörg Preißinger');
INSERT INTO `author` VALUES (394,'Helmut Kremar');
INSERT INTO `author` VALUES (395,'Sol Hee Yoon');
INSERT INTO `author` VALUES (396,'Ji Hyoun Lim');
INSERT INTO `author` VALUES (397,'Carl Jörgen Normark');
INSERT INTO `author` VALUES (398,'Chaiwoo Lee');
INSERT INTO `author` VALUES (399,'Ji Hoon Kim');
INSERT INTO `author` VALUES (400,'Chun Ik Jo');
INSERT INTO `author` VALUES (401,'Kyungdoh Kim');
INSERT INTO `author` VALUES (402,'Jong Kyu Choi');
INSERT INTO `author` VALUES (403,'Luzheng Bi');
INSERT INTO `author` VALUES (404,'Cuie Wang');
INSERT INTO `author` VALUES (405,'Xuerui Yang');
INSERT INTO `author` VALUES (406,'Mingtao Wang');
INSERT INTO `author` VALUES (407,'Yili Liu');
INSERT INTO `author` VALUES (408,'Joonhwan Lee');
INSERT INTO `author` VALUES (409,'Jodi Forlizzi');
INSERT INTO `author` VALUES (410,'Scott E. Hudson');
INSERT INTO `author` VALUES (411,'Soojin Jun');
INSERT INTO `author` VALUES (412,'Myounghoon Jeon');
INSERT INTO `author` VALUES (413,'Benjamin K. Davison');
INSERT INTO `author` VALUES (414,'Michael A. Nees');
INSERT INTO `author` VALUES (415,'Jeff Wilson');
INSERT INTO `author` VALUES (416,'Tawhid Khan');
INSERT INTO `author` VALUES (417,'Matthew Pitts');
INSERT INTO `author` VALUES (418,'Mark A. Williams');
INSERT INTO `author` VALUES (419,'Rencheng Zheng');
INSERT INTO `author` VALUES (420,'Kimihiko Nakano');
INSERT INTO `author` VALUES (421,'Hiromitsu Ishiko');
INSERT INTO `author` VALUES (422,'Kenji Hagita');
INSERT INTO `author` VALUES (423,'Makoto Kihira');
INSERT INTO `author` VALUES (424,'Toshiya Yokozeki');
INSERT INTO `author` VALUES (425,'Yuichi Saito');
INSERT INTO `author` VALUES (426,'Makoto Itoh');
INSERT INTO `author` VALUES (427,'Toshiyuki Inagaki');
INSERT INTO `author` VALUES (428,'Hyung Jun Kim');
INSERT INTO `author` VALUES (429,'Ji Hyun Yang');
INSERT INTO `author` VALUES (430,'Michael Flad');
INSERT INTO `author` VALUES (431,'Lukas Fröhlich');
INSERT INTO `author` VALUES (432,'Sören Hohmann');
INSERT INTO `author` VALUES (433,'Rich C. McIlroy');
INSERT INTO `author` VALUES (434,'Louise Godwin');
INSERT INTO `author` VALUES (435,'Antony P. Wood');
INSERT INTO `author` VALUES (436,'Teak Wie Chong');
INSERT INTO `author` VALUES (437,'Boon Leng Lee');
INSERT INTO `author` VALUES (438,'Hee Joon Park');
INSERT INTO `author` VALUES (439,'Yoon Nyun Kim');
INSERT INTO `author` VALUES (440,'Beomjoon Kim');
INSERT INTO `author` VALUES (441,'Zheng Wang');
INSERT INTO `author` VALUES (443,'Tsutomu Kaizuka');
INSERT INTO `author` VALUES (444,'Keisuke Shimono');
INSERT INTO `author` VALUES (446,'Grega Jakus');
INSERT INTO `author` VALUES (447,'Christina Dicke');
INSERT INTO `author` VALUES (448,'Jaka Sodnik');
INSERT INTO `author` VALUES (449,'David Kaber');
INSERT INTO `author` VALUES (450,'Carl Pankok Jr.');
INSERT INTO `author` VALUES (451,'Brendan Corbett');
INSERT INTO `author` VALUES (452,'Wenqi Ma');
INSERT INTO `author` VALUES (453,'Joseph Hummer');
INSERT INTO `author` VALUES (454,'William Rasdorf');
INSERT INTO `author` VALUES (455,'Jordan Smith');
INSERT INTO `author` VALUES (456,'Neil Mansfield');
INSERT INTO `author` VALUES (457,'Diane Gyi');
INSERT INTO `author` VALUES (458,'Mark Pagett');
INSERT INTO `author` VALUES (459,'Bob Bateman');
INSERT INTO `author` VALUES (460,'Julien Tardieu');
INSERT INTO `author` VALUES (461,'Nicolas Misdariss');
INSERT INTO `author` VALUES (462,'Sabine Langlois');
INSERT INTO `author` VALUES (463,'Pascal Gaillard');
INSERT INTO `author` VALUES (464,'Céline Lemrcier');
INSERT INTO `author` VALUES (465,'Marta Pereira');
INSERT INTO `author` VALUES (466,'Matthias Beggiato');
INSERT INTO `author` VALUES (467,'Tibor Petzoldt');
INSERT INTO `author` VALUES (468,'Guy Walker');
INSERT INTO `author` VALUES (469,'Malcolm Calvert');
INSERT INTO `author` VALUES (470,'Julie Paxion');
INSERT INTO `author` VALUES (471,'Edith Galy');
INSERT INTO `author` VALUES (472,'Catherine Barthelon');
INSERT INTO `author` VALUES (473,'Yutao Ba');
INSERT INTO `author` VALUES (474,'Wie Zhang');
INSERT INTO `author` VALUES (475,'Gavriel Salvendy');
INSERT INTO `author` VALUES (476,'Andy S.K. Cheng');
INSERT INTO `author` VALUES (477,'Petya Ventsislavova');
INSERT INTO `author` VALUES (478,'Fanxing Meng');
INSERT INTO `author` VALUES (479,'Shuling Li');
INSERT INTO `author` VALUES (480,'Lingzhi Cao');
INSERT INTO `author` VALUES (481,'Qijia Peng');
INSERT INTO `author` VALUES (482,'Musen Li');
INSERT INTO `author` VALUES (483,'Chunhui Wang');
INSERT INTO `author` VALUES (484,'Wei Zhang');
INSERT INTO `author` VALUES (486,'Neville A. Stanton');
INSERT INTO `author` VALUES (487,'Panos Konstantopoulos');
INSERT INTO `author` VALUES (488,'Leandro Miletto Tonetto');
INSERT INTO `author` VALUES (489,'Pieter M.A. Desmet');
INSERT INTO `author` VALUES (490,'Niek Beckers');
INSERT INTO `author` VALUES (491,'Sam Schreiner');
INSERT INTO `author` VALUES (492,'Pierre Bertrand');
INSERT INTO `author` VALUES (493,'Francesco Biondi');
INSERT INTO `author` VALUES (494,'David L. Strayer');
INSERT INTO `author` VALUES (495,'Riccardo Rossi');
INSERT INTO `author` VALUES (496,'Massimiliano Gastaldi');
INSERT INTO `author` VALUES (497,'Claudio Mulatti');
INSERT INTO `author` VALUES (498,'William J. Horrey');
INSERT INTO `author` VALUES (499,'Mary F. Lesch');
INSERT INTO `author` VALUES (500,'Angela Garabet');
INSERT INTO `author` VALUES (501,'Lucinda Simmons');
INSERT INTO `author` VALUES (502,'Rammohan Maikala');
INSERT INTO `author` VALUES (503,'Christer Ahlstrom');
INSERT INTO `author` VALUES (504,'Katja Kircher');
INSERT INTO `author` VALUES (505,'Andy Prill');
INSERT INTO `author` VALUES (506,'Jordan Navarro');
INSERT INTO `author` VALUES (507,'J. Deniel');
INSERT INTO `author` VALUES (508,'E. Yousfi');
INSERT INTO `author` VALUES (509,'C. Jallais');
INSERT INTO `author` VALUES (510,'M. Bueno');
INSERT INTO `author` VALUES (511,'Alexandra Fort');
INSERT INTO `author` VALUES (512,'Arie P. van den Beukel');
INSERT INTO `author` VALUES (513,'Mascha C. van der Voort');
INSERT INTO `author` VALUES (514,'M. Houtenbos');
INSERT INTO `author` VALUES (515,'Joost de Winter');
INSERT INTO `author` VALUES (516,'A.R. Hale');
INSERT INTO `author` VALUES (517,'P.A. Wieringa');
INSERT INTO `author` VALUES (518,'M.P. Hagenzieker');
INSERT INTO `author` VALUES (519,'Daniël D. Heikoop');
INSERT INTO `author` VALUES (521,'Bart van Arem');
INSERT INTO `author` VALUES (522,'Kristie L. Young');
INSERT INTO `author` VALUES (523,'Amanda N. Stephens');
INSERT INTO `author` VALUES (524,'David B. Logan');
INSERT INTO `author` VALUES (525,'Michael G. Lenné');
INSERT INTO `author` VALUES (526,'Zhenji Lu');
INSERT INTO `author` VALUES (527,'Xander Coster');
INSERT INTO `author` VALUES (529,'Amzar Azizan');
INSERT INTO `author` VALUES (530,'M. Fard');
INSERT INTO `author` VALUES (531,'Michael F. Azari');
INSERT INTO `author` VALUES (532,'Reza Jazar');
INSERT INTO `author` VALUES (533,'Tobias Heine');
INSERT INTO `author` VALUES (534,'Gustavo Lenis');
INSERT INTO `author` VALUES (535,'Patrick Reichensperger');
INSERT INTO `author` VALUES (536,'Tobias Beran');
INSERT INTO `author` VALUES (537,'Olaf Doessel');
INSERT INTO `author` VALUES (538,'Barbara Deml');
INSERT INTO `author` VALUES (539,'Elisabeth Schmidt');
INSERT INTO `author` VALUES (540,'Ralf Decke');
INSERT INTO `author` VALUES (541,'Ralph Rasshofer');
INSERT INTO `author` VALUES (542,'Angelika C. Bullinger');
INSERT INTO `author` VALUES (543,'Sebastiaan Petermeijer');
INSERT INTO `author` VALUES (544,'Pavlo Bazilinskyy');
INSERT INTO `author` VALUES (545,'Maryam Zahabi');
INSERT INTO `author` VALUES (546,'Patricia Machado');
INSERT INTO `author` VALUES (547,'Mei Ying Lau');
INSERT INTO `author` VALUES (548,'Yi-Fan Liao');
INSERT INTO `author` VALUES (550,'Leigh Clark');
INSERT INTO `author` VALUES (551,'Annie Quandt');
INSERT INTO `author` VALUES (552,'P. Bazilinskyy');
INSERT INTO `author` VALUES (553,'Mathilde François');
INSERT INTO `author` VALUES (554,'Philippe Crave');
INSERT INTO `author` VALUES (555,'François Osiurak');
INSERT INTO `author` VALUES (558,'Yulin Deng');
INSERT INTO `author` VALUES (559,'Walter Talamonti');
INSERT INTO `author` VALUES (560,'Louis Tijerina');
INSERT INTO `author` VALUES (561,'Mike Blommer');
INSERT INTO `author` VALUES (562,'Radhakrishnan Swaminathan');
INSERT INTO `author` VALUES (563,'Reates Curry');
INSERT INTO `author` VALUES (564,'R. Darin Ellis');
INSERT INTO `author` VALUES (565,'Jakob Rodseth');
INSERT INTO `author` VALUES (566,'Edward P. Washabaugh');
INSERT INTO `author` VALUES (567,'Ali Al Haddad');
INSERT INTO `author` VALUES (568,'Paula Kartje');
INSERT INTO `author` VALUES (569,'Denise G. Tate');
INSERT INTO `author` VALUES (570,'Chandramouli Krishnan');
INSERT INTO `author` VALUES (571,'Johanna M. Silvennoinen');
INSERT INTO `author` VALUES (572,'Jussi P.P. Jokinen');
INSERT INTO `author` VALUES (573,'Jibo He');
INSERT INTO `author` VALUES (574,'William Choi');
INSERT INTO `author` VALUES (575,'Yan Yang');
INSERT INTO `author` VALUES (576,'Junshi Lu');
INSERT INTO `author` VALUES (577,'Xiaohui Wu');
INSERT INTO `author` VALUES (578,'Kaiping Peng');
INSERT INTO `author` VALUES (579,'Matthias Heesen');
INSERT INTO `author` VALUES (580,'Claas Brunken');
INSERT INTO `author` VALUES (581,'Christian Löper');
INSERT INTO `author` VALUES (582,'Hongcheng Gan');
INSERT INTO `author` VALUES (583,'Weihong Guo');
INSERT INTO `author` VALUES (584,'Philip T. Blythe');
INSERT INTO `author` VALUES (585,'Simon Edwards');
INSERT INTO `author` VALUES (586,'Katerina Pavkova');
INSERT INTO `author` VALUES (587,'Dan Brennan');
INSERT INTO `author` VALUES (588,'Yi He');
INSERT INTO `author` VALUES (589,'Xinping Yan');
INSERT INTO `author` VALUES (590,'Chaozhong Wu');
INSERT INTO `author` VALUES (591,'Ming Zhong');
INSERT INTO `author` VALUES (592,'Duanfeng Chu');
INSERT INTO `author` VALUES (593,'Zhen Huang');
INSERT INTO `author` VALUES (594,'Xu Wang');
INSERT INTO `author` VALUES (595,'Ioanna Spyropoulou');
INSERT INTO `author` VALUES (596,'Constantinos Antoniou');
INSERT INTO `author` VALUES (597,'Alan Wong');
INSERT INTO `author` VALUES (598,'Mike McDonald');
INSERT INTO `author` VALUES (599,'Heidi Grattenthaler');
INSERT INTO `author` VALUES (600,'Galia Weidl');
INSERT INTO `author` VALUES (601,'Dominik Petrich');
INSERT INTO `author` VALUES (602,'Nadine Rauh');
INSERT INTO `author` VALUES (603,'Thomas Hammer');
INSERT INTO `author` VALUES (604,'Michael Hanig');
INSERT INTO `author` VALUES (605,'Marcus Schmitz');
INSERT INTO `author` VALUES (606,'Juliane Haupt');
INSERT INTO `author` VALUES (607,'Amila Kahvezic-Seljubac');
INSERT INTO `author` VALUES (608,'Ralf Risser');
INSERT INTO `author` VALUES (609,'Ingrid Pettersson');
INSERT INTO `author` VALUES (610,'I.C. MariAnne Karlsson');
INSERT INTO `author` VALUES (611,'Pedro Valero-Mora');
INSERT INTO `author` VALUES (612,'Ignacio Pareja');
INSERT INTO `author` VALUES (613,'Diana Pons');
INSERT INTO `author` VALUES (614,'Mar Sánchez');
INSERT INTO `author` VALUES (615,'Silvana Andrea Montes');
INSERT INTO `author` VALUES (616,'Rubén Daniel Ledesma');
INSERT INTO `author` VALUES (617,'Anam Ardeshiri');
INSERT INTO `author` VALUES (618,'Mansoureh Jeihani');
INSERT INTO `author` VALUES (619,'Isabel Neumann');
INSERT INTO `author` VALUES (620,'Peter Cocron');
INSERT INTO `author` VALUES (621,'Franziska Bühler');
INSERT INTO `author` VALUES (623,'Roland Schindhelm');
INSERT INTO `author` VALUES (624,'Eike Schmidt');
INSERT INTO `author` VALUES (625,'Tor Skoglund');
INSERT INTO `author` VALUES (626,'Pontus Wallgren');
INSERT INTO `author` VALUES (627,'María Alonso');
INSERT INTO `author` VALUES (628,'Leandro Guidotti');
INSERT INTO `author` VALUES (629,'Oscar Martin');
INSERT INTO `author` VALUES (630,'Andrew May');
INSERT INTO `author` VALUES (631,'Damoon Soudbakhsh');
INSERT INTO `author` VALUES (632,'Azim Eskandarian');
INSERT INTO `author` VALUES (633,'Bo Yang');
INSERT INTO `author` VALUES (634,'Yuandong Yin');
INSERT INTO `author` VALUES (635,'Shigeyuki Yamabe');
INSERT INTO `author` VALUES (636,'Laura Pozueco');
INSERT INTO `author` VALUES (637,'Abel Rionda');
INSERT INTO `author` VALUES (638,'Alejandro García Pañeda');
INSERT INTO `author` VALUES (639,'José Antonio Sánchez');
INSERT INTO `author` VALUES (640,'Xabiel García Pañeda');
INSERT INTO `author` VALUES (641,'Roberto García');
INSERT INTO `author` VALUES (642,'David Melendi');
INSERT INTO `author` VALUES (643,'Alejandro García Tuero');
INSERT INTO `author` VALUES (644,'Xiaobei Jiang');
INSERT INTO `author` VALUES (645,'Wuhong Wang');
INSERT INTO `author` VALUES (646,'Hongwei Guo');
INSERT INTO `author` VALUES (647,'Chenggang Li');
INSERT INTO `author` VALUES (648,'Jörg Breuer');
INSERT INTO `author` VALUES (649,'Christoph von Hugo');
INSERT INTO `author` VALUES (650,'Stephan Mücke');
INSERT INTO `author` VALUES (651,'Simon Tattersall');
INSERT INTO `author` VALUES (652,'Hermann Winner');
INSERT INTO `author` VALUES (653,'Felix Lotz');
INSERT INTO `author` VALUES (654,'Eric Bauer');
INSERT INTO `author` VALUES (655,'Ulrich Konigorski');
INSERT INTO `author` VALUES (656,'Matthias Schreier');
INSERT INTO `author` VALUES (657,'Jürgen Adamy');
INSERT INTO `author` VALUES (658,'Matthias Pfromm');
INSERT INTO `author` VALUES (659,'Ralph Bruder');
INSERT INTO `author` VALUES (660,'Stefan Lüke');
INSERT INTO `author` VALUES (661,'Stephan Cieler');
INSERT INTO `author` VALUES (662,'Benjamin Franz');
INSERT INTO `author` VALUES (663,'Michaela Kauer');
INSERT INTO `author` VALUES (664,'Sebastian Geyer');
INSERT INTO `author` VALUES (665,'Stephan Hakuli');
INSERT INTO `author` VALUES (666,'Eugen Altendorf');
INSERT INTO `author` VALUES (667,'Marcel Baltzer');
INSERT INTO `author` VALUES (668,'Martin Kienle');
INSERT INTO `author` VALUES (669,'Thomas Weißgerber');
INSERT INTO `author` VALUES (670,'Frank Flemisch');
INSERT INTO `author` VALUES (671,'Diana Babiac');
INSERT INTO `author` VALUES (672,'Michael Feld');
INSERT INTO `author` VALUES (673,'Patrice Reilhac');
INSERT INTO `author` VALUES (674,'Katharina Hottelart');
INSERT INTO `author` VALUES (675,'Frederik Diederichs');
INSERT INTO `author` VALUES (676,'Christopher Nowakowski');
INSERT INTO `author` VALUES (677,'Jussi Holopainen');
COMMIT;
